CRAN Package Check Results for Package blastula

Last updated on 2021-07-29 22:55:52 CEST.

Flavor Version Tinstall Tcheck Ttotal Status Flags
r-devel-linux-x86_64-debian-clang 0.3.2 NOTE
r-devel-linux-x86_64-debian-gcc 0.3.2 3.23 51.89 55.12 NOTE
r-devel-linux-x86_64-fedora-clang 0.3.2 93.68 NOTE
r-devel-linux-x86_64-fedora-gcc 0.3.2 81.27 NOTE
r-devel-windows-x86_64 0.3.2 6.00 91.00 97.00 NOTE
r-devel-windows-x86_64-gcc10-UCRT 0.3.2 NOTE
r-patched-linux-x86_64 0.3.2 4.58 62.50 67.08 NOTE
r-patched-solaris-x86 0.3.2 120.90 NOTE
r-release-linux-x86_64 0.3.2 4.34 62.96 67.30 NOTE
r-release-macos-arm64 0.3.2 NOTE
r-release-macos-x86_64 0.3.2 NOTE
r-release-windows-ix86+x86_64 0.3.2 9.00 96.00 105.00 NOTE
r-oldrel-macos-x86_64 0.3.2 OK
r-oldrel-windows-ix86+x86_64 0.3.2 7.00 94.00 101.00 OK

Check Details

Version: 0.3.2
Check: LazyData
Result: NOTE
     'LazyData' is specified without a 'data' directory
Flavors: r-devel-linux-x86_64-debian-clang, r-devel-linux-x86_64-debian-gcc, r-devel-linux-x86_64-fedora-clang, r-devel-linux-x86_64-fedora-gcc, r-devel-windows-x86_64, r-devel-windows-x86_64-gcc10-UCRT, r-patched-linux-x86_64, r-patched-solaris-x86, r-release-linux-x86_64, r-release-macos-arm64, r-release-macos-x86_64, r-release-windows-ix86+x86_64