Last updated on 2022-07-05 22:50:17 CEST.
Flavor | Version | Tinstall | Tcheck | Ttotal | Status | Flags |
---|---|---|---|---|---|---|
r-devel-linux-x86_64-debian-clang | 2.1.4 | 30.22 | 376.18 | 406.40 | OK | |
r-devel-linux-x86_64-debian-gcc | 2.1.4 | 28.98 | 276.10 | 305.08 | OK | |
r-devel-linux-x86_64-fedora-clang | 2.1.4 | 476.77 | NOTE | |||
r-devel-linux-x86_64-fedora-gcc | 2.1.4 | 491.48 | OK | |||
r-devel-windows-x86_64 | 2.1.4 | 34.00 | 380.00 | 414.00 | NOTE | |
r-patched-linux-x86_64 | 2.1.4 | 26.18 | 356.57 | 382.75 | OK | |
r-release-linux-x86_64 | 2.1.4 | 29.41 | 356.98 | 386.39 | OK | |
r-release-macos-arm64 | 2.1.4 | 103.00 | NOTE | |||
r-release-macos-x86_64 | 2.1.4 | 165.00 | NOTE | |||
r-release-windows-x86_64 | 2.1.4 | 42.00 | 376.00 | 418.00 | NOTE | |
r-oldrel-macos-arm64 | 2.1.4 | 109.00 | NOTE | |||
r-oldrel-macos-x86_64 | 2.1.4 | 96.00 | NOTE | |||
r-oldrel-windows-ix86+x86_64 | 2.1.4 | 69.00 | 379.00 | 448.00 | NOTE |
Version: 2.1.4
Check: installed package size
Result: NOTE
installed size is 8.7Mb
sub-directories of 1Mb or more:
extdata 7.8Mb
Flavors: r-devel-linux-x86_64-fedora-clang, r-devel-windows-x86_64, r-release-macos-arm64, r-release-macos-x86_64, r-release-windows-x86_64, r-oldrel-macos-arm64, r-oldrel-macos-x86_64, r-oldrel-windows-ix86+x86_64
Version: 2.1.4
Check: Rd cross-references
Result: NOTE
Undeclared packages ‘biomod2’, ‘gstat’ in Rd xrefs
Flavor: r-devel-linux-x86_64-fedora-clang