Last updated on 2023-09-20 21:52:45 CEST.
Flavor | Version | Tinstall | Tcheck | Ttotal | Status | Flags |
---|---|---|---|---|---|---|
r-devel-linux-x86_64-debian-clang | 0.2.6 | 103.90 | 119.80 | 223.70 | OK | |
r-devel-linux-x86_64-debian-gcc | 0.2.6 | 83.14 | 89.13 | 172.27 | OK | |
r-devel-linux-x86_64-fedora-clang | 0.2.6 | 324.75 | OK | |||
r-devel-linux-x86_64-fedora-gcc | 0.2.6 | 322.75 | OK | |||
r-devel-windows-x86_64 | 0.2.6 | 90.00 | 120.00 | 210.00 | OK | |
r-patched-linux-x86_64 | 0.2.6 | 106.34 | 107.34 | 213.68 | OK | |
r-release-linux-x86_64 | 0.2.6 | 109.05 | 116.95 | 226.00 | OK | |
r-release-macos-arm64 | 0.2.6 | 84.00 | NOTE | |||
r-release-macos-x86_64 | 0.2.6 | 135.00 | NOTE | |||
r-release-windows-x86_64 | 0.2.6 | 114.00 | 146.00 | 260.00 | OK | |
r-oldrel-macos-arm64 | 0.2.6 | 78.00 | NOTE | |||
r-oldrel-macos-x86_64 | 0.2.6 | 95.00 | NOTE | |||
r-oldrel-windows-x86_64 | 0.2.6 | 106.00 | 137.00 | 243.00 | OK |
Version: 0.2.6
Check: installed package size
Result: NOTE
installed size is 7.4Mb
sub-directories of 1Mb or more:
libs 7.0Mb
Flavors: r-release-macos-arm64, r-release-macos-x86_64, r-oldrel-macos-arm64, r-oldrel-macos-x86_64