CRAN Package Check Results for Package blockTools

Last updated on 2024-07-21 22:48:38 CEST.

Flavor Version Tinstall Tcheck Ttotal Status Flags
r-devel-linux-x86_64-debian-clang 0.6.4 7.07 71.13 78.20 OK
r-devel-linux-x86_64-debian-gcc 0.6.4 7.69 52.15 59.84 OK
r-devel-linux-x86_64-fedora-clang 0.6.4 104.60 NOTE
r-devel-linux-x86_64-fedora-gcc 0.6.4 99.43 NOTE
r-devel-windows-x86_64 0.6.4 13.00 71.00 84.00 OK
r-patched-linux-x86_64 0.6.4 7.39 67.96 75.35 OK
r-release-linux-x86_64 0.6.4 7.72 65.41 73.13 OK
r-release-macos-arm64 0.6.4 32.00 OK
r-release-macos-x86_64 0.6.4 45.00 OK
r-release-windows-x86_64 0.6.4 13.00 73.00 86.00 OK
r-oldrel-macos-arm64 0.6.4 33.00 OK
r-oldrel-macos-x86_64 0.6.4 49.00 OK
r-oldrel-windows-x86_64 0.6.4 14.00 86.00 100.00 OK

Check Details

Version: 0.6.4
Check: compiled code
Result: NOTE File ‘blockTools/libs/blockTools.so’: Found no calls to: ‘R_registerRoutines’, ‘R_useDynamicSymbols’ It is good practice to register native routines and to disable symbol search. See ‘Writing portable packages’ in the ‘Writing R Extensions’ manual. Flavors: r-devel-linux-x86_64-fedora-clang, r-devel-linux-x86_64-fedora-gcc