Last updated on 2022-07-06 21:53:35 CEST.
Flavor | Version | Tinstall | Tcheck | Ttotal | Status | Flags |
---|---|---|---|---|---|---|
r-devel-linux-x86_64-debian-clang | 1.0-1 | 5.75 | 46.11 | 51.86 | NOTE | |
r-devel-linux-x86_64-debian-gcc | 1.0-1 | 6.09 | 35.18 | 41.27 | NOTE | |
r-devel-linux-x86_64-fedora-clang | 1.0-1 | 73.79 | OK | |||
r-devel-linux-x86_64-fedora-gcc | 1.0-1 | 72.80 | OK | |||
r-devel-windows-x86_64 | 1.0-1 | 10.00 | 68.00 | 78.00 | OK | |
r-patched-linux-x86_64 | 1.0-1 | 6.67 | 44.83 | 51.50 | OK | |
r-release-linux-x86_64 | 1.0-1 | 5.61 | 43.64 | 49.25 | OK | |
r-release-macos-arm64 | 1.0-1 | 25.00 | OK | |||
r-release-macos-x86_64 | 1.0-1 | 32.00 | OK | |||
r-release-windows-x86_64 | 1.0-1 | 12.00 | 72.00 | 84.00 | OK | |
r-oldrel-macos-arm64 | 1.0-1 | 21.00 | OK | |||
r-oldrel-macos-x86_64 | 1.0-1 | 40.00 | OK | |||
r-oldrel-windows-ix86+x86_64 | 1.0-1 | 14.00 | 64.00 | 78.00 | OK |
Version: 1.0-1
Check: HTML version of manual
Result: NOTE
Found the following problems:
blrm.Rd:86:38: Warning: nested emphasis <code>
blrm.Rd:90:38: Warning: nested emphasis <code>
blrm.Rd:94:38: Warning: nested emphasis <code>
blrm.Rd:98:38: Warning: nested emphasis <code>
blrm.Rd:102:38: Warning: nested emphasis <code>
blrm.Rd:106:38: Warning: nested emphasis <code>
Flavors: r-devel-linux-x86_64-debian-clang, r-devel-linux-x86_64-debian-gcc