CRAN Package Check Results for Package bmlm

Last updated on 2024-02-24 21:40:14 CET.

Flavor Version Tinstall Tcheck Ttotal Status Flags
r-devel-linux-x86_64-debian-clang 1.3.15 315.97 153.51 469.48 OK
r-devel-linux-x86_64-debian-gcc 1.3.15 268.87 126.66 395.53 OK
r-devel-linux-x86_64-fedora-clang 1.3.15 562.96 NOTE
r-devel-linux-x86_64-fedora-gcc 1.3.15 707.04 NOTE
r-devel-windows-x86_64 1.3.15 229.00 152.00 381.00 OK
r-patched-linux-x86_64 1.3.15 296.48 166.22 462.70 OK
r-release-linux-x86_64 1.3.15 0.02 1.94 1.96 ERROR
r-release-macos-arm64 1.3.15 182.00 NOTE
r-release-macos-x86_64 1.3.15 259.00 NOTE
r-release-windows-x86_64 1.3.15 289.00 189.00 478.00 OK
r-oldrel-macos-arm64 1.3.15 184.00 NOTE
r-oldrel-windows-x86_64 1.3.15 272.00 177.00 449.00 OK

Check Details

Version: 1.3.15
Check: dependencies in R code
Result: NOTE Namespaces in Imports field not imported from: ‘RcppParallel’ ‘rstantools’ All declared Imports should be used. Flavors: r-devel-linux-x86_64-fedora-clang, r-devel-linux-x86_64-fedora-gcc

Version: 1.3.15
Check: for GNU extensions in Makefiles
Result: NOTE GNU make is a SystemRequirements. Flavors: r-devel-linux-x86_64-fedora-clang, r-devel-linux-x86_64-fedora-gcc, r-release-macos-arm64, r-release-macos-x86_64, r-oldrel-macos-arm64

Version: 1.3.15
Check: whether package can be installed
Result: ERROR Installation failed. Flavor: r-release-linux-x86_64

Version: 1.3.15
Check: installed package size
Result: NOTE installed size is 50.4Mb sub-directories of 1Mb or more: libs 50.0Mb Flavors: r-release-macos-arm64, r-release-macos-x86_64, r-oldrel-macos-arm64