Last updated on 2024-03-28 23:01:39 CET.
Flavor | Version | Tinstall | Tcheck | Ttotal | Status | Flags |
---|---|---|---|---|---|---|
r-devel-linux-x86_64-debian-clang | 1.3.15 | 329.59 | 150.93 | 480.52 | OK | |
r-devel-linux-x86_64-debian-gcc | 1.3.15 | 314.46 | 130.46 | 444.92 | OK | |
r-devel-linux-x86_64-fedora-clang | 1.3.15 | 602.18 | NOTE | |||
r-devel-linux-x86_64-fedora-gcc | 1.3.15 | 786.99 | NOTE | |||
r-devel-windows-x86_64 | 1.3.15 | 260.00 | 152.00 | 412.00 | OK | |
r-patched-linux-x86_64 | 1.3.15 | 273.02 | 172.43 | 445.45 | OK | |
r-release-linux-x86_64 | 1.3.15 | 271.06 | 175.32 | 446.38 | OK | |
r-release-macos-arm64 | 1.3.15 | 182.00 | NOTE | |||
r-release-macos-x86_64 | 1.3.15 | 259.00 | NOTE | |||
r-release-windows-x86_64 | 1.3.15 | 343.00 | 190.00 | 533.00 | OK | |
r-oldrel-macos-arm64 | 1.3.15 | 184.00 | NOTE | |||
r-oldrel-windows-x86_64 | 1.3.15 | 333.00 | 177.00 | 510.00 | OK |
Version: 1.3.15
Check: dependencies in R code
Result: NOTE
Namespaces in Imports field not imported from:
‘RcppParallel’ ‘rstantools’
All declared Imports should be used.
Flavors: r-devel-linux-x86_64-fedora-clang, r-devel-linux-x86_64-fedora-gcc
Version: 1.3.15
Check: for GNU extensions in Makefiles
Result: NOTE
GNU make is a SystemRequirements.
Flavors: r-devel-linux-x86_64-fedora-clang, r-devel-linux-x86_64-fedora-gcc, r-release-macos-arm64, r-release-macos-x86_64, r-oldrel-macos-arm64
Version: 1.3.15
Check: installed package size
Result: NOTE
installed size is 50.4Mb
sub-directories of 1Mb or more:
libs 50.0Mb
Flavors: r-release-macos-arm64, r-release-macos-x86_64, r-oldrel-macos-arm64