CRAN Package Check Results for Package bnlearn

Last updated on 2021-06-13 22:48:13 CEST.

Flavor Version Tinstall Tcheck Ttotal Status Flags
r-devel-linux-x86_64-debian-clang 4.6.1 54.41 103.00 157.41 OK
r-devel-linux-x86_64-debian-gcc 4.6.1 33.59 78.68 112.27 OK
r-devel-linux-x86_64-fedora-clang 4.6.1 190.38 OK
r-devel-linux-x86_64-fedora-gcc 4.6.1 179.88 OK
r-devel-windows-x86_64 4.6.1 83.00 122.00 205.00 OK
r-devel-windows-x86_64-gcc10-UCRT 4.6.1 NOTE
r-patched-linux-x86_64 4.6.1 46.24 100.68 146.92 OK
r-patched-solaris-x86 4.6.1 233.90 OK
r-release-linux-x86_64 4.6.1 42.21 99.26 141.47 OK
r-release-macos-arm64 4.6.1 NOTE
r-release-macos-x86_64 4.6.1 OK
r-release-windows-ix86+x86_64 4.6.1 120.00 143.00 263.00 OK
r-oldrel-macos-x86_64 4.6.1 OK
r-oldrel-windows-ix86+x86_64 4.6.1 120.00 155.00 275.00 OK

Check Details

Version: 4.6.1
Check: package dependencies
Result: NOTE
    Packages suggested but not available for checking: 'Rgraphviz', 'gRain'
Flavors: r-devel-windows-x86_64-gcc10-UCRT, r-release-macos-arm64