Last updated on 2022-07-06 21:53:35 CEST.
Flavor | Version | Tinstall | Tcheck | Ttotal | Status | Flags |
---|---|---|---|---|---|---|
r-devel-linux-x86_64-debian-clang | 0.1.3 | 24.57 | 189.83 | 214.40 | OK | |
r-devel-linux-x86_64-debian-gcc | 0.1.3 | 16.46 | 138.96 | 155.42 | OK | |
r-devel-linux-x86_64-fedora-clang | 0.1.3 | 268.51 | WARN | |||
r-devel-linux-x86_64-fedora-gcc | 0.1.3 | 266.00 | WARN | |||
r-devel-windows-x86_64 | 0.1.3 | 87.00 | 203.00 | 290.00 | OK | |
r-patched-linux-x86_64 | 0.1.3 | 14.84 | 179.88 | 194.72 | OK | |
r-release-linux-x86_64 | 0.1.3 | 14.36 | 176.46 | 190.82 | OK | |
r-release-macos-arm64 | 0.1.3 | 71.00 | OK | |||
r-release-macos-x86_64 | 0.1.3 | 98.00 | OK | |||
r-release-windows-x86_64 | 0.1.3 | 40.00 | 211.00 | 251.00 | OK | |
r-oldrel-macos-arm64 | 0.1.3 | 56.00 | OK | |||
r-oldrel-macos-x86_64 | 0.1.3 | 94.00 | OK | |||
r-oldrel-windows-ix86+x86_64 | 0.1.3 | 48.00 | 205.00 | 253.00 | OK |
Version: 0.1.3
Check: package dependencies
Result: WARN
Requires (indirectly) orphaned package: ‘gtools’
Flavors: r-devel-linux-x86_64-fedora-clang, r-devel-linux-x86_64-fedora-gcc