CRAN Package Check Results for Package bodenmiller

Last updated on 2019-09-22 22:46:42 CEST.

Flavor Version Tinstall Tcheck Ttotal Status Flags
r-devel-linux-x86_64-debian-clang 0.1 5.16 29.02 34.18 OK
r-devel-linux-x86_64-debian-gcc 0.1 5.38 23.13 28.51 OK
r-devel-linux-x86_64-fedora-clang 0.1 42.60 NOTE
r-devel-linux-x86_64-fedora-gcc 0.1 41.81 OK
r-devel-windows-ix86+x86_64 0.1 17.00 57.00 74.00 NOTE
r-patched-linux-x86_64 0.1 5.88 28.65 34.53 OK
r-patched-solaris-x86 0.1 66.50 NOTE
r-release-linux-x86_64 0.1 6.00 28.54 34.54 OK
r-release-windows-ix86+x86_64 0.1 12.00 55.00 67.00 NOTE
r-release-osx-x86_64 0.1 NOTE
r-oldrel-windows-ix86+x86_64 0.1 7.00 42.00 49.00 NOTE
r-oldrel-osx-x86_64 0.1 NOTE

Check Details

Version: 0.1
Check: installed package size
Result: NOTE
     installed size is 8.9Mb
     sub-directories of 1Mb or more:
     data 8.7Mb
Flavors: r-devel-linux-x86_64-fedora-clang, r-devel-windows-ix86+x86_64, r-patched-solaris-x86, r-release-windows-ix86+x86_64, r-release-osx-x86_64, r-oldrel-windows-ix86+x86_64, r-oldrel-osx-x86_64