Last updated on 2023-09-25 22:12:34 CEST.
Flavor | Version | Tinstall | Tcheck | Ttotal | Status | Flags |
---|---|---|---|---|---|---|
r-devel-linux-x86_64-debian-clang | 1.3.0 | 5.54 | 68.27 | 73.81 | OK | |
r-devel-linux-x86_64-debian-gcc | 1.3.0 | 3.53 | 50.62 | 54.15 | OK | |
r-devel-linux-x86_64-fedora-clang | 1.3.0 | 76.77 | NOTE | |||
r-devel-linux-x86_64-fedora-gcc | 1.3.0 | 73.23 | NOTE | |||
r-devel-windows-x86_64 | 1.3.0 | 6.00 | 72.00 | 78.00 | OK | |
r-patched-linux-x86_64 | 1.3.0 | 4.84 | 64.31 | 69.15 | OK | |
r-release-linux-x86_64 | 1.3.0 | 5.82 | 64.98 | 70.80 | OK | |
r-release-macos-arm64 | 1.3.0 | 29.00 | NOTE | |||
r-release-macos-x86_64 | 1.3.0 | 58.00 | NOTE | |||
r-release-windows-x86_64 | 1.3.0 | 6.00 | 83.00 | 89.00 | OK | |
r-oldrel-macos-arm64 | 1.3.0 | 35.00 | NOTE | |||
r-oldrel-macos-x86_64 | 1.3.0 | 38.00 | NOTE | |||
r-oldrel-windows-x86_64 | 1.3.0 | 7.00 | 83.00 | 90.00 | OK |
Version: 1.3.0
Check: package dependencies
Result: NOTE
Package suggested but not available for checking: ‘sangerseqR’
Flavors: r-devel-linux-x86_64-fedora-clang, r-devel-linux-x86_64-fedora-gcc, r-release-macos-arm64, r-release-macos-x86_64, r-oldrel-macos-arm64, r-oldrel-macos-x86_64