CRAN Package Check Results for Package bold

Last updated on 2021-10-20 23:50:03 CEST.

Flavor Version Tinstall Tcheck Ttotal Status Flags
r-devel-linux-x86_64-debian-clang 1.2.0 4.92 65.63 70.55 OK
r-devel-linux-x86_64-debian-gcc 1.2.0 3.57 51.23 54.80 OK
r-devel-linux-x86_64-fedora-clang 1.2.0 94.93 OK
r-devel-linux-x86_64-fedora-gcc 1.2.0 81.03 OK
r-devel-windows-x86_64 1.2.0 8.00 94.00 102.00 OK
r-devel-windows-x86_64-gcc10-UCRT 1.2.0 OK
r-patched-linux-x86_64 1.2.0 4.54 67.42 71.96 OK
r-patched-solaris-x86 1.2.0 129.60 OK
r-release-linux-x86_64 1.2.0 3.97 67.46 71.43 OK
r-release-macos-arm64 1.2.0 NOTE
r-release-macos-x86_64 1.2.0 NOTE
r-release-windows-ix86+x86_64 1.2.0 8.00 89.00 97.00 OK
r-oldrel-macos-x86_64 1.2.0 NOTE
r-oldrel-windows-ix86+x86_64 1.2.0 10.00 88.00 98.00 OK

Check Details

Version: 1.2.0
Check: package dependencies
Result: NOTE
    Package suggested but not available for checking: ‘sangerseqR’
Flavors: r-release-macos-arm64, r-release-macos-x86_64, r-oldrel-macos-x86_64