CRAN Package Check Results for Package boomer

Last updated on 2021-12-07 22:59:25 CET.

Flavor Version Tinstall Tcheck Ttotal Status Flags
r-devel-linux-x86_64-debian-clang 0.1.0 3.08 51.69 54.77 OK
r-devel-linux-x86_64-debian-gcc 0.1.0 2.22 40.28 42.50 OK
r-devel-linux-x86_64-fedora-clang 0.1.0 68.79 NOTE
r-devel-linux-x86_64-fedora-gcc 0.1.0 54.32 NOTE
r-devel-windows-x86_64-new-UL 0.1.0 8.00 80.00 88.00 OK
r-devel-windows-x86_64-new-TK 0.1.0 NOTE
r-devel-windows-x86_64-old 0.1.0 6.00 67.00 73.00 OK
r-patched-linux-x86_64 0.1.0 2.63 49.85 52.48 OK
r-release-linux-x86_64 0.1.0 2.87 49.92 52.79 OK
r-release-macos-arm64 0.1.0 NOTE
r-release-macos-x86_64 0.1.0 NOTE
r-release-windows-ix86+x86_64 0.1.0 7.00 57.00 64.00 OK
r-oldrel-macos-x86_64 0.1.0 NOTE
r-oldrel-windows-ix86+x86_64 0.1.0 7.00 65.00 72.00 OK

Check Details

Version: 0.1.0
Check: dependencies in R code
Result: NOTE
    Namespace in Imports field not imported from: ‘pryr’
     All declared Imports should be used.
Flavors: r-devel-linux-x86_64-fedora-clang, r-devel-linux-x86_64-fedora-gcc, r-devel-windows-x86_64-new-TK, r-release-macos-arm64, r-release-macos-x86_64, r-oldrel-macos-x86_64