Last updated on 2023-10-01 23:03:40 CEST.
Flavor | Version | Tinstall | Tcheck | Ttotal | Status | Flags |
---|---|---|---|---|---|---|
r-devel-linux-x86_64-debian-clang | 1.1.1 | 37.96 | 58.01 | 95.97 | NOTE | |
r-devel-linux-x86_64-debian-gcc | 1.1.1 | 26.75 | 43.79 | 70.54 | NOTE | |
r-devel-linux-x86_64-fedora-clang | 1.1.1 | 133.65 | NOTE | |||
r-devel-linux-x86_64-fedora-gcc | 1.1.1 | 128.22 | NOTE | |||
r-devel-windows-x86_64 | 1.1.1 | 33.00 | 77.00 | 110.00 | NOTE | |
r-patched-linux-x86_64 | 1.1.1 | 37.63 | 55.23 | 92.86 | NOTE | |
r-release-linux-x86_64 | 1.1.1 | 35.69 | 54.95 | 90.64 | NOTE | |
r-release-macos-arm64 | 1.1.1 | 43.00 | NOTE | |||
r-release-macos-x86_64 | 1.1.1 | 56.00 | NOTE | |||
r-release-windows-x86_64 | 1.1.1 | 43.00 | 93.00 | 136.00 | NOTE | |
r-oldrel-macos-arm64 | 1.1.1 | 39.00 | NOTE | |||
r-oldrel-macos-x86_64 | 1.1.1 | 48.00 | NOTE | |||
r-oldrel-windows-x86_64 | 1.1.1 | 41.00 | 90.00 | 131.00 | OK |
Version: 1.1.1
Check: C++ specification
Result: NOTE
Specified C++11: please drop specification unless essential
Flavors: r-devel-linux-x86_64-debian-clang, r-devel-linux-x86_64-debian-gcc, r-devel-linux-x86_64-fedora-clang, r-devel-linux-x86_64-fedora-gcc, r-devel-windows-x86_64, r-patched-linux-x86_64, r-release-linux-x86_64, r-release-macos-arm64, r-release-macos-x86_64, r-release-windows-x86_64
Version: 1.1.1
Check: dependencies in R code
Result: NOTE
Namespace in Imports field not imported from: ‘usethis’
All declared Imports should be used.
Flavors: r-devel-linux-x86_64-fedora-clang, r-devel-linux-x86_64-fedora-gcc, r-oldrel-macos-arm64, r-oldrel-macos-x86_64