CRAN Package Check Results for Package box

Last updated on 2024-06-13 22:49:21 CEST.

Flavor Version Tinstall Tcheck Ttotal Status Flags
r-devel-linux-x86_64-debian-clang 1.2.0 5.37 67.79 73.16 NOTE
r-devel-linux-x86_64-debian-gcc 1.2.0 4.15 41.40 45.55 ERROR
r-devel-linux-x86_64-fedora-clang 1.2.0 92.63 NOTE
r-devel-linux-x86_64-fedora-gcc 1.2.0 100.44 NOTE
r-devel-windows-x86_64 1.2.0 7.00 79.00 86.00 NOTE
r-patched-linux-x86_64 1.2.0 5.16 65.57 70.73 OK
r-release-linux-x86_64 1.2.0 4.55 64.74 69.29 OK
r-release-macos-arm64 1.2.0 43.00 OK
r-release-macos-x86_64 1.2.0 101.00 OK
r-release-windows-x86_64 1.2.0 9.00 78.00 87.00 OK
r-oldrel-macos-arm64 1.2.0 56.00 OK
r-oldrel-macos-x86_64 1.2.0 140.00 OK
r-oldrel-windows-x86_64 1.2.0 10.00 85.00 95.00 OK

Check Details

Version: 1.2.0
Check: compiled code
Result: NOTE File ‘box/libs/box.so’: Found non-API call to R: ‘SET_ENVFLAGS’ Compiled code should not call non-API entry points in R. See ‘Writing portable packages’ in the ‘Writing R Extensions’ manual. Flavors: r-devel-linux-x86_64-debian-clang, r-devel-linux-x86_64-debian-gcc, r-devel-linux-x86_64-fedora-clang, r-devel-linux-x86_64-fedora-gcc

Version: 1.2.0
Check: package dependencies
Result: NOTE Packages suggested but not available for checking: 'devtools', 'roxygen2', 'stringr', 'testthat' Flavor: r-devel-linux-x86_64-debian-gcc

Version: 1.2.0
Check: tests
Result: ERROR Running ‘testthat.R’ [0s/0s] Running the tests in ‘tests/testthat.R’ failed. Complete output: > # Needed for subshells openend in tests, and does no harm otherwise. > # See <https://github.com/hadley/testthat/issues/144> for details. > Sys.setenv(R_TESTS = '') > testthat::test_check('box') Error in loadNamespace(x) : there is no package called 'testthat' Calls: loadNamespace -> withRestarts -> withOneRestart -> doWithOneRestart Execution halted Flavor: r-devel-linux-x86_64-debian-gcc

Version: 1.2.0
Check: compiled code
Result: NOTE File 'box/libs/x64/box.dll': Found non-API call to R: 'SET_ENVFLAGS' Compiled code should not call non-API entry points in R. See 'Writing portable packages' in the 'Writing R Extensions' manual. Flavor: r-devel-windows-x86_64