Last updated on 2023-09-20 21:52:45 CEST.
Flavor | Version | Tinstall | Tcheck | Ttotal | Status | Flags |
---|---|---|---|---|---|---|
r-devel-linux-x86_64-debian-clang | 1.1.3 | 7.10 | 59.93 | 67.03 | NOTE | |
r-devel-linux-x86_64-debian-gcc | 1.1.3 | 4.59 | 45.35 | 49.94 | NOTE | |
r-devel-linux-x86_64-fedora-clang | 1.1.3 | 82.14 | NOTE | |||
r-devel-linux-x86_64-fedora-gcc | 1.1.3 | 91.56 | NOTE | |||
r-devel-windows-x86_64 | 1.1.3 | 8.00 | 76.00 | 84.00 | NOTE | |
r-patched-linux-x86_64 | 1.1.3 | 7.33 | 58.54 | 65.87 | OK | |
r-release-linux-x86_64 | 1.1.3 | 6.26 | 59.05 | 65.31 | OK | |
r-release-macos-arm64 | 1.1.3 | 56.00 | OK | |||
r-release-macos-x86_64 | 1.1.3 | 97.00 | OK | |||
r-release-windows-x86_64 | 1.1.3 | 9.00 | 81.00 | 90.00 | OK | |
r-oldrel-macos-arm64 | 1.1.3 | 45.00 | OK | |||
r-oldrel-macos-x86_64 | 1.1.3 | 43.00 | OK | |||
r-oldrel-windows-x86_64 | 1.1.3 | 12.00 | 80.00 | 92.00 | OK |
Version: 1.1.3
Check: Rd \usage sections
Result: NOTE
Documented arguments not in \usage in documentation object 'info':
‘mod_spec’ ‘pkg_spec’
Documented arguments not in \usage in documentation object 'path':
‘args’
Functions with \usage entries need to have the appropriate \alias
entries, and all their arguments documented.
The \usage entries must correspond to syntactically valid R code.
See chapter ‘Writing R documentation files’ in the ‘Writing R
Extensions’ manual.
Flavors: r-devel-linux-x86_64-debian-clang, r-devel-linux-x86_64-debian-gcc, r-devel-linux-x86_64-fedora-clang, r-devel-linux-x86_64-fedora-gcc, r-devel-windows-x86_64