CRAN Package Check Results for Package boxr

Last updated on 2021-10-15 22:54:09 CEST.

Flavor Version Tinstall Tcheck Ttotal Status Flags
r-devel-linux-x86_64-debian-clang 0.3.6 5.62 53.13 58.75 OK
r-devel-linux-x86_64-debian-gcc 0.3.6 4.72 40.73 45.45 OK
r-devel-linux-x86_64-fedora-clang 0.3.6 79.91 NOTE
r-devel-linux-x86_64-fedora-gcc 0.3.6 69.28 OK
r-devel-windows-x86_64 0.3.6 23.00 62.00 85.00 OK
r-devel-windows-x86_64-gcc10-UCRT 0.3.6 OK
r-patched-linux-x86_64 0.3.6 13.01 53.18 66.19 OK
r-patched-solaris-x86 0.3.6 97.30 OK
r-release-linux-x86_64 0.3.6 5.17 53.96 59.13 OK
r-release-macos-arm64 0.3.6 OK
r-release-macos-x86_64 0.3.6 OK
r-release-windows-ix86+x86_64 0.3.6 13.00 74.00 87.00 OK
r-oldrel-macos-x86_64 0.3.6 OK
r-oldrel-windows-ix86+x86_64 0.3.6 14.00 74.00 88.00 OK

Check Details

Version: 0.3.6
Check: Rd cross-references
Result: NOTE
    Undeclared packages ‘data.table’, ‘readxl’, ‘openxlsx’ in Rd xrefs
Flavor: r-devel-linux-x86_64-fedora-clang