CRAN Package Check Results for Package boxr

Last updated on 2021-06-12 22:55:03 CEST.

Flavor Version Tinstall Tcheck Ttotal Status Flags
r-devel-linux-x86_64-debian-clang 0.3.6 6.50 56.13 62.63 OK
r-devel-linux-x86_64-debian-gcc 0.3.6 4.95 43.49 48.44 OK
r-devel-linux-x86_64-fedora-clang 0.3.6 82.29 NOTE
r-devel-linux-x86_64-fedora-gcc 0.3.6 74.10 OK
r-devel-windows-x86_64 0.3.6 10.00 80.00 90.00 OK
r-devel-windows-x86_64-gcc10-UCRT 0.3.6 OK
r-patched-linux-x86_64 0.3.6 12.51 53.79 66.30 OK
r-patched-solaris-x86 0.3.6 99.80 OK
r-release-linux-x86_64 0.3.6 4.92 53.23 58.15 OK
r-release-macos-arm64 0.3.6 OK
r-release-macos-x86_64 0.3.6 OK
r-release-windows-ix86+x86_64 0.3.6 13.00 74.00 87.00 OK
r-oldrel-macos-x86_64 0.3.6 OK
r-oldrel-windows-ix86+x86_64 0.3.6 13.00 80.00 93.00 OK

Check Details

Version: 0.3.6
Check: Rd cross-references
Result: NOTE
    Undeclared packages ‘data.table’, ‘readxl’, ‘openxlsx’ in Rd xrefs
Flavor: r-devel-linux-x86_64-fedora-clang