CRAN Package Check Results for Package bp

Last updated on 2024-02-24 21:40:14 CET.

Flavor Version Tinstall Tcheck Ttotal Status Flags
r-devel-linux-x86_64-debian-clang 2.1.0 11.75 127.70 139.45 NOTE
r-devel-linux-x86_64-debian-gcc 2.1.0 10.50 95.36 105.86 NOTE
r-devel-linux-x86_64-fedora-clang 2.1.0 168.86 NOTE
r-devel-linux-x86_64-fedora-gcc 2.1.0 181.41 NOTE
r-devel-windows-x86_64 2.1.0 13.00 110.00 123.00 NOTE
r-patched-linux-x86_64 2.1.0 19.00 122.17 141.17 NOTE
r-release-linux-x86_64 2.1.0 9.62 122.95 132.57 NOTE
r-release-macos-arm64 2.1.0 55.00 NOTE
r-release-macos-x86_64 2.1.0 96.00 NOTE
r-release-windows-x86_64 2.1.0 17.00 136.00 153.00 NOTE
r-oldrel-macos-arm64 2.1.0 50.00 OK
r-oldrel-windows-x86_64 2.1.0 17.00 131.00 148.00 OK

Check Details

Version: 2.1.0
Check: Rd files
Result: NOTE checkRd: (-1) bp_rats.Rd:41: Escaped LaTeX specials: \& checkRd: (-1) bp_sv.Rd:75: Lost braces; missing escapes or markup? 75 | $$SV = sqrt(sum(x_{i+1} - x_i)^2/n-1)$$ | ^ checkRd: (-1) bp_sv.Rd:80: Lost braces; missing escapes or markup? 80 | $$SD = sqrt(sum(x_{i+1} - xbar)^2/n-1)$$ | ^ checkRd: (-1) sv.Rd:78: Lost braces; missing escapes or markup? 78 | $$SV = sqrt(sum(x_{i+1} - x_i)^2/n-1)$$ | ^ checkRd: (-1) sv.Rd:82: Lost braces; missing escapes or markup? 82 | $$SD = sqrt(sum(x_{i+1} - xbar)^2/n-1)$$ | ^ Flavors: r-devel-linux-x86_64-debian-clang, r-devel-linux-x86_64-debian-gcc

Version: 2.1.0
Check: Rd files
Result: NOTE checkRd: (-1) bp_rats.Rd:41: Escaped LaTeX specials: \& Flavors: r-devel-linux-x86_64-fedora-clang, r-devel-linux-x86_64-fedora-gcc, r-devel-windows-x86_64, r-patched-linux-x86_64, r-release-linux-x86_64, r-release-macos-arm64, r-release-macos-x86_64, r-release-windows-x86_64

Version: 2.1.0
Check: installed package size
Result: NOTE installed size is 5.0Mb sub-directories of 1Mb or more: data 4.4Mb Flavor: r-release-macos-x86_64