CRAN Package Check Results for Package brandwatchR

Last updated on 2021-12-02 22:55:47 CET.

Flavor Version Tinstall Tcheck Ttotal Status Flags
r-devel-linux-x86_64-debian-clang 0.3.0 3.21 25.89 29.10 NOTE
r-devel-linux-x86_64-debian-gcc 0.3.0 2.18 20.66 22.84 NOTE
r-devel-linux-x86_64-fedora-clang 0.3.0 46.66 NOTE
r-devel-linux-x86_64-fedora-gcc 0.3.0 35.45 NOTE
r-devel-windows-x86_64-new-UL 0.3.0 8.00 59.00 67.00 NOTE
r-devel-windows-x86_64-new-TK 0.3.0 NOTE
r-devel-windows-x86_64-old 0.3.0 6.00 32.00 38.00 NOTE
r-patched-linux-x86_64 0.3.0 3.12 24.84 27.96 NOTE
r-patched-solaris-x86 0.3.0 51.20 NOTE
r-release-linux-x86_64 0.3.0 2.25 25.42 27.67 NOTE
r-release-macos-arm64 0.3.0 NOTE
r-release-macos-x86_64 0.3.0 NOTE
r-release-windows-ix86+x86_64 0.3.0 6.00 55.00 61.00 NOTE
r-oldrel-macos-x86_64 0.3.0 OK
r-oldrel-windows-ix86+x86_64 0.3.0 7.00 43.00 50.00 OK

Check Details

Version: 0.3.0
Check: LazyData
Result: NOTE
     'LazyData' is specified without a 'data' directory
Flavors: r-devel-linux-x86_64-debian-clang, r-devel-linux-x86_64-debian-gcc, r-devel-linux-x86_64-fedora-clang, r-devel-linux-x86_64-fedora-gcc, r-devel-windows-x86_64-new-UL, r-devel-windows-x86_64-new-TK, r-devel-windows-x86_64-old, r-patched-linux-x86_64, r-patched-solaris-x86, r-release-linux-x86_64, r-release-macos-arm64, r-release-macos-x86_64, r-release-windows-ix86+x86_64