CRAN Package Check Results for Package brazilmaps

Last updated on 2020-01-17 22:50:47 CET.

Flavor Version Tinstall Tcheck Ttotal Status Flags
r-devel-linux-x86_64-debian-clang 0.1.0 2.61 32.20 34.81 OK
r-devel-linux-x86_64-debian-gcc 0.1.0 1.95 24.61 26.56 OK
r-devel-linux-x86_64-fedora-clang 0.1.0 40.89 NOTE
r-devel-linux-x86_64-fedora-gcc 0.1.0 39.18 NOTE
r-devel-windows-ix86+x86_64 0.1.0 10.00 45.00 55.00 OK
r-devel-windows-ix86+x86_64-gcc8 0.1.0 7.00 50.00 57.00 OK
r-patched-linux-x86_64 0.1.0 2.10 29.00 31.10 OK
r-patched-solaris-x86 0.1.0 57.30 NOTE
r-release-linux-x86_64 0.1.0 2.01 29.18 31.19 OK
r-release-windows-ix86+x86_64 0.1.0 11.00 62.00 73.00 OK
r-release-osx-x86_64 0.1.0 NOTE
r-oldrel-windows-ix86+x86_64 0.1.0 8.00 39.00 47.00 OK
r-oldrel-osx-x86_64 0.1.0 NOTE

Check Details

Version: 0.1.0
Check: dependencies in R code
Result: NOTE
    Namespace in Imports field not imported from: ‘sp’
     All declared Imports should be used.
Flavors: r-devel-linux-x86_64-fedora-clang, r-devel-linux-x86_64-fedora-gcc, r-patched-solaris-x86, r-release-osx-x86_64, r-oldrel-osx-x86_64