CRAN Package Check Results for Package brazilmaps

Last updated on 2019-09-14 22:48:21 CEST.

Flavor Version Tinstall Tcheck Ttotal Status Flags
r-devel-linux-x86_64-debian-clang 0.1.0 2.19 29.79 31.98 OK
r-devel-linux-x86_64-debian-gcc 0.1.0 1.79 23.56 25.35 OK
r-devel-linux-x86_64-fedora-clang 0.1.0 38.01 NOTE
r-devel-linux-x86_64-fedora-gcc 0.1.0 37.51 NOTE
r-devel-windows-ix86+x86_64 0.1.0 12.00 59.00 71.00 OK
r-patched-linux-x86_64 0.1.0 2.10 29.34 31.44 OK
r-patched-solaris-x86 0.1.0 58.40 NOTE
r-release-linux-x86_64 0.1.0 1.84 28.90 30.74 OK
r-release-windows-ix86+x86_64 0.1.0 6.00 42.00 48.00 OK
r-release-osx-x86_64 0.1.0 NOTE
r-oldrel-windows-ix86+x86_64 0.1.0 4.00 53.00 57.00 OK
r-oldrel-osx-x86_64 0.1.0 NOTE

Check Details

Version: 0.1.0
Check: dependencies in R code
Result: NOTE
    Namespace in Imports field not imported from: ‘sp’
     All declared Imports should be used.
Flavors: r-devel-linux-x86_64-fedora-clang, r-devel-linux-x86_64-fedora-gcc, r-patched-solaris-x86, r-release-osx-x86_64, r-oldrel-osx-x86_64