CRAN Package Check Results for Package brew

Last updated on 2021-05-16 22:49:43 CEST.

Flavor Version Tinstall Tcheck Ttotal Status Flags
r-devel-linux-x86_64-debian-clang 1.0-6 2.17 21.01 23.18 NOTE
r-devel-linux-x86_64-debian-gcc 1.0-6 1.66 16.82 18.48 NOTE
r-devel-linux-x86_64-fedora-clang 1.0-6 37.34 NOTE
r-devel-linux-x86_64-fedora-gcc 1.0-6 26.87 NOTE
r-devel-windows-ix86+x86_64 1.0-6 5.00 24.00 29.00 OK
r-devel-windows-x86_64-gcc10-UCRT 1.0-6 OK
r-patched-linux-x86_64 1.0-6 1.90 20.61 22.51 NOTE
r-patched-solaris-x86 1.0-6 42.60 NOTE
r-release-linux-x86_64 1.0-6 1.93 20.08 22.01 NOTE
r-release-macos-x86_64 1.0-6 OK
r-release-windows-ix86+x86_64 1.0-6 4.00 23.00 27.00 OK
r-oldrel-macos-x86_64 1.0-6 OK
r-oldrel-windows-ix86+x86_64 1.0-6 4.00 50.00 54.00 OK

Check Details

Version: 1.0-6
Check: for non-standard things in the check directory
Result: NOTE
    Found the following files/directories:
     'brew-test-1-1.eps' 'brew-test-1-2.eps' 'brew-test-1.tex'
     'brew-test-2.html'
Flavors: r-devel-linux-x86_64-debian-clang, r-devel-linux-x86_64-debian-gcc, r-devel-linux-x86_64-fedora-clang, r-devel-linux-x86_64-fedora-gcc, r-patched-linux-x86_64, r-patched-solaris-x86, r-release-linux-x86_64