CRAN Package Check Results for Package brickset

Last updated on 2024-07-18 22:49:49 CEST.

Flavor Version Tinstall Tcheck Ttotal Status Flags
r-devel-linux-x86_64-debian-clang 2024.0.0 5.00 43.87 48.87 OK
r-devel-linux-x86_64-debian-gcc 2024.0.0 4.62 33.39 38.01 OK
r-devel-linux-x86_64-fedora-clang 2024.0.0 64.50 NOTE
r-devel-linux-x86_64-fedora-gcc 2024.0.0 59.15 NOTE
r-devel-windows-x86_64 2024.0.0 7.00 53.00 60.00 OK
r-patched-linux-x86_64 2024.0.0 5.71 42.22 47.93 OK
r-release-linux-x86_64 2024.0.0 3.81 42.24 46.05 OK
r-release-macos-arm64 2024.0.0 23.00 OK
r-release-macos-x86_64 2024.0.0 38.00 OK
r-release-windows-x86_64 2024.0.0 7.00 54.00 61.00 OK
r-oldrel-macos-arm64 2024.0.0 30.00 OK
r-oldrel-macos-x86_64 2024.0.0 40.00 OK
r-oldrel-windows-x86_64 2024.0.0 8.00 61.00 69.00 OK

Check Details

Version: 2024.0.0
Check: data for non-ASCII characters
Result: NOTE Note: found 108 marked UTF-8 strings Flavors: r-devel-linux-x86_64-fedora-clang, r-devel-linux-x86_64-fedora-gcc