CRAN Package Check Results for Package brickset

Last updated on 2023-09-21 23:03:15 CEST.

Flavor Version Tinstall Tcheck Ttotal Status Flags
r-devel-linux-x86_64-debian-clang 2022.0.0 5.75 43.31 49.06 OK
r-devel-linux-x86_64-debian-gcc 2022.0.0 4.44 32.20 36.64 OK
r-devel-linux-x86_64-fedora-clang 2022.0.0 60.06 NOTE
r-devel-linux-x86_64-fedora-gcc 2022.0.0 58.49 NOTE
r-devel-windows-x86_64 2022.0.0 7.00 55.00 62.00 OK
r-patched-linux-x86_64 2022.0.0 6.29 40.31 46.60 OK
r-release-linux-x86_64 2022.0.0 6.38 41.82 48.20 OK
r-release-macos-arm64 2022.0.0 23.00 OK
r-release-macos-x86_64 2022.0.0 33.00 OK
r-release-windows-x86_64 2022.0.0 8.00 58.00 66.00 OK
r-oldrel-macos-arm64 2022.0.0 19.00 OK
r-oldrel-macos-x86_64 2022.0.0 34.00 OK
r-oldrel-windows-x86_64 2022.0.0 8.00 59.00 67.00 OK

Check Details

Version: 2022.0.0
Check: data for non-ASCII characters
Result: NOTE
     Note: found 87 marked UTF-8 strings
Flavors: r-devel-linux-x86_64-fedora-clang, r-devel-linux-x86_64-fedora-gcc