CRAN Package Check Results for Package briqr

Last updated on 2023-09-24 22:59:34 CEST.

Flavor Version Tinstall Tcheck Ttotal Status Flags
r-devel-linux-x86_64-debian-clang 0.1.0 2.05 24.09 26.14 NOTE
r-devel-linux-x86_64-debian-gcc 0.1.0 1.58 18.76 20.34 NOTE
r-devel-linux-x86_64-fedora-clang 0.1.0 32.63 NOTE
r-devel-linux-x86_64-fedora-gcc 0.1.0 31.57 NOTE
r-devel-windows-x86_64 0.1.0 4.00 42.00 46.00 NOTE
r-patched-linux-x86_64 0.1.0 2.31 22.99 25.30 NOTE
r-release-linux-x86_64 0.1.0 2.09 24.31 26.40 NOTE
r-release-macos-arm64 0.1.0 17.00 NOTE
r-release-macos-x86_64 0.1.0 21.00 NOTE
r-release-windows-x86_64 0.1.0 4.00 41.00 45.00 NOTE
r-oldrel-macos-arm64 0.1.0 16.00 NOTE
r-oldrel-macos-x86_64 0.1.0 27.00 NOTE
r-oldrel-windows-x86_64 0.1.0 5.00 42.00 47.00 NOTE

Check Details

Version: 0.1.0
Check: LazyData
Result: NOTE
     'LazyData' is specified without a 'data' directory
Flavors: r-devel-linux-x86_64-debian-clang, r-devel-linux-x86_64-debian-gcc, r-devel-linux-x86_64-fedora-clang, r-devel-linux-x86_64-fedora-gcc, r-devel-windows-x86_64, r-patched-linux-x86_64, r-release-linux-x86_64, r-release-macos-arm64, r-release-macos-x86_64, r-release-windows-x86_64, r-oldrel-macos-arm64, r-oldrel-macos-x86_64, r-oldrel-windows-x86_64