CRAN Package Check Results for Package brlrmr

Last updated on 2021-08-03 22:53:14 CEST.

Flavor Version Tinstall Tcheck Ttotal Status Flags
r-devel-linux-x86_64-debian-clang 0.1.7 3.32 27.80 31.12 OK
r-devel-linux-x86_64-debian-gcc 0.1.7 2.20 21.69 23.89 OK
r-devel-linux-x86_64-fedora-clang 0.1.7 47.46 NOTE
r-devel-linux-x86_64-fedora-gcc 0.1.7 35.74 NOTE
r-devel-windows-x86_64 0.1.7 4.00 43.00 47.00 OK
r-devel-windows-x86_64-gcc10-UCRT 0.1.7 NOTE
r-patched-linux-x86_64 0.1.7 3.31 27.06 30.37 OK
r-patched-solaris-x86 0.1.7 57.40 NOTE
r-release-linux-x86_64 0.1.7 3.22 26.99 30.21 OK
r-release-macos-arm64 0.1.7 NOTE
r-release-macos-x86_64 0.1.7 NOTE
r-release-windows-ix86+x86_64 0.1.7 6.00 35.00 41.00 OK
r-oldrel-macos-x86_64 0.1.7 NOTE
r-oldrel-windows-ix86+x86_64 0.1.7 6.00 43.00 49.00 OK

Check Details

Version: 0.1.7
Check: dependencies in R code
Result: NOTE
    Namespaces in Imports field not imported from:
     ‘Rcpp’ ‘profileModel’
     All declared Imports should be used.
Flavors: r-devel-linux-x86_64-fedora-clang, r-devel-linux-x86_64-fedora-gcc, r-devel-windows-x86_64-gcc10-UCRT, r-patched-solaris-x86, r-release-macos-arm64, r-release-macos-x86_64, r-oldrel-macos-x86_64