Last updated on 2025-04-29 22:49:56 CEST.
Flavor | Version | Tinstall | Tcheck | Ttotal | Status | Flags |
---|---|---|---|---|---|---|
r-devel-linux-x86_64-debian-clang | 1.1.1 | 2.74 | 23.04 | 25.78 | NOTE | |
r-devel-linux-x86_64-debian-gcc | 1.1.1 | 2.07 | 17.81 | 19.88 | NOTE | |
r-devel-linux-x86_64-fedora-clang | 1.1.1 | 43.38 | OK | |||
r-devel-linux-x86_64-fedora-gcc | 1.1.1 | 40.59 | OK | |||
r-devel-windows-x86_64 | 1.1.1 | 3.00 | 47.00 | 50.00 | OK | |
r-patched-linux-x86_64 | 1.1.1 | 2.79 | 23.26 | 26.05 | OK | |
r-release-linux-x86_64 | 1.1.1 | 2.48 | 22.27 | 24.75 | OK | |
r-release-macos-arm64 | 1.1.1 | 18.00 | OK | |||
r-release-macos-x86_64 | 1.1.1 | 28.00 | OK | |||
r-release-windows-x86_64 | 1.1.1 | 5.00 | 45.00 | 50.00 | OK | |
r-oldrel-macos-arm64 | 1.1.1 | 21.00 | OK | |||
r-oldrel-macos-x86_64 | 1.1.1 | 22.00 | OK | |||
r-oldrel-windows-x86_64 | 1.1.1 | 3.00 | 46.00 | 49.00 | OK |
Version: 1.1.1
Check: CRAN incoming feasibility
Result: NOTE
Maintainer: ‘Mark Clements <mark.clements@ki.se>’
No Authors@R field in DESCRIPTION.
Please add one, modifying
Authors@R: c(person(given = "Linbo",
family = "Wang",
role = "aut"),
person(given = "Mark",
family = "Clements",
role = c("aut", "cre"),
email = "mark.clements@ki.se"),
person(given = "Thomas",
family = "Richardson",
role = "aut"))
as necessary.
Package CITATION file contains call(s) to old-style personList() or
as.personList(). Please use c() on person objects instead.
Flavors: r-devel-linux-x86_64-debian-clang, r-devel-linux-x86_64-debian-gcc