CRAN Package Check Results for Package brms

Last updated on 2019-11-18 22:47:07 CET.

Flavor Version Tinstall Tcheck Ttotal Status Flags
r-devel-linux-x86_64-debian-clang 2.10.0 47.55 543.97 591.52 OK
r-devel-linux-x86_64-debian-gcc 2.10.0 42.23 439.86 482.09 OK
r-devel-linux-x86_64-fedora-clang 2.10.0 668.04 NOTE
r-devel-linux-x86_64-fedora-gcc 2.10.0 693.16 OK
r-devel-windows-ix86+x86_64 2.10.0 118.00 263.00 381.00 NOTE --no-examples --no-tests --no-vignettes
r-patched-linux-x86_64 2.10.0 43.29 519.30 562.59 OK
r-patched-solaris-x86 2.10.0 1028.30 NOTE
r-release-linux-x86_64 2.10.0 43.59 523.80 567.39 OK
r-release-windows-ix86+x86_64 2.10.0 75.00 239.00 314.00 NOTE --no-examples --no-tests --no-vignettes
r-release-osx-x86_64 2.10.0 NOTE
r-oldrel-windows-ix86+x86_64 2.10.0 54.00 265.00 319.00 NOTE --no-examples --no-tests --no-vignettes
r-oldrel-osx-x86_64 2.10.0 NOTE

Additional issues

MKL

Check Details

Version: 2.10.0
Check: installed package size
Result: NOTE
     installed size is 6.5Mb
     sub-directories of 1Mb or more:
     R 2.9Mb
     doc 2.6Mb
Flavors: r-devel-linux-x86_64-fedora-clang, r-patched-solaris-x86, r-release-osx-x86_64, r-oldrel-osx-x86_64

Version: 2.10.0
Flags: --no-examples --no-tests --no-vignettes
Check: installed package size
Result: NOTE
     installed size is 6.4Mb
     sub-directories of 1Mb or more:
     R 2.9Mb
     doc 2.6Mb
Flavors: r-devel-windows-ix86+x86_64, r-release-windows-ix86+x86_64, r-oldrel-windows-ix86+x86_64