CRAN Package Check Results for Package broomExtra

Last updated on 2019-08-23 22:49:55 CEST.

Flavor Version Tinstall Tcheck Ttotal Status Flags
r-devel-linux-x86_64-debian-clang 0.0.5 9.72 115.19 124.91 OK
r-devel-linux-x86_64-debian-gcc 0.0.5 OK
r-devel-linux-x86_64-fedora-clang 0.0.5 143.96 NOTE
r-devel-linux-x86_64-fedora-gcc 0.0.5 151.20 NOTE
r-devel-windows-ix86+x86_64 0.0.5 24.00 130.00 154.00 OK
r-patched-linux-x86_64 0.0.5 6.76 113.53 120.29 OK
r-patched-solaris-x86 0.0.5 220.80 NOTE
r-release-linux-x86_64 0.0.5 9.07 112.57 121.64 OK
r-release-windows-ix86+x86_64 0.0.5 19.00 132.00 151.00 OK
r-release-osx-x86_64 0.0.5 NOTE
r-oldrel-windows-ix86+x86_64 0.0.5 19.00 172.00 191.00 OK
r-oldrel-osx-x86_64 0.0.5 NOTE

Check Details

Version: 0.0.5
Check: dependencies in R code
Result: NOTE
    Namespace in Imports field not imported from: ‘utils’
     All declared Imports should be used.
Flavors: r-devel-linux-x86_64-fedora-clang, r-devel-linux-x86_64-fedora-gcc, r-patched-solaris-x86, r-release-osx-x86_64, r-oldrel-osx-x86_64