CRAN Package Check Results for Package brotli

Last updated on 2019-09-18 22:52:32 CEST.

Flavor Version Tinstall Tcheck Ttotal Status Flags
r-devel-linux-x86_64-debian-clang 1.2 40.89 33.02 73.91 OK
r-devel-linux-x86_64-debian-gcc 1.2 24.40 26.59 50.99 OK
r-devel-linux-x86_64-fedora-clang 1.2 90.22 NOTE
r-devel-linux-x86_64-fedora-gcc 1.2 80.41 OK
r-devel-windows-ix86+x86_64 1.2 98.00 58.00 156.00 OK
r-patched-linux-x86_64 1.2 30.08 32.54 62.62 OK
r-patched-solaris-x86 1.2 139.80 NOTE
r-release-linux-x86_64 1.2 30.17 32.52 62.69 OK
r-release-windows-ix86+x86_64 1.2 71.00 54.00 125.00 OK
r-release-osx-x86_64 1.2 OK
r-oldrel-windows-ix86+x86_64 1.2 70.00 51.00 121.00 OK
r-oldrel-osx-x86_64 1.2 OK

Check Details

Version: 1.2
Check: installed package size
Result: NOTE
     installed size is 6.2Mb
     sub-directories of 1Mb or more:
     bin 2.5Mb
     doc 1.1Mb
     libs 2.5Mb
Flavors: r-devel-linux-x86_64-fedora-clang, r-patched-solaris-x86