CRAN Package Check Results for Package brotli

Last updated on 2020-02-24 22:50:19 CET.

Flavor Version Tinstall Tcheck Ttotal Status Flags
r-devel-linux-x86_64-debian-clang 1.2 44.56 35.36 79.92 OK
r-devel-linux-x86_64-debian-gcc 1.2 24.01 28.06 52.07 OK
r-devel-linux-x86_64-fedora-clang 1.2 93.35 NOTE
r-devel-linux-x86_64-fedora-gcc 1.2 84.14 OK
r-devel-windows-ix86+x86_64 1.2 75.00 58.00 133.00 OK
r-devel-windows-ix86+x86_64-gcc8 1.2 88.00 80.00 168.00 OK
r-patched-linux-x86_64 1.2 31.04 32.98 64.02 OK
r-patched-solaris-x86 1.2 131.30 NOTE
r-release-linux-x86_64 1.2 31.03 32.94 63.97 OK
r-release-windows-ix86+x86_64 1.2 63.00 52.00 115.00 OK
r-release-osx-x86_64 1.2 OK
r-oldrel-windows-ix86+x86_64 1.2 102.00 54.00 156.00 OK
r-oldrel-osx-x86_64 1.2 OK

Check Details

Version: 1.2
Check: installed package size
Result: NOTE
     installed size is 6.2Mb
     sub-directories of 1Mb or more:
     bin 2.5Mb
     doc 1.1Mb
     libs 2.5Mb
Flavors: r-devel-linux-x86_64-fedora-clang, r-patched-solaris-x86