CRAN Package Check Results for Package bruceR

Last updated on 2021-08-05 22:54:39 CEST.

Flavor Version Tinstall Tcheck Ttotal Status Flags
r-devel-linux-x86_64-debian-clang 0.7.2 15.65 139.89 155.54 OK
r-devel-linux-x86_64-debian-gcc 0.7.2 12.62 102.88 115.50 OK
r-devel-linux-x86_64-fedora-clang 0.7.2 189.47 OK
r-devel-linux-x86_64-fedora-gcc 0.7.2 177.35 OK
r-devel-windows-x86_64 0.7.2 24.00 177.00 201.00 OK
r-devel-windows-x86_64-gcc10-UCRT 0.7.2 ERROR
r-patched-linux-x86_64 0.7.2 15.49 128.69 144.18 OK
r-patched-solaris-x86 0.7.2 244.00 OK
r-release-linux-x86_64 0.7.2 14.11 129.98 144.09 OK
r-release-macos-arm64 0.7.2 OK
r-release-macos-x86_64 0.7.2 OK
r-release-windows-ix86+x86_64 0.7.2 36.00 168.00 204.00 OK
r-oldrel-macos-x86_64 0.7.2 OK
r-oldrel-windows-ix86+x86_64 0.7.2 39.00 177.00 216.00 OK

Check Details

Version: 0.7.2
Check: package dependencies
Result: ERROR
    Packages required but not available:
     'jmv', 'ggplot2', 'ggtext', 'cowplot', 'see'
    
    Packages suggested but not available for checking:
     'rio', 'dplyr', 'tidyr', 'forcats', 'car', 'afex', 'mediation',
     'interactions', 'jtools', 'lmerTest', 'GGally'
    
    See section 'The DESCRIPTION file' in the 'Writing R Extensions'
    manual.
Flavor: r-devel-windows-x86_64-gcc10-UCRT