CRAN Package Check Results for Package bsam

Last updated on 2019-09-21 22:48:53 CEST.

Flavor Version Tinstall Tcheck Ttotal Status Flags
r-devel-linux-x86_64-debian-clang 1.1.2 10.04 73.65 83.69 OK
r-devel-linux-x86_64-debian-gcc 1.1.2 9.02 57.00 66.02 OK
r-devel-linux-x86_64-fedora-clang 1.1.2 101.50 NOTE
r-devel-linux-x86_64-fedora-gcc 1.1.2 98.24 NOTE
r-devel-windows-ix86+x86_64 1.1.2 38.00 100.00 138.00 OK
r-patched-linux-x86_64 1.1.2 9.68 70.07 79.75 OK
r-patched-solaris-x86 1.1.2 169.80 NOTE
r-release-linux-x86_64 1.1.2 9.81 69.81 79.62 OK
r-release-windows-ix86+x86_64 1.1.2 21.00 88.00 109.00 OK
r-release-osx-x86_64 1.1.2 NOTE
r-oldrel-windows-ix86+x86_64 1.1.2 14.00 85.00 99.00 OK
r-oldrel-osx-x86_64 1.1.2 NOTE

Check Details

Version: 1.1.2
Check: dependencies in R code
Result: NOTE
    Namespaces in Imports field not imported from:
     ‘rworldxtra’ ‘sp’
     All declared Imports should be used.
Flavors: r-devel-linux-x86_64-fedora-clang, r-devel-linux-x86_64-fedora-gcc, r-patched-solaris-x86, r-release-osx-x86_64, r-oldrel-osx-x86_64