CRAN Package Check Results for Package bsam

Last updated on 2020-02-21 22:51:02 CET.

Flavor Version Tinstall Tcheck Ttotal Status Flags
r-devel-linux-x86_64-debian-clang 1.1.2 13.25 82.59 95.84 OK
r-devel-linux-x86_64-debian-gcc 1.1.2 9.37 62.76 72.13 OK
r-devel-linux-x86_64-fedora-clang 1.1.2 112.34 NOTE
r-devel-linux-x86_64-fedora-gcc 1.1.2 107.23 NOTE
r-devel-windows-ix86+x86_64 1.1.2 24.00 85.00 109.00 OK
r-devel-windows-ix86+x86_64-gcc8 1.1.2 24.00 126.00 150.00 OK
r-patched-linux-x86_64 1.1.2 OK
r-patched-solaris-x86 1.1.2 168.20 NOTE
r-release-linux-x86_64 1.1.2 11.17 70.94 82.11 OK
r-release-windows-ix86+x86_64 1.1.2 23.00 89.00 112.00 OK
r-release-osx-x86_64 1.1.2 NOTE
r-oldrel-windows-ix86+x86_64 1.1.2 14.00 82.00 96.00 OK
r-oldrel-osx-x86_64 1.1.2 NOTE

Check Details

Version: 1.1.2
Check: dependencies in R code
Result: NOTE
    Namespaces in Imports field not imported from:
     ‘rworldxtra’ ‘sp’
     All declared Imports should be used.
Flavors: r-devel-linux-x86_64-fedora-clang, r-devel-linux-x86_64-fedora-gcc, r-patched-solaris-x86, r-release-osx-x86_64, r-oldrel-osx-x86_64