Last updated on 2024-04-23 22:55:17 CEST.
Flavor | Version | Tinstall | Tcheck | Ttotal | Status | Flags |
---|---|---|---|---|---|---|
r-devel-linux-x86_64-debian-clang | 1.2.5 | 99.48 | 107.32 | 206.80 | OK | |
r-devel-linux-x86_64-debian-gcc | 1.2.5 | 78.10 | 75.21 | 153.31 | OK | |
r-devel-linux-x86_64-fedora-clang | 1.2.5 | 262.50 | NOTE | |||
r-devel-linux-x86_64-fedora-gcc | 1.2.5 | 259.03 | OK | |||
r-prerel-macos-arm64 | 1.2.5 | 95.00 | OK | |||
r-prerel-macos-x86_64 | 1.2.5 | 142.00 | OK | |||
r-prerel-windows-x86_64 | 1.2.5 | 87.00 | 99.00 | 186.00 | OK | |
r-patched-linux-x86_64 | 1.2.5 | 96.91 | 100.48 | 197.39 | OK | |
r-release-linux-x86_64 | 1.2.5 | 88.14 | 100.07 | 188.21 | OK | |
r-release-macos-arm64 | 1.2.5 | 80.00 | OK | |||
r-release-macos-x86_64 | 1.2.5 | 112.00 | OK | |||
r-release-windows-x86_64 | 1.2.5 | 98.00 | 119.00 | 217.00 | OK | |
r-oldrel-macos-arm64 | 1.2.5 | 107.00 | OK | |||
r-oldrel-windows-x86_64 | 1.2.5 | 95.00 | 116.00 | 211.00 | OK |
Version: 1.2.5
Check: installed package size
Result: NOTE
installed size is 7.3Mb
sub-directories of 1Mb or more:
libs 6.6Mb
Flavor: r-devel-linux-x86_64-fedora-clang