CRAN Package Check Results for Package bsearchtools

Last updated on 2021-08-03 22:53:14 CEST.

Flavor Version Tinstall Tcheck Ttotal Status Flags
r-devel-linux-x86_64-debian-clang 0.0.61 21.85 29.60 51.45 OK
r-devel-linux-x86_64-debian-gcc 0.0.61 14.34 23.53 37.87 OK
r-devel-linux-x86_64-fedora-clang 0.0.61 78.72 NOTE
r-devel-linux-x86_64-fedora-gcc 0.0.61 63.12 OK
r-devel-windows-x86_64 0.0.61 24.00 58.00 82.00 OK
r-devel-windows-x86_64-gcc10-UCRT 0.0.61 OK
r-patched-linux-x86_64 0.0.61 17.96 28.83 46.79 OK
r-patched-solaris-x86 0.0.61 82.80 OK
r-release-linux-x86_64 0.0.61 17.13 28.90 46.03 OK
r-release-macos-arm64 0.0.61 OK
r-release-macos-x86_64 0.0.61 OK
r-release-windows-ix86+x86_64 0.0.61 51.00 60.00 111.00 OK
r-oldrel-macos-x86_64 0.0.61 OK
r-oldrel-windows-ix86+x86_64 0.0.61 42.00 71.00 113.00 OK

Check Details

Version: 0.0.61
Check: Rd cross-references
Result: NOTE
    Undeclared package ‘data.table’ in Rd xrefs
Flavor: r-devel-linux-x86_64-fedora-clang