CRAN Package Check Results for Package bsplus

Last updated on 2019-09-17 22:48:03 CEST.

Flavor Version Tinstall Tcheck Ttotal Status Flags
r-devel-linux-x86_64-debian-clang 0.1.1 3.49 32.58 36.07 OK
r-devel-linux-x86_64-debian-gcc 0.1.1 3.40 26.37 29.77 OK
r-devel-linux-x86_64-fedora-clang 0.1.1 45.14 NOTE
r-devel-linux-x86_64-fedora-gcc 0.1.1 43.91 NOTE
r-devel-windows-ix86+x86_64 0.1.1 14.00 47.00 61.00 OK
r-patched-linux-x86_64 0.1.1 2.74 32.35 35.09 OK
r-patched-solaris-x86 0.1.1 77.60 NOTE
r-release-linux-x86_64 0.1.1 3.12 32.77 35.89 OK
r-release-windows-ix86+x86_64 0.1.1 8.00 44.00 52.00 OK
r-release-osx-x86_64 0.1.1 NOTE
r-oldrel-windows-ix86+x86_64 0.1.1 6.00 65.00 71.00 OK
r-oldrel-osx-x86_64 0.1.1 NOTE

Check Details

Version: 0.1.1
Check: dependencies in R code
Result: NOTE
    Namespace in Imports field not imported from: ‘methods’
     All declared Imports should be used.
Flavors: r-devel-linux-x86_64-fedora-clang, r-devel-linux-x86_64-fedora-gcc, r-patched-solaris-x86, r-release-osx-x86_64, r-oldrel-osx-x86_64