CRAN Package Check Results for Package bsplus

Last updated on 2020-02-17 22:49:26 CET.

Flavor Version Tinstall Tcheck Ttotal Status Flags
r-devel-linux-x86_64-debian-clang 0.1.1 4.68 38.02 42.70 OK
r-devel-linux-x86_64-debian-gcc 0.1.1 3.80 30.11 33.91 OK
r-devel-linux-x86_64-fedora-clang 0.1.1 52.55 NOTE
r-devel-linux-x86_64-fedora-gcc 0.1.1 51.36 NOTE
r-devel-windows-ix86+x86_64 0.1.1 8.00 48.00 56.00 OK
r-devel-windows-ix86+x86_64-gcc8 0.1.1 13.00 70.00 83.00 OK
r-patched-linux-x86_64 0.1.1 3.35 33.32 36.67 OK
r-patched-solaris-x86 0.1.1 78.40 NOTE
r-release-linux-x86_64 0.1.1 3.54 33.61 37.15 OK
r-release-windows-ix86+x86_64 0.1.1 8.00 48.00 56.00 OK
r-release-osx-x86_64 0.1.1 NOTE
r-oldrel-windows-ix86+x86_64 0.1.1 5.00 48.00 53.00 OK
r-oldrel-osx-x86_64 0.1.1 NOTE

Check Details

Version: 0.1.1
Check: dependencies in R code
Result: NOTE
    Namespace in Imports field not imported from: ‘methods’
     All declared Imports should be used.
Flavors: r-devel-linux-x86_64-fedora-clang, r-devel-linux-x86_64-fedora-gcc, r-patched-solaris-x86, r-release-osx-x86_64, r-oldrel-osx-x86_64