CRAN Package Check Results for Package bssm

Last updated on 2021-12-07 22:59:25 CET.

Flavor Version Tinstall Tcheck Ttotal Status Flags
r-devel-linux-x86_64-debian-clang 2.0.0 683.55 483.03 1166.58 OK
r-devel-linux-x86_64-debian-gcc 2.0.0 504.07 310.24 814.31 OK
r-devel-linux-x86_64-fedora-clang 2.0.0 1663.83 NOTE
r-devel-linux-x86_64-fedora-gcc 2.0.0 1510.91 OK
r-devel-windows-x86_64-new-UL 2.0.0 814.00 560.00 1374.00 NOTE
r-devel-windows-x86_64-new-TK 2.0.0 OK
r-devel-windows-x86_64-old 2.0.0 861.00 545.00 1406.00 NOTE
r-patched-linux-x86_64 2.0.0 598.33 417.64 1015.97 OK
r-release-linux-x86_64 2.0.0 603.51 421.86 1025.37 OK
r-release-macos-arm64 2.0.0 NOTE
r-release-macos-x86_64 2.0.0 NOTE
r-release-windows-ix86+x86_64 2.0.0 1189.00 611.00 1800.00 NOTE
r-oldrel-macos-x86_64 2.0.0 NOTE
r-oldrel-windows-ix86+x86_64 2.0.0 1282.00 670.00 1952.00 NOTE

Check Details

Version: 2.0.0
Check: installed package size
Result: NOTE
     installed size is 33.4Mb
     sub-directories of 1Mb or more:
     data 1.1Mb
     doc 3.2Mb
     libs 28.5Mb
Flavors: r-devel-linux-x86_64-fedora-clang, r-devel-windows-x86_64-new-UL, r-devel-windows-x86_64-old, r-release-macos-arm64, r-release-macos-x86_64, r-release-windows-ix86+x86_64, r-oldrel-macos-x86_64, r-oldrel-windows-ix86+x86_64