Last updated on 2023-09-25 22:12:34 CEST.
Flavor | Version | Tinstall | Tcheck | Ttotal | Status | Flags |
---|---|---|---|---|---|---|
r-devel-linux-x86_64-debian-clang | 1.0.0 | 173.12 | 65.22 | 238.34 | NOTE | |
r-devel-linux-x86_64-debian-gcc | 1.0.0 | 133.13 | 51.98 | 185.11 | NOTE | |
r-devel-linux-x86_64-fedora-clang | 1.0.0 | 368.33 | NOTE | |||
r-devel-linux-x86_64-fedora-gcc | 1.0.0 | 374.34 | NOTE | |||
r-devel-windows-x86_64 | 1.0.0 | 133.00 | 112.00 | 245.00 | NOTE | |
r-patched-linux-x86_64 | 1.0.0 | 178.20 | 61.04 | 239.24 | NOTE | |
r-release-linux-x86_64 | 1.0.0 | 187.72 | 64.12 | 251.84 | NOTE | |
r-release-macos-arm64 | 1.0.0 | 94.00 | NOTE | |||
r-release-macos-x86_64 | 1.0.0 | 164.00 | NOTE | |||
r-release-windows-x86_64 | 1.0.0 | 176.00 | 118.00 | 294.00 | NOTE | |
r-oldrel-macos-arm64 | 1.0.0 | 95.00 | NOTE | |||
r-oldrel-macos-x86_64 | 1.0.0 | 112.00 | NOTE | |||
r-oldrel-windows-x86_64 | 1.0.0 | 169.00 | 110.00 | 279.00 | OK |
Version: 1.0.0
Check: C++ specification
Result: NOTE
Specified C++11: please drop specification unless essential
Flavors: r-devel-linux-x86_64-debian-clang, r-devel-linux-x86_64-debian-gcc, r-devel-linux-x86_64-fedora-clang, r-devel-linux-x86_64-fedora-gcc, r-devel-windows-x86_64, r-patched-linux-x86_64, r-release-linux-x86_64, r-release-macos-arm64, r-release-macos-x86_64, r-release-windows-x86_64
Version: 1.0.0
Check: installed package size
Result: NOTE
installed size is 8.5Mb
sub-directories of 1Mb or more:
libs 7.7Mb
Flavors: r-release-macos-arm64, r-release-macos-x86_64, r-oldrel-macos-arm64, r-oldrel-macos-x86_64