Last updated on 2024-04-18 22:52:33 CEST.
Flavor | Version | Tinstall | Tcheck | Ttotal | Status | Flags |
---|---|---|---|---|---|---|
r-devel-linux-x86_64-debian-clang | 2.1.0 | 252.47 | 105.48 | 357.95 | OK | |
r-devel-linux-x86_64-debian-gcc | 2.1.0 | 201.59 | 82.84 | 284.43 | OK | |
r-devel-linux-x86_64-fedora-clang | 2.1.0 | 510.89 | OK | |||
r-devel-linux-x86_64-fedora-gcc | 2.1.0 | 537.27 | OK | |||
r-prerel-macos-arm64 | 2.1.0 | 131.00 | NOTE | |||
r-prerel-windows-x86_64 | 2.1.0 | 183.00 | 158.00 | 341.00 | OK | |
r-patched-linux-x86_64 | 2.1.0 | 264.95 | 104.39 | 369.34 | OK | |
r-release-linux-x86_64 | 2.1.0 | 238.16 | 106.17 | 344.33 | OK | |
r-release-macos-arm64 | 2.1.0 | 141.00 | NOTE | |||
r-release-macos-x86_64 | 2.1.0 | 216.00 | NOTE | |||
r-release-windows-x86_64 | 2.1.0 | 218.00 | 170.00 | 388.00 | OK | |
r-oldrel-macos-arm64 | 2.1.0 | 137.00 | NOTE | |||
r-oldrel-windows-x86_64 | 2.1.0 | 227.00 | 153.00 | 380.00 | OK |
Version: 2.1.0
Check: installed package size
Result: NOTE
installed size is 12.1Mb
sub-directories of 1Mb or more:
libs 11.0Mb
Flavors: r-prerel-macos-arm64, r-release-macos-arm64, r-release-macos-x86_64, r-oldrel-macos-arm64