Last updated on 2024-04-23 22:55:17 CEST.
Flavor | Version | Tinstall | Tcheck | Ttotal | Status | Flags |
---|---|---|---|---|---|---|
r-devel-linux-x86_64-debian-clang | 0.2.0 | 90.38 | 160.69 | 251.07 | NOTE | |
r-devel-linux-x86_64-debian-gcc | 0.2.0 | 74.58 | 118.12 | 192.70 | NOTE | |
r-devel-linux-x86_64-fedora-clang | 0.2.0 | 357.34 | NOTE | |||
r-devel-linux-x86_64-fedora-gcc | 0.2.0 | 356.24 | NOTE | |||
r-prerel-macos-arm64 | 0.2.0 | 87.00 | NOTE | |||
r-prerel-windows-x86_64 | 0.2.0 | 81.00 | 158.00 | 239.00 | NOTE | |
r-patched-linux-x86_64 | 0.2.0 | 94.82 | 150.20 | 245.02 | NOTE | |
r-release-linux-x86_64 | 0.2.0 | 88.99 | 148.44 | 237.43 | NOTE | |
r-release-macos-arm64 | 0.2.0 | 96.00 | NOTE | |||
r-release-macos-x86_64 | 0.2.0 | 156.00 | NOTE | |||
r-release-windows-x86_64 | 0.2.0 | 98.00 | 185.00 | 283.00 | NOTE | |
r-oldrel-macos-arm64 | 0.2.0 | 89.00 | OK | |||
r-oldrel-windows-x86_64 | 0.2.0 | 99.00 | 187.00 | 286.00 | OK |
Version: 0.2.0
Check: C++ specification
Result: NOTE
Specified C++11: please drop specification unless essential
Flavors: r-devel-linux-x86_64-debian-clang, r-devel-linux-x86_64-debian-gcc, r-devel-linux-x86_64-fedora-clang, r-devel-linux-x86_64-fedora-gcc, r-prerel-macos-arm64, r-prerel-windows-x86_64, r-patched-linux-x86_64, r-release-linux-x86_64, r-release-macos-arm64, r-release-macos-x86_64, r-release-windows-x86_64