CRAN Package Check Results for Package btergm

Last updated on 2021-05-16 22:49:43 CEST.

Flavor Version Tinstall Tcheck Ttotal Status Flags
r-devel-linux-x86_64-debian-clang 1.9.13 18.66 161.66 180.32 OK
r-devel-linux-x86_64-debian-gcc 1.9.13 13.21 122.01 135.22 OK
r-devel-linux-x86_64-fedora-clang 1.9.13 216.96 OK
r-devel-linux-x86_64-fedora-gcc 1.9.13 158.05 OK
r-devel-windows-ix86+x86_64 1.9.13 41.00 190.00 231.00 OK
r-devel-windows-x86_64-gcc10-UCRT 1.9.13 OK
r-patched-linux-x86_64 1.9.13 18.54 150.52 169.06 OK
r-patched-solaris-x86 1.9.13 269.30 OK
r-release-linux-x86_64 1.9.13 16.66 146.32 162.98 OK
r-release-macos-x86_64 1.9.13 OK
r-release-windows-ix86+x86_64 1.9.13 26.00 136.00 162.00 OK
r-oldrel-macos-x86_64 1.9.13 WARN
r-oldrel-windows-ix86+x86_64 1.9.13 21.00 175.00 196.00 OK

Check Details

Version: 1.9.13
Check: dependencies in R code
Result: NOTE
    No protocol specified
    No protocol specified
Flavor: r-oldrel-macos-x86_64

Version: 1.9.13
Check: S3 generic/method consistency
Result: WARN
    No protocol specified
    No protocol specified
    See section ‘Generic functions and methods’ in the ‘Writing R
    Extensions’ manual.
Flavor: r-oldrel-macos-x86_64

Version: 1.9.13
Check: replacement functions
Result: WARN
    No protocol specified
    No protocol specified
    The argument of a replacement function which corresponds to the right
    hand side must be named ‘value’.
Flavor: r-oldrel-macos-x86_64

Version: 1.9.13
Check: foreign function calls
Result: NOTE
    No protocol specified
    No protocol specified
    See chapter ‘System and foreign language interfaces’ in the ‘Writing R
    Extensions’ manual.
Flavor: r-oldrel-macos-x86_64

Version: 1.9.13
Check: R code for possible problems
Result: NOTE
    No protocol specified
    No protocol specified
Flavor: r-oldrel-macos-x86_64

Version: 1.9.13
Check: for missing documentation entries
Result: WARN
    No protocol specified
    No protocol specified
    All user-level objects in a package should have documentation entries.
    See chapter ‘Writing R documentation files’ in the ‘Writing R
    Extensions’ manual.
Flavor: r-oldrel-macos-x86_64

Version: 1.9.13
Check: for code/documentation mismatches
Result: WARN
    No protocol specified
    No protocol specified
    No protocol specified
    No protocol specified
    No protocol specified
    No protocol specified
Flavor: r-oldrel-macos-x86_64

Version: 1.9.13
Check: Rd \usage sections
Result: NOTE
    No protocol specified
    No protocol specified
    The \usage entries for S3 methods should use the \method markup and not
    their full name.
    See chapter ‘Writing R documentation files’ in the ‘Writing R
    Extensions’ manual.
Flavor: r-oldrel-macos-x86_64