CRAN Package Check Results for Package bucky

Last updated on 2021-12-02 22:55:47 CET.

Flavor Version Tinstall Tcheck Ttotal Status Flags
r-devel-linux-x86_64-debian-clang 1.0.6 3.18 36.74 39.92 OK
r-devel-linux-x86_64-debian-gcc 1.0.6 2.49 28.54 31.03 OK
r-devel-linux-x86_64-fedora-clang 1.0.6 58.73 NOTE
r-devel-linux-x86_64-fedora-gcc 1.0.6 48.11 OK
r-devel-windows-x86_64-new-UL 1.0.6 8.00 76.00 84.00 OK
r-devel-windows-x86_64-new-TK 1.0.6 OK
r-devel-windows-x86_64-old 1.0.6 7.00 46.00 53.00 OK
r-patched-linux-x86_64 1.0.6 3.21 34.57 37.78 OK
r-patched-solaris-x86 1.0.6 73.90 OK
r-release-linux-x86_64 1.0.6 2.80 34.92 37.72 OK
r-release-macos-arm64 1.0.6 OK
r-release-macos-x86_64 1.0.6 OK
r-release-windows-ix86+x86_64 1.0.6 9.00 57.00 66.00 OK
r-oldrel-macos-x86_64 1.0.6 OK
r-oldrel-windows-ix86+x86_64 1.0.6 9.00 56.00 65.00 OK

Check Details

Version: 1.0.6
Check: Rd cross-references
Result: NOTE
    Undeclared package ‘mitools’ in Rd xrefs
Flavor: r-devel-linux-x86_64-fedora-clang