CRAN Package Check Results for Package bvarsv

Last updated on 2024-07-18 22:49:50 CEST.

Flavor Version Tinstall Tcheck Ttotal Status Flags
r-devel-linux-x86_64-debian-clang 1.1 46.83 36.08 82.91 OK
r-devel-linux-x86_64-debian-gcc 1.1 27.79 26.53 54.32 OK
r-devel-linux-x86_64-fedora-clang 1.1 115.70 NOTE
r-devel-linux-x86_64-fedora-gcc 1.1 115.86 NOTE
r-devel-windows-x86_64 1.1 35.00 66.00 101.00 OK
r-patched-linux-x86_64 1.1 35.78 33.01 68.79 OK
r-release-linux-x86_64 1.1 32.98 33.87 66.85 OK
r-release-macos-arm64 1.1 30.00 OK
r-release-macos-x86_64 1.1 45.00 OK
r-release-windows-x86_64 1.1 35.00 62.00 97.00 OK
r-oldrel-macos-arm64 1.1 35.00 OK
r-oldrel-macos-x86_64 1.1 51.00 OK
r-oldrel-windows-x86_64 1.1 45.00 74.00 119.00 OK

Check Details

Version: 1.1
Check: compiled code
Result: NOTE File ‘bvarsv/libs/bvarsv.so’: Found no calls to: ‘R_registerRoutines’, ‘R_useDynamicSymbols’ It is good practice to register native routines and to disable symbol search. See ‘Writing portable packages’ in the ‘Writing R Extensions’ manual. Flavors: r-devel-linux-x86_64-fedora-clang, r-devel-linux-x86_64-fedora-gcc