CRAN Package Check Results for Package bvartools

Last updated on 2021-08-04 22:55:06 CEST.

Flavor Version Tinstall Tcheck Ttotal Status Flags
r-devel-linux-x86_64-debian-clang 0.2.0 274.97 196.34 471.31 OK
r-devel-linux-x86_64-debian-gcc 0.2.0 199.58 148.98 348.56 OK
r-devel-linux-x86_64-fedora-clang 0.2.0 652.81 NOTE
r-devel-linux-x86_64-fedora-gcc 0.2.0 619.77 OK
r-devel-windows-x86_64 0.2.0 255.00 239.00 494.00 OK
r-devel-windows-x86_64-gcc10-UCRT 0.2.0 OK
r-patched-linux-x86_64 0.2.0 233.25 187.73 420.98 OK
r-patched-solaris-x86 0.2.0 588.40 OK
r-release-linux-x86_64 0.2.0 227.57 189.87 417.44 OK
r-release-macos-arm64 0.2.0 NOTE
r-release-macos-x86_64 0.2.0 NOTE
r-release-windows-ix86+x86_64 0.2.0 629.00 263.00 892.00 OK
r-oldrel-macos-x86_64 0.2.0 NOTE
r-oldrel-windows-ix86+x86_64 0.2.0 464.00 256.00 720.00 OK

Check Details

Version: 0.2.0
Check: installed package size
Result: NOTE
     installed size is 16.7Mb
     sub-directories of 1Mb or more:
     libs 15.5Mb
Flavors: r-devel-linux-x86_64-fedora-clang, r-release-macos-arm64, r-release-macos-x86_64, r-oldrel-macos-x86_64