Last updated on 2024-04-19 22:55:40 CEST.
Flavor | Version | Tinstall | Tcheck | Ttotal | Status | Flags |
---|---|---|---|---|---|---|
r-devel-linux-x86_64-debian-clang | 0.3.1 | 6.57 | 49.83 | 56.40 | NOTE | |
r-devel-linux-x86_64-debian-gcc | 0.3.1 | NOTE | ||||
r-devel-linux-x86_64-fedora-clang | 0.3.1 | 73.40 | NOTE | |||
r-devel-linux-x86_64-fedora-gcc | 0.3.1 | 68.80 | NOTE | |||
r-prerel-macos-arm64 | 0.3.1 | 23.00 | NOTE | |||
r-prerel-windows-x86_64 | 0.3.1 | 6.00 | 56.00 | 62.00 | NOTE | |
r-patched-linux-x86_64 | 0.3.1 | 6.25 | 48.90 | 55.15 | NOTE | |
r-release-linux-x86_64 | 0.3.1 | 4.86 | 49.38 | 54.24 | NOTE | |
r-release-macos-arm64 | 0.3.1 | 23.00 | NOTE | |||
r-release-macos-x86_64 | 0.3.1 | 36.00 | NOTE | |||
r-release-windows-x86_64 | 0.3.1 | 8.00 | 61.00 | 69.00 | NOTE | |
r-oldrel-macos-arm64 | 0.3.1 | 24.00 | NOTE | |||
r-oldrel-windows-x86_64 | 0.3.1 | 8.00 | 65.00 | 73.00 | NOTE |
Version: 0.3.1
Check: LazyData
Result: NOTE
'LazyData' is specified without a 'data' directory
Flavors: r-devel-linux-x86_64-debian-clang, r-devel-linux-x86_64-debian-gcc, r-devel-linux-x86_64-fedora-clang, r-devel-linux-x86_64-fedora-gcc, r-prerel-macos-arm64, r-prerel-windows-x86_64, r-patched-linux-x86_64, r-release-linux-x86_64, r-release-macos-arm64, r-release-macos-x86_64, r-release-windows-x86_64, r-oldrel-macos-arm64, r-oldrel-windows-x86_64