CRAN Package Check Results for Package c2c

Last updated on 2021-12-02 22:55:47 CET.

Flavor Version Tinstall Tcheck Ttotal Status Flags
r-devel-linux-x86_64-debian-clang 0.1.0 2.02 22.60 24.62 NOTE
r-devel-linux-x86_64-debian-gcc 0.1.0 1.51 18.12 19.63 NOTE
r-devel-linux-x86_64-fedora-clang 0.1.0 42.50 NOTE
r-devel-linux-x86_64-fedora-gcc 0.1.0 31.62 NOTE
r-devel-windows-x86_64-new-UL 0.1.0 7.00 61.00 68.00 NOTE
r-devel-windows-x86_64-new-TK 0.1.0 NOTE
r-devel-windows-x86_64-old 0.1.0 4.00 31.00 35.00 NOTE
r-patched-linux-x86_64 0.1.0 1.85 21.34 23.19 NOTE
r-patched-solaris-x86 0.1.0 45.30 NOTE
r-release-linux-x86_64 0.1.0 1.84 21.23 23.07 NOTE
r-release-macos-arm64 0.1.0 NOTE
r-release-macos-x86_64 0.1.0 NOTE
r-release-windows-ix86+x86_64 0.1.0 6.00 39.00 45.00 NOTE
r-oldrel-macos-x86_64 0.1.0 OK
r-oldrel-windows-ix86+x86_64 0.1.0 5.00 38.00 43.00 OK

Check Details

Version: 0.1.0
Check: LazyData
Result: NOTE
     'LazyData' is specified without a 'data' directory
Flavors: r-devel-linux-x86_64-debian-clang, r-devel-linux-x86_64-debian-gcc, r-devel-linux-x86_64-fedora-clang, r-devel-linux-x86_64-fedora-gcc, r-devel-windows-x86_64-new-UL, r-devel-windows-x86_64-new-TK, r-devel-windows-x86_64-old, r-patched-linux-x86_64, r-patched-solaris-x86, r-release-linux-x86_64, r-release-macos-arm64, r-release-macos-x86_64, r-release-windows-ix86+x86_64