CRAN Package Check Results for Package c2c

Last updated on 2023-09-22 23:04:54 CEST.

Flavor Version Tinstall Tcheck Ttotal Status Flags
r-devel-linux-x86_64-debian-clang 0.1.0 2.39 24.25 26.64 NOTE
r-devel-linux-x86_64-debian-gcc 0.1.0 1.77 19.53 21.30 NOTE
r-devel-linux-x86_64-fedora-clang 0.1.0 34.75 NOTE
r-devel-linux-x86_64-fedora-gcc 0.1.0 45.92 NOTE
r-devel-windows-x86_64 0.1.0 3.00 42.00 45.00 NOTE
r-patched-linux-x86_64 0.1.0 2.60 24.13 26.73 NOTE
r-release-linux-x86_64 0.1.0 2.38 24.67 27.05 NOTE
r-release-macos-arm64 0.1.0 21.00 NOTE
r-release-macos-x86_64 0.1.0 30.00 NOTE
r-release-windows-x86_64 0.1.0 3.00 44.00 47.00 NOTE
r-oldrel-macos-arm64 0.1.0 16.00 NOTE
r-oldrel-macos-x86_64 0.1.0 23.00 NOTE
r-oldrel-windows-x86_64 0.1.0 4.00 43.00 47.00 NOTE

Check Details

Version: 0.1.0
Check: LazyData
Result: NOTE
     'LazyData' is specified without a 'data' directory
Flavors: r-devel-linux-x86_64-debian-clang, r-devel-linux-x86_64-debian-gcc, r-devel-linux-x86_64-fedora-clang, r-devel-linux-x86_64-fedora-gcc, r-devel-windows-x86_64, r-patched-linux-x86_64, r-release-linux-x86_64, r-release-macos-arm64, r-release-macos-x86_64, r-release-windows-x86_64, r-oldrel-macos-arm64, r-oldrel-macos-x86_64, r-oldrel-windows-x86_64