CRAN Package Check Results for Package c3

Last updated on 2021-12-03 22:57:34 CET.

Flavor Version Tinstall Tcheck Ttotal Status Flags
r-devel-linux-x86_64-debian-clang 0.3.0 6.33 62.55 68.88 NOTE
r-devel-linux-x86_64-debian-gcc 0.3.0 3.96 46.21 50.17 NOTE
r-devel-linux-x86_64-fedora-clang 0.3.0 89.71 NOTE
r-devel-linux-x86_64-fedora-gcc 0.3.0 81.12 NOTE
r-devel-windows-x86_64-new-UL 0.3.0 18.00 110.00 128.00 NOTE
r-devel-windows-x86_64-new-TK 0.3.0 NOTE
r-devel-windows-x86_64-old 0.3.0 12.00 65.00 77.00 NOTE
r-patched-linux-x86_64 0.3.0 5.65 57.44 63.09 NOTE
r-release-linux-x86_64 0.3.0 5.81 56.60 62.41 NOTE
r-release-macos-arm64 0.3.0 NOTE
r-release-macos-x86_64 0.3.0 WARN
r-release-windows-ix86+x86_64 0.3.0 15.00 92.00 107.00 NOTE
r-oldrel-macos-x86_64 0.3.0 WARN
r-oldrel-windows-ix86+x86_64 0.3.0 16.00 85.00 101.00 OK

Check Details

Version: 0.3.0
Check: LazyData
Result: NOTE
     'LazyData' is specified without a 'data' directory
Flavors: r-devel-linux-x86_64-debian-clang, r-devel-linux-x86_64-debian-gcc, r-devel-linux-x86_64-fedora-clang, r-devel-linux-x86_64-fedora-gcc, r-devel-windows-x86_64-new-UL, r-devel-windows-x86_64-new-TK, r-devel-windows-x86_64-old, r-patched-linux-x86_64, r-release-linux-x86_64, r-release-macos-arm64, r-release-macos-x86_64, r-release-windows-ix86+x86_64

Version: 0.3.0
Check: re-building of vignette outputs
Result: WARN
    Error(s) in re-building vignettes:
    --- re-building ‘examples.Rmd’ using rmarkdown
    Warning in engine$weave(file, quiet = quiet, encoding = enc) :
     Pandoc (>= 1.12.3) not available. Falling back to R Markdown v1.
    
    Attaching package: 'dplyr'
    
    The following objects are masked from 'package:stats':
    
     filter, lag
    
    The following objects are masked from 'package:base':
    
     intersect, setdiff, setequal, union
    
    
    Attaching package: 'c3'
    
    The following objects are masked from 'package:graphics':
    
     grid, legend
    
    PhantomJS not found. You can install it with webshot::install_phantomjs(). If it is installed, please make sure the phantomjs executable can be found via the PATH variable.
    PhantomJS not found. You can install it with webshot::install_phantomjs(). If it is installed, please make sure the phantomjs executable can be found via the PATH variable.
    Quitting from lines 53-62 (examples.Rmd)
    Error: processing vignette 'examples.Rmd' failed with diagnostics:
    invalid 'path' argument
    --- failed re-building ‘examples.Rmd’
    
    SUMMARY: processing the following file failed:
     ‘examples.Rmd’
    
    Error: Vignette re-building failed.
    Execution halted
Flavor: r-release-macos-x86_64

Version: 0.3.0
Check: re-building of vignette outputs
Result: WARN
    Error(s) in re-building vignettes:
    --- re-building ‘examples.Rmd’ using rmarkdown
    Warning in engine$weave(file, quiet = quiet, encoding = enc) :
     Pandoc (>= 1.12.3) and/or pandoc-citeproc not available. Falling back to R Markdown v1.
    
    Attaching package: 'dplyr'
    
    The following objects are masked from 'package:stats':
    
     filter, lag
    
    The following objects are masked from 'package:base':
    
     intersect, setdiff, setequal, union
    
    
    Attaching package: 'c3'
    
    The following object is masked from 'package:dplyr':
    
     %>%
    
    The following objects are masked from 'package:graphics':
    
     grid, legend
    
    PhantomJS not found. You can install it with webshot::install_phantomjs(). If it is installed, please make sure the phantomjs executable can be found via the PATH variable.
    Warning in normalizePath(f2) :
     path[1]="webshotb1e9250f61e.png": No such file or directory
    Warning in file(con, "rb") :
     cannot open file 'webshotb1e9250f61e.png': No such file or directory
    Quitting from lines 53-62 (examples.Rmd)
    Error: processing vignette 'examples.Rmd' failed with diagnostics:
    cannot open the connection
    --- failed re-building ‘examples.Rmd’
    
    SUMMARY: processing the following file failed:
     ‘examples.Rmd’
    
    Error: Vignette re-building failed.
    Execution halted
Flavor: r-oldrel-macos-x86_64