CRAN Package Check Results for Package c3

Last updated on 2023-09-28 23:08:41 CEST.

Flavor Version Tinstall Tcheck Ttotal Status Flags
r-devel-linux-x86_64-debian-clang 0.3.0 7.22 66.37 73.59 NOTE
r-devel-linux-x86_64-debian-gcc 0.3.0 5.40 50.23 55.63 NOTE
r-devel-linux-x86_64-fedora-clang 0.3.0 88.71 NOTE
r-devel-linux-x86_64-fedora-gcc 0.3.0 100.09 NOTE
r-devel-windows-x86_64 0.3.0 8.00 73.00 81.00 NOTE
r-patched-linux-x86_64 0.3.0 6.53 62.61 69.14 NOTE
r-release-linux-x86_64 0.3.0 6.28 62.50 68.78 NOTE
r-release-macos-arm64 0.3.0 34.00 NOTE
r-release-macos-x86_64 0.3.0 56.00 NOTE
r-release-windows-x86_64 0.3.0 10.00 84.00 94.00 NOTE
r-oldrel-macos-arm64 0.3.0 32.00 NOTE
r-oldrel-macos-x86_64 0.3.0 62.00 NOTE
r-oldrel-windows-x86_64 0.3.0 11.00 84.00 95.00 NOTE

Check Details

Version: 0.3.0
Check: LazyData
Result: NOTE
     'LazyData' is specified without a 'data' directory
Flavors: r-devel-linux-x86_64-debian-clang, r-devel-linux-x86_64-debian-gcc, r-devel-linux-x86_64-fedora-clang, r-devel-linux-x86_64-fedora-gcc, r-devel-windows-x86_64, r-patched-linux-x86_64, r-release-linux-x86_64, r-release-macos-arm64, r-release-macos-x86_64, r-release-windows-x86_64, r-oldrel-macos-arm64, r-oldrel-macos-x86_64, r-oldrel-windows-x86_64