CRAN Package Check Results for Package calendR

Last updated on 2024-06-13 22:49:21 CEST.

Flavor Version Tinstall Tcheck Ttotal Status Flags
r-devel-linux-x86_64-debian-clang 1.2 9.72 74.42 84.14 OK
r-devel-linux-x86_64-debian-gcc 1.2 0.23 1.55 1.78 ERROR
r-devel-linux-x86_64-fedora-clang 1.2 112.83 OK
r-devel-linux-x86_64-fedora-gcc 1.2 97.38 OK
r-devel-windows-x86_64 1.2 8.00 69.00 77.00 OK
r-patched-linux-x86_64 1.2 8.27 68.46 76.73 OK
r-release-linux-x86_64 1.2 8.16 69.55 77.71 OK
r-release-macos-arm64 1.2 33.00 OK
r-release-macos-x86_64 1.2 50.00 OK
r-release-windows-x86_64 1.2 8.00 69.00 77.00 OK
r-oldrel-macos-arm64 1.2 36.00 OK
r-oldrel-macos-x86_64 1.2 65.00 OK
r-oldrel-windows-x86_64 1.2 10.00 83.00 93.00 OK

Check Details

Version: 1.2
Check: package dependencies
Result: ERROR Packages required but not available: 'ggplot2', 'dplyr', 'forcats', 'suncalc', 'ggimage', 'gggibbous' See section ‘The DESCRIPTION file’ in the ‘Writing R Extensions’ manual. Flavor: r-devel-linux-x86_64-debian-gcc