Last updated on 2023-09-22 23:04:54 CEST.
Flavor | Version | Tinstall | Tcheck | Ttotal | Status | Flags |
---|---|---|---|---|---|---|
r-devel-linux-x86_64-debian-clang | 1.1 | 7.72 | 75.10 | 82.82 | NOTE | |
r-devel-linux-x86_64-debian-gcc | 1.1 | 7.42 | 53.97 | 61.39 | NOTE | |
r-devel-linux-x86_64-fedora-clang | 1.1 | 110.16 | NOTE | |||
r-devel-linux-x86_64-fedora-gcc | 1.1 | 102.17 | NOTE | |||
r-devel-windows-x86_64 | 1.1 | 9.00 | 70.00 | 79.00 | NOTE | |
r-patched-linux-x86_64 | 1.1 | 6.28 | 67.29 | 73.57 | NOTE | |
r-release-linux-x86_64 | 1.1 | 8.57 | 69.45 | 78.02 | NOTE | |
r-release-macos-arm64 | 1.1 | 30.00 | NOTE | |||
r-release-macos-x86_64 | 1.1 | 43.00 | NOTE | |||
r-release-windows-x86_64 | 1.1 | 10.00 | 77.00 | 87.00 | NOTE | |
r-oldrel-macos-arm64 | 1.1 | 30.00 | NOTE | |||
r-oldrel-macos-x86_64 | 1.1 | 60.00 | NOTE | |||
r-oldrel-windows-x86_64 | 1.1 | 11.00 | 80.00 | 91.00 | NOTE |
Version: 1.1
Check: LazyData
Result: NOTE
'LazyData' is specified without a 'data' directory
Flavors: r-devel-linux-x86_64-debian-clang, r-devel-linux-x86_64-debian-gcc, r-devel-linux-x86_64-fedora-clang, r-devel-linux-x86_64-fedora-gcc, r-devel-windows-x86_64, r-patched-linux-x86_64, r-release-linux-x86_64, r-release-macos-arm64, r-release-macos-x86_64, r-release-windows-x86_64, r-oldrel-macos-arm64, r-oldrel-macos-x86_64, r-oldrel-windows-x86_64