CRAN Package Check Results for Package callr

Last updated on 2022-08-19 22:53:12 CEST.

Flavor Version Tinstall Tcheck Ttotal Status Flags
r-devel-linux-x86_64-debian-clang 3.7.1 10.20 115.05 125.25 ERROR
r-devel-linux-x86_64-debian-gcc 3.7.1 6.41 90.18 96.59 ERROR
r-devel-linux-x86_64-fedora-clang 3.7.1 163.30 ERROR
r-devel-linux-x86_64-fedora-gcc 3.7.1 161.46 ERROR
r-devel-windows-x86_64 3.7.1 43.00 192.00 235.00 ERROR
r-patched-linux-x86_64 3.7.1 7.86 99.45 107.31 OK
r-release-linux-x86_64 3.7.1 OK
r-release-macos-arm64 3.7.1 55.00 OK
r-release-macos-x86_64 3.7.1 84.00 OK
r-release-windows-x86_64 3.7.1 41.00 157.00 198.00 OK
r-oldrel-macos-arm64 3.7.1 52.00 OK
r-oldrel-macos-x86_64 3.7.1 80.00 OK
r-oldrel-windows-ix86+x86_64 3.7.1 14.00 133.00 147.00 OK

Check Details

Version: 3.7.1
Check: PDF version of manual
Result: WARN
    LaTeX errors when creating PDF version.
    This typically indicates Rd problems.
    LaTeX errors found:
    ! LaTeX Error: Unknown graphics extension: .svg.
    
    See the LaTeX manual or LaTeX Companion for explanation.
    Type H <return> for immediate help.
     ...
    ! LaTeX Error: Unknown graphics extension: .svg.
    
    See the LaTeX manual or LaTeX Companion for explanation.
    Type H <return> for immediate help.
     ...
    ! LaTeX Error: Unknown graphics extension: .svg.
    
    See the LaTeX manual or LaTeX Companion for explanation.
    Type H <return> for immediate help.
     ...
    ! LaTeX Error: Unknown graphics extension: .svg.
    
    See the LaTeX manual or LaTeX Companion for explanation.
    Type H <return> for immediate help.
     ...
    ! LaTeX Error: Unknown graphics extension: .svg.
    
    See the LaTeX manual or LaTeX Companion for explanation.
    Type H <return> for immediate help.
     ...
    ! LaTeX Error: Unknown graphics extension: .svg.
    
    See the LaTeX manual or LaTeX Companion for explanation.
    Type H <return> for immediate help.
     ...
    ! LaTeX Error: Unknown graphics extension: .svg.
    
    See the LaTeX manual or LaTeX Companion for explanation.
    Type H <return> for immediate help.
     ...
    ! LaTeX Error: Unknown graphics extension: .svg.
    
    See the LaTeX manual or LaTeX Companion for explanation.
    Type H <return> for immediate help.
     ...
    ! LaTeX Error: Unknown graphics extension: .svg.
    
    See the LaTeX manual or LaTeX Companion for explanation.
    Type H <return> for immediate help.
     ...
    ! LaTeX Error: Unknown graphics extension: .svg.
    
    See the LaTeX manual or LaTeX Companion for explanation.
    Type H <return> for immediate help.
     ...
    ! LaTeX Error: Unknown graphics extension: .svg.
    
    See the LaTeX manual or LaTeX Companion for explanation.
    Type H <return> for immediate help.
     ...
    ! LaTeX Error: Unknown graphics extension: .svg.
    
    See the LaTeX manual or LaTeX Companion for explanation.
    Type H <return> for immediate help.
     ...
    ! LaTeX Error: Unknown graphics extension: .svg.
    
    See the LaTeX manual or LaTeX Companion for explanation.
    Type H <return> for immediate help.
     ...
    ! LaTeX Error: Unknown graphics extension: .svg.
    
    See the LaTeX manual or LaTeX Companion for explanation.
    Type H <return> for immediate help.
     ...
    ! LaTeX Error: Unknown graphics extension: .svg.
    
    See the LaTeX manual or LaTeX Companion for explanation.
    Type H <return> for immediate help.
     ...
    ! LaTeX Error: Unknown graphics extension: .svg.
    
    See the LaTeX manual or LaTeX Companion for explanation.
    Type H <return> for immediate help.
     ...
    ! LaTeX Error: Unknown graphics extension: .svg.
    
    See the LaTeX manual or LaTeX Companion for explanation.
    Type H <return> for immediate help.
     ...
    ! LaTeX Error: Unknown graphics extension: .svg.
    
    See the LaTeX manual or LaTeX Companion for explanation.
    Type H <return> for immediate help.
     ...
    ! LaTeX Error: Unknown graphics extension: .svg.
    
    See the LaTeX manual or LaTeX Companion for explanation.
    Type H <return> for immediate help.
     ...
    ! LaTeX Error: Unknown graphics extension: .svg.
    
    See the LaTeX manual or LaTeX Companion for explanation.
    Type H <return> for immediate help.
     ...
Flavors: r-devel-linux-x86_64-debian-clang, r-devel-linux-x86_64-debian-gcc, r-devel-linux-x86_64-fedora-clang, r-devel-linux-x86_64-fedora-gcc, r-devel-windows-x86_64

Version: 3.7.1
Check: PDF version of manual without index
Result: ERROR
Flavors: r-devel-linux-x86_64-debian-clang, r-devel-linux-x86_64-debian-gcc, r-devel-linux-x86_64-fedora-clang, r-devel-linux-x86_64-fedora-gcc, r-devel-windows-x86_64

Version: 3.7.1
Check: HTML version of manual
Result: NOTE
    Found the following HTML validation problems:
    r_process.html:60:5: Warning: missing </span> before </li>
    r_process.html:61:5: Warning: inserting implicit <span>
    r_process.html:61:5: Warning: missing </span> before </li>
    r_process.html:62:5: Warning: inserting implicit <span>
    r_process.html:62:5: Warning: missing </span> before </li>
    r_process.html:63:5: Warning: inserting implicit <span>
    r_process.html:63:5: Warning: missing </span> before </li>
    r_process.html:64:5: Warning: inserting implicit <span>
    r_process.html:64:5: Warning: missing </span> before </li>
    r_process.html:65:5: Warning: inserting implicit <span>
    r_process.html:65:5: Warning: missing </span> before </li>
    r_process.html:66:5: Warning: inserting implicit <span>
    r_process.html:66:5: Warning: missing </span> before </li>
    r_process.html:67:5: Warning: inserting implicit <span>
    r_process.html:67:5: Warning: missing </span> before </li>
    r_process.html:68:5: Warning: inserting implicit <span>
    r_process.html:68:5: Warning: missing </span> before </li>
    r_process.html:69:5: Warning: inserting implicit <span>
    r_process.html:69:5: Warning: missing </span> before </li>
    r_process.html:70:5: Warning: inserting implicit <span>
    r_process.html:70:5: Warning: missing </span> before </li>
    r_process.html:71:5: Warning: inserting implicit <span>
    r_process.html:71:5: Warning: missing </span> before </li>
    r_process.html:72:5: Warning: inserting implicit <span>
    r_process.html:72:5: Warning: missing </span> before </li>
    r_process.html:73:5: Warning: inserting implicit <span>
    r_process.html:73:5: Warning: missing </span> before </li>
    r_process.html:74:5: Warning: inserting implicit <span>
    r_process.html:74:5: Warning: missing </span> before </li>
    r_process.html:75:5: Warning: inserting implicit <span>
    r_process.html:75:5: Warning: missing </span> before </li>
    r_process.html:76:5: Warning: inserting implicit <span>
    r_process.html:76:5: Warning: missing </span> before </li>
    r_process.html:77:5: Warning: inserting implicit <span>
    r_process.html:77:5: Warning: missing </span> before </li>
    r_process.html:78:5: Warning: inserting implicit <span>
    r_process.html:78:5: Warning: missing </span> before </li>
    r_process.html:79:5: Warning: inserting implicit <span>
    r_process.html:79:5: Warning: missing </span> before </li>
    r_process.html:80:5: Warning: inserting implicit <span>
    r_process.html:80:5: Warning: missing </span> before </li>
    r_process.html:81:5: Warning: inserting implicit <span>
    r_process.html:81:5: Warning: missing </span> before </li>
    r_process.html:82:5: Warning: inserting implicit <span>
    r_process.html:82:5: Warning: missing </span> before </li>
    r_process.html:83:5: Warning: inserting implicit <span>
    r_process.html:83:5: Warning: missing </span> before </li>
    r_process.html:84:5: Warning: inserting implicit <span>
    r_process.html:84:5: Warning: missing </span> before </li>
    r_process.html:85:5: Warning: inserting implicit <span>
    r_process.html:85:5: Warning: missing </span> before </li>
    r_process.html:86:5: Warning: inserting implicit <span>
    r_process.html:86:5: Warning: missing </span> before </li>
    r_process.html:87:5: Warning: inserting implicit <span>
    r_process.html:87:5: Warning: missing </span> before </li>
    r_process.html:88:5: Warning: inserting implicit <span>
    r_process.html:88:5: Warning: missing </span> before </li>
    r_process.html:89:5: Warning: inserting implicit <span>
    r_process.html:89:5: Warning: missing </span> before </li>
    r_process.html:90:5: Warning: inserting implicit <span>
    r_process.html:90:5: Warning: missing </span> before </li>
    r_process.html:91:5: Warning: inserting implicit <span>
    r_process.html:91:5: Warning: missing </span> before </li>
    r_process.html:92:5: Warning: inserting implicit <span>
    r_process.html:92:5: Warning: missing </span> before </li>
    r_process.html:93:5: Warning: inserting implicit <span>
    r_process.html:93:5: Warning: missing </span> before </li>
    r_process.html:94:5: Warning: inserting implicit <span>
    r_process.html:94:5: Warning: missing </span> before </li>
    r_process.html:95:5: Warning: inserting implicit <span>
    r_process.html:95:5: Warning: missing </span> before </li>
    r_process.html:96:5: Warning: inserting implicit <span>
    r_process.html:96:5: Warning: missing </span> before </li>
    r_process.html:97:5: Warning: inserting implicit <span>
    r_process.html:97:5: Warning: missing </span> before </li>
    r_process.html:98:5: Warning: inserting implicit <span>
    r_process.html:98:5: Warning: missing </span> before </li>
    r_process.html:99:5: Warning: inserting implicit <span>
    r_process.html:99:5: Warning: missing </span> before </li>
    r_process.html:100:5: Warning: inserting implicit <span>
    r_process.html:100:5: Warning: missing </span> before </li>
    r_process.html:101:5: Warning: inserting implicit <span>
    r_process.html:101:5: Warning: missing </span> before </li>
    r_process.html:102:5: Warning: inserting implicit <span>
    r_process.html:102:5: Warning: missing </span> before </li>
    r_process.html:103:5: Warning: inserting implicit <span>
    r_process.html:103:5: Warning: missing </span> before </li>
    r_process.html:104:5: Warning: inserting implicit <span>
    r_process.html:104:5: Warning: missing </span> before </li>
    r_process.html:105:5: Warning: inserting implicit <span>
    r_process.html:105:5: Warning: missing </span> before </li>
    r_process.html:106:5: Warning: inserting implicit <span>
    r_process.html:106:5: Warning: missing </span> before </li>
    r_process.html:111:1: Warning: inserting implicit <span>
    r_process.html:111:1: Warning: missing </span> before <h4>
    r_process.html:115:5: Warning: inserting implicit <span>
    r_process.html:117:4: Warning: inserting implicit <span>
    r_process.html:121:1: Warning: inserting implicit <span>
    r_process.html:121:1: Warning: missing </span> before <h5>
    r_process.html:121:5: Warning: inserting implicit <span>
    r_process.html:123:16: Warning: inserting implicit <span>
    r_process.html:123:16: Warning: missing </span> before <pre>
    r_process.html:127:5: Warning: inserting implicit <span>
    r_process.html:130:1: Warning: inserting implicit <span>
    r_process.html:130:1: Warning: missing </span> before <dl>
    r_process.html:132:5: Warning: inserting implicit <span>
    r_process.html:132:34: Warning: inserting implicit <span>
    r_process.html:132:34: Warning: missing </span> before <p>
    r_process.html:132:37: Warning: inserting implicit <span>
    r_process.html:140:5: Warning: inserting implicit <span>
    r_process.html:142:4: Warning: inserting implicit <span>
    r_process.html:146:1: Warning: inserting implicit <span>
    r_process.html:146:1: Warning: missing </span> before <hr>
    r_process.html:147:1: Warning: inserting implicit <span>
    r_process.html:147:1: Warning: missing </span> before <h4>
    r_process.html:151:5: Warning: inserting implicit <span>
    r_process.html:153:4: Warning: inserting implicit <span>
    r_process.html:162:1: Warning: inserting implicit <span>
    r_process.html:162:1: Warning: missing </span> before <h5>
    r_process.html:162:5: Warning: inserting implicit <span>
    r_process.html:164:16: Warning: inserting implicit <span>
    r_process.html:164:16: Warning: missing </span> before <pre>
    r_process.html:168:5: Warning: inserting implicit <span>
    r_process.html:170:4: Warning: inserting implicit <span>
    r_process.html:175:1: Warning: inserting implicit <span>
    r_process.html:175:1: Warning: missing </span> before <hr>
    r_process.html:176:1: Warning: inserting implicit <span>
    r_process.html:176:1: Warning: missing </span> before <h4>
    r_process.html:180:5: Warning: inserting implicit <span>
    r_process.html:182:4: Warning: inserting implicit <span>
    r_process.html:187:1: Warning: inserting implicit <span>
    r_process.html:187:1: Warning: missing </span> before <h5>
    r_process.html:187:5: Warning: inserting implicit <span>
    r_process.html:189:16: Warning: inserting implicit <span>
    r_process.html:189:16: Warning: missing </span> before <pre>
    r_process.html:193:1: Warning: inserting implicit <span>
    r_process.html:193:1: Warning: missing </span> before <h4>
    r_process.html:197:5: Warning: inserting implicit <span>
    r_process.html:199:4: Warning: inserting implicit <span>
    r_process.html:203:1: Warning: inserting implicit <span>
    r_process.html:203:1: Warning: missing </span> before <h5>
    r_process.html:203:5: Warning: inserting implicit <span>
    r_process.html:205:16: Warning: inserting implicit <span>
    r_process.html:205:16: Warning: missing </span> before <pre>
    r_process.html:209:5: Warning: inserting implicit <span>
    r_process.html:212:1: Warning: inserting implicit <span>
    r_process.html:212:1: Warning: missing </span> before <dl>
    r_process.html:214:5: Warning: inserting implicit <span>
    r_process.html:214:31: Warning: inserting implicit <span>
    r_process.html:214:31: Warning: missing </span> before <p>
    r_process.html:214:34: Warning: inserting implicit <span>
    r_process.html:223:5: Warning: inserting implicit <span>
    r_session.html:107:5: Warning: missing </span> before </li>
    r_session.html:108:5: Warning: inserting implicit <span>
    r_session.html:108:5: Warning: missing </span> before </li>
    r_session.html:109:5: Warning: inserting implicit <span>
    r_session.html:109:5: Warning: missing </span> before </li>
    r_session.html:110:5: Warning: inserting implicit <span>
    r_session.html:110:5: Warning: missing </span> before </li>
    r_session.html:111:5: Warning: inserting implicit <span>
    r_session.html:111:5: Warning: missing </span> before </li>
    r_session.html:112:5: Warning: inserting implicit <span>
    r_session.html:112:5: Warning: missing </span> before </li>
    r_session.html:113:5: Warning: inserting implicit <span>
    r_session.html:113:5: Warning: missing </span> before </li>
    r_session.html:114:5: Warning: inserting implicit <span>
    r_session.html:114:5: Warning: missing </span> before </li>
    r_session.html:115:5: Warning: inserting implicit <span>
    r_session.html:115:5: Warning: missing </span> before </li>
    r_session.html:116:5: Warning: inserting implicit <span>
    r_session.html:116:5: Warning: missing </span> before </li>
    r_session.html:117:5: Warning: inserting implicit <span>
    r_session.html:117:5: Warning: missing </span> before </li>
    r_session.html:118:5: Warning: inserting implicit <span>
    r_session.html:118:5: Warning: missing </span> before </li>
    r_session.html:119:5: Warning: inserting implicit <span>
    r_session.html:119:5: Warning: missing </span> before </li>
    r_session.html:120:5: Warning: inserting implicit <span>
    r_session.html:120:5: Warning: missing </span> before </li>
    r_session.html:121:5: Warning: inserting implicit <span>
    r_session.html:121:5: Warning: missing </span> before </li>
    r_session.html:122:5: Warning: inserting implicit <span>
    r_session.html:122:5: Warning: missing </span> before </li>
    r_session.html:123:5: Warning: inserting implicit <span>
    r_session.html:123:5: Warning: missing </span> before </li>
    r_session.html:124:5: Warning: inserting implicit <span>
    r_session.html:124:5: Warning: missing </span> before </li>
    r_session.html:125:5: Warning: inserting implicit <span>
    r_session.html:125:5: Warning: missing </span> before </li>
    r_session.html:126:5: Warning: inserting implicit <span>
    r_session.html:126:5: Warning: missing </span> before </li>
    r_session.html:127:5: Warning: inserting implicit <span>
    r_session.html:127:5: Warning: missing </span> before </li>
    r_session.html:128:5: Warning: inserting implicit <span>
    r_session.html:128:5: Warning: missing </span> before </li>
    r_session.html:129:5: Warning: inserting implicit <span>
    r_session.html:129:5: Warning: missing </span> before </li>
    r_session.html:130:5: Warning: inserting implicit <span>
    r_session.html:130:5: Warning: missing </span> before </li>
    r_session.html:131:5: Warning: inserting implicit <span>
    r_session.html:131:5: Warning: missing </span> before </li>
    r_session.html:132:5: Warning: inserting implicit <span>
    r_session.html:132:5: Warning: missing </span> before </li>
    r_session.html:133:5: Warning: inserting implicit <span>
    r_session.html:133:5: Warning: missing </span> before </li>
    r_session.html:134:5: Warning: inserting implicit <span>
    r_session.html:134:5: Warning: missing </span> before </li>
    r_session.html:135:5: Warning: inserting implicit <span>
    r_session.html:135:5: Warning: missing </span> before </li>
    r_session.html:136:5: Warning: inserting implicit <span>
    r_session.html:136:5: Warning: missing </span> before </li>
    r_session.html:137:5: Warning: inserting implicit <span>
    r_session.html:137:5: Warning: missing </span> before </li>
    r_session.html:138:5: Warning: inserting implicit <span>
    r_session.html:138:5: Warning: missing </span> before </li>
    r_session.html:139:5: Warning: inserting implicit <span>
    r_session.html:139:5: Warning: missing </span> before </li>
    r_session.html:140:5: Warning: inserting implicit <span>
    r_session.html:140:5: Warning: missing </span> before </li>
    r_session.html:141:5: Warning: inserting implicit <span>
    r_session.html:141:5: Warning: missing </span> before </li>
    r_session.html:142:5: Warning: inserting implicit <span>
    r_session.html:142:5: Warning: missing </span> before </li>
    r_session.html:143:5: Warning: inserting implicit <span>
    r_session.html:143:5: Warning: missing </span> before </li>
    r_session.html:144:5: Warning: inserting implicit <span>
    r_session.html:144:5: Warning: missing </span> before </li>
    r_session.html:145:5: Warning: inserting implicit <span>
    r_session.html:145:5: Warning: missing </span> before </li>
    r_session.html:146:5: Warning: inserting implicit <span>
    r_session.html:146:5: Warning: missing </span> before </li>
    r_session.html:147:5: Warning: inserting implicit <span>
    r_session.html:147:5: Warning: missing </span> before </li>
    r_session.html:148:5: Warning: inserting implicit <span>
    r_session.html:148:5: Warning: missing </span> before </li>
    r_session.html:149:5: Warning: inserting implicit <span>
    r_session.html:149:5: Warning: missing </span> before </li>
    r_session.html:150:5: Warning: inserting implicit <span>
    r_session.html:150:5: Warning: missing </span> before </li>
    r_session.html:151:5: Warning: inserting implicit <span>
    r_session.html:151:5: Warning: missing </span> before </li>
    r_session.html:152:5: Warning: inserting implicit <span>
    r_session.html:152:5: Warning: missing </span> before </li>
    r_session.html:153:5: Warning: inserting implicit <span>
    r_session.html:153:5: Warning: missing </span> before </li>
    r_session.html:158:1: Warning: inserting implicit <span>
    r_session.html:158:1: Warning: missing </span> before <h4>
    r_session.html:162:5: Warning: inserting implicit <span>
    r_session.html:164:4: Warning: inserting implicit <span>
    r_session.html:171:1: Warning: inserting implicit <span>
    r_session.html:171:1: Warning: missing </span> before <h5>
    r_session.html:171:5: Warning: inserting implicit <span>
    r_session.html:173:16: Warning: inserting implicit <span>
    r_session.html:173:16: Warning: missing </span> before <pre>
    r_session.html:177:5: Warning: inserting implicit <span>
    r_session.html:180:1: Warning: inserting implicit <span>
    r_session.html:180:1: Warning: missing </span> before <dl>
    r_session.html:182:5: Warning: inserting implicit <span>
    r_session.html:182:34: Warning: inserting implicit <span>
    r_session.html:182:34: Warning: missing </span> before <p>
    r_session.html:182:37: Warning: inserting implicit <span>
    r_session.html:184:5: Warning: inserting implicit <span>
    r_session.html:184:31: Warning: inserting implicit <span>
    r_session.html:184:31: Warning: missing </span> before <p>
    r_session.html:184:34: Warning: inserting implicit <span>
    r_session.html:187:5: Warning: inserting implicit <span>
    r_session.html:187:39: Warning: inserting implicit <span>
    r_session.html:187:39: Warning: missing </span> before <p>
    r_session.html:187:42: Warning: inserting implicit <span>
    r_session.html:196:5: Warning: inserting implicit <span>
    r_session.html:198:4: Warning: inserting implicit <span>
    r_session.html:202:1: Warning: inserting implicit <span>
    r_session.html:202:1: Warning: missing </span> before <hr>
    r_session.html:203:1: Warning: inserting implicit <span>
    r_session.html:203:1: Warning: missing </span> before <h4>
    r_session.html:207:5: Warning: inserting implicit <span>
    r_session.html:209:4: Warning: inserting implicit <span>
    r_session.html:215:1: Warning: inserting implicit <span>
    r_session.html:215:1: Warning: missing </span> before <h5>
    r_session.html:215:5: Warning: inserting implicit <span>
    r_session.html:217:16: Warning: inserting implicit <span>
    r_session.html:217:16: Warning: missing </span> before <pre>
    r_session.html:221:5: Warning: inserting implicit <span>
    r_session.html:224:1: Warning: inserting implicit <span>
    r_session.html:224:1: Warning: missing </span> before <dl>
    r_session.html:226:5: Warning: inserting implicit <span>
    r_session.html:226:31: Warning: inserting implicit <span>
    r_session.html:226:31: Warning: missing </span> before <p>
    r_session.html:226:34: Warning: inserting implicit <span>
    r_session.html:229:5: Warning: inserting implicit <span>
    r_session.html:229:31: Warning: inserting implicit <span>
    r_session.html:229:31: Warning: missing </span> before <p>
    r_session.html:229:34: Warning: inserting implicit <span>
    r_session.html:231:5: Warning: inserting implicit <span>
    r_session.html:231:34: Warning: inserting implicit <span>
    r_session.html:231:34: Warning: missing </span> before <p>
    r_session.html:231:37: Warning: inserting implicit <span>
    r_session.html:235:1: Warning: inserting implicit <span>
    r_session.html:235:1: Warning: missing </span> before <ul>
    r_session.html:236:5: Warning: inserting implicit <span>
    r_session.html:236:5: Warning: missing </span> before <p>
    r_session.html:236:9: Warning: inserting implicit <span>
    r_session.html:238:1: Warning: inserting implicit <span>
    r_session.html:239:5: Warning: inserting implicit <span>
    r_session.html:239:5: Warning: missing </span> before <p>
    r_session.html:239:9: Warning: inserting implicit <span>
    r_session.html:241:1: Warning: inserting implicit <span>
    r_session.html:242:5: Warning: inserting implicit <span>
    r_session.html:242:5: Warning: missing </span> before <p>
    r_session.html:242:9: Warning: inserting implicit <span>
    r_session.html:244:1: Warning: inserting implicit <span>
    r_session.html:252:5: Warning: inserting implicit <span>
    r_session.html:254:4: Warning: inserting implicit <span>
    r_session.html:258:1: Warning: inserting implicit <span>
    r_session.html:258:1: Warning: missing </span> before <hr>
    r_session.html:259:1: Warning: inserting implicit <span>
    r_session.html:259:1: Warning: missing </span> before <h4>
    r_session.html:263:5: Warning: inserting implicit <span>
    r_session.html:265:4: Warning: inserting implicit <span>
    r_session.html:271:1: Warning: inserting implicit <span>
    r_session.html:271:1: Warning: missing </span> before <h5>
    r_session.html:271:5: Warning: inserting implicit <span>
    r_session.html:273:16: Warning: inserting implicit <span>
    r_session.html:273:16: Warning: missing </span> before <pre>
    r_session.html:277:5: Warning: inserting implicit <span>
    r_session.html:280:1: Warning: inserting implicit <span>
    r_session.html:280:1: Warning: missing </span> before <dl>
    r_session.html:282:5: Warning: inserting implicit <span>
    r_session.html:282:31: Warning: inserting implicit <span>
    r_session.html:282:31: Warning: missing </span> before <p>
    r_session.html:282:34: Warning: inserting implicit <span>
    r_session.html:285:5: Warning: inserting implicit <span>
    r_session.html:285:31: Warning: inserting implicit <span>
    r_session.html:285:31: Warning: missing </span> before <p>
    r_session.html:285:34: Warning: inserting implicit <span>
    r_session.html:287:5: Warning: inserting implicit <span>
    r_session.html:287:34: Warning: inserting implicit <span>
    r_session.html:287:34: Warning: missing </span> before <p>
    r_session.html:287:37: Warning: inserting implicit <span>
    r_session.html:291:1: Warning: inserting implicit <span>
    r_session.html:291:1: Warning: missing </span> before <ul>
    r_session.html:292:5: Warning: inserting implicit <span>
    r_session.html:292:5: Warning: missing </span> before <p>
    r_session.html:292:9: Warning: inserting implicit <span>
    r_session.html:294:1: Warning: inserting implicit <span>
    r_session.html:295:5: Warning: inserting implicit <span>
    r_session.html:295:5: Warning: missing </span> before <p>
    r_session.html:295:9: Warning: inserting implicit <span>
    r_session.html:297:1: Warning: inserting implicit <span>
    r_session.html:298:5: Warning: inserting implicit <span>
    r_session.html:298:5: Warning: missing </span> before <p>
    r_session.html:298:9: Warning: inserting implicit <span>
    r_session.html:300:1: Warning: inserting implicit <span>
    r_session.html:308:5: Warning: inserting implicit <span>
    r_session.html:310:4: Warning: inserting implicit <span>
    r_session.html:313:1: Warning: inserting implicit <span>
    r_session.html:313:1: Warning: missing </span> before <ul>
    r_session.html:314:5: Warning: inserting implicit <span>
    r_session.html:314:5: Warning: missing </span> before <p>
    r_session.html:314:9: Warning: inserting implicit <span>
    r_session.html:316:1: Warning: inserting implicit <span>
    r_session.html:317:5: Warning: inserting implicit <span>
    r_session.html:317:5: Warning: missing </span> before <p>
    r_session.html:317:9: Warning: inserting implicit <span>
    r_session.html:319:1: Warning: inserting implicit <span>
    r_session.html:320:5: Warning: inserting implicit <span>
    r_session.html:320:5: Warning: missing </span> before <p>
    r_session.html:320:9: Warning: inserting implicit <span>
    r_session.html:323:1: Warning: inserting implicit <span>
    r_session.html:324:5: Warning: inserting implicit <span>
    r_session.html:324:5: Warning: missing </span> before <p>
    r_session.html:324:9: Warning: inserting implicit <span>
    r_session.html:327:1: Warning: inserting implicit <span>
    r_session.html:328:5: Warning: inserting implicit <span>
    r_session.html:328:5: Warning: missing </span> before <p>
    r_session.html:328:9: Warning: inserting implicit <span>
    r_session.html:331:1: Warning: inserting implicit <span>
    r_session.html:336:1: Warning: inserting implicit <span>
    r_session.html:336:1: Warning: missing </span> before <h4>
    r_session.html:340:5: Warning: inserting implicit <span>
    r_session.html:342:4: Warning: inserting implicit <span>
    r_session.html:348:1: Warning: inserting implicit <span>
    r_session.html:348:1: Warning: missing </span> before <h5>
    r_session.html:348:5: Warning: inserting implicit <span>
    r_session.html:350:16: Warning: inserting implicit <span>
    r_session.html:350:16: Warning: missing </span> before <pre>
    r_session.html:354:5: Warning: inserting implicit <span>
    r_session.html:357:1: Warning: inserting implicit <span>
    r_session.html:357:1: Warning: missing </span> before <dl>
    r_session.html:359:5: Warning: inserting implicit <span>
    r_session.html:359:31: Warning: inserting implicit <span>
    r_session.html:359:31: Warning: missing </span> before <p>
    r_session.html:359:34: Warning: inserting implicit <span>
    r_session.html:362:5: Warning: inserting implicit <span>
    r_session.html:362:31: Warning: inserting implicit <span>
    r_session.html:362:31: Warning: missing </span> before <p>
    r_session.html:362:34: Warning: inserting implicit <span>
    r_session.html:364:5: Warning: inserting implicit <span>
    r_session.html:364:34: Warning: inserting implicit <span>
    r_session.html:364:34: Warning: missing </span> before <p>
    r_session.html:364:37: Warning: inserting implicit <span>
    r_session.html:368:1: Warning: inserting implicit <span>
    r_session.html:368:1: Warning: missing </span> before <ul>
    r_session.html:369:5: Warning: inserting implicit <span>
    r_session.html:369:5: Warning: missing </span> before <p>
    r_session.html:369:9: Warning: inserting implicit <span>
    r_session.html:371:1: Warning: inserting implicit <span>
    r_session.html:372:5: Warning: inserting implicit <span>
    r_session.html:372:5: Warning: missing </span> before <p>
    r_session.html:372:9: Warning: inserting implicit <span>
    r_session.html:374:1: Warning: inserting implicit <span>
    r_session.html:375:5: Warning: inserting implicit <span>
    r_session.html:375:5: Warning: missing </span> before <p>
    r_session.html:375:9: Warning: inserting implicit <span>
    r_session.html:377:1: Warning: inserting implicit <span>
    r_session.html:385:1: Warning: inserting implicit <span>
    r_session.html:385:1: Warning: missing </span> before <h4>
    r_session.html:389:5: Warning: inserting implicit <span>
    r_session.html:391:4: Warning: inserting implicit <span>
    r_session.html:397:1: Warning: inserting implicit <span>
    r_session.html:397:1: Warning: missing </span> before <h5>
    r_session.html:397:5: Warning: inserting implicit <span>
    r_session.html:399:16: Warning: inserting implicit <span>
    r_session.html:399:16: Warning: missing </span> before <pre>
    r_session.html:403:5: Warning: inserting implicit <span>
    r_session.html:406:1: Warning: inserting implicit <span>
    r_session.html:406:1: Warning: missing </span> before <dl>
    r_session.html:408:5: Warning: inserting implicit <span>
    r_session.html:408:34: Warning: inserting implicit <span>
    r_session.html:408:34: Warning: missing </span> before <p>
    r_session.html:408:37: Warning: inserting implicit <span>
    r_session.html:416:5: Warning: inserting implicit <span>
    r_session.html:418:4: Warning: inserting implicit <span>
    r_session.html:422:1: Warning: inserting implicit <span>
    r_session.html:422:1: Warning: missing </span> before <hr>
    r_session.html:423:1: Warning: inserting implicit <span>
    r_session.html:423:1: Warning: missing </span> before <h4>
    r_session.html:427:5: Warning: inserting implicit <span>
    r_session.html:429:4: Warning: inserting implicit <span>
    r_session.html:433:1: Warning: inserting implicit <span>
    r_session.html:433:1: Warning: missing </span> before <h5>
    r_session.html:433:5: Warning: inserting implicit <span>
    r_session.html:435:16: Warning: inserting implicit <span>
    r_session.html:435:16: Warning: missing </span> before <pre>
    r_session.html:439:5: Warning: inserting implicit <span>
    r_session.html:441:4: Warning: inserting implicit <span>
    r_session.html:444:1: Warning: inserting implicit <span>
    r_session.html:444:1: Warning: missing </span> before <ul>
    r_session.html:445:5: Warning: inserting implicit <span>
    r_session.html:445:5: Warning: missing </span> before <p>
    r_session.html:445:9: Warning: inserting implicit <span>
    r_session.html:447:1: Warning: inserting implicit <span>
    r_session.html:448:5: Warning: inserting implicit <span>
    r_session.html:448:5: Warning: missing </span> before <p>
    r_session.html:448:9: Warning: inserting implicit <span>
    r_session.html:450:1: Warning: inserting implicit <span>
    r_session.html:451:5: Warning: inserting implicit <span>
    r_session.html:451:5: Warning: missing </span> before <p>
    r_session.html:451:9: Warning: inserting implicit <span>
    r_session.html:453:1: Warning: inserting implicit <span>
    r_session.html:454:5: Warning: inserting implicit <span>
    r_session.html:454:5: Warning: missing </span> before <p>
    r_session.html:454:9: Warning: inserting implicit <span>
    r_session.html:456:1: Warning: inserting implicit <span>
    r_session.html:461:1: Warning: inserting implicit <span>
    r_session.html:461:1: Warning: missing </span> before <h4>
    r_session.html:465:5: Warning: inserting implicit <span>
    r_session.html:467:4: Warning: inserting implicit <span>
    r_session.html:473:1: Warning: inserting implicit <span>
    r_session.html:473:1: Warning: missing </span> before <h5>
    r_session.html:473:5: Warning: inserting implicit <span>
    r_session.html:475:16: Warning: inserting implicit <span>
    r_session.html:475:16: Warning: missing </span> before <pre>
    r_session.html:479:5: Warning: inserting implicit <span>
    r_session.html:481:4: Warning: inserting implicit <span>
    r_session.html:486:1: Warning: inserting implicit <span>
    r_session.html:486:1: Warning: missing </span> before <hr>
    r_session.html:487:1: Warning: inserting implicit <span>
    r_session.html:487:1: Warning: missing </span> before <h4>
    r_session.html:491:5: Warning: inserting implicit <span>
    r_session.html:493:4: Warning: inserting implicit <span>
    r_session.html:497:1: Warning: inserting implicit <span>
    r_session.html:497:1: Warning: missing </span> before <p>
    r_session.html:497:4: Warning: inserting implicit <span>
    r_session.html:502:1: Warning: inserting implicit <span>
    r_session.html:502:1: Warning: missing </span> before <h5>
    r_session.html:502:5: Warning: inserting implicit <span>
    r_session.html:504:16: Warning: inserting implicit <span>
    r_session.html:504:16: Warning: missing </span> before <pre>
    r_session.html:508:5: Warning: inserting implicit <span>
    r_session.html:510:4: Warning: inserting implicit <span>
    r_session.html:517:1: Warning: inserting implicit <span>
    r_session.html:517:1: Warning: missing </span> before <ul>
    r_session.html:518:5: Warning: inserting implicit <span>
    r_session.html:518:5: Warning: missing </span> before <p>
    r_session.html:518:9: Warning: inserting implicit <span>
    r_session.html:521:1: Warning: inserting implicit <span>
    r_session.html:522:5: Warning: inserting implicit <span>
    r_session.html:522:5: Warning: missing </span> before <p>
    r_session.html:522:9: Warning: inserting implicit <span>
    r_session.html:525:1: Warning: inserting implicit <span>
    r_session.html:526:5: Warning: inserting implicit <span>
    r_session.html:526:5: Warning: missing </span> before <p>
    r_session.html:526:9: Warning: inserting implicit <span>
    r_session.html:528:1: Warning: inserting implicit <span>
    r_session.html:529:5: Warning: inserting implicit <span>
    r_session.html:529:5: Warning: missing </span> before <p>
    r_session.html:529:9: Warning: inserting implicit <span>
    r_session.html:534:1: Warning: inserting implicit <span>
    r_session.html:535:5: Warning: inserting implicit <span>
    r_session.html:535:5: Warning: missing </span> before <p>
    r_session.html:535:9: Warning: inserting implicit <span>
    r_session.html:538:1: Warning: inserting implicit <span>
    r_session.html:539:5: Warning: inserting implicit <span>
    r_session.html:539:5: Warning: missing </span> before <p>
    r_session.html:539:9: Warning: inserting implicit <span>
    r_session.html:541:1: Warning: inserting implicit <span>
    r_session.html:542:5: Warning: inserting implicit <span>
    r_session.html:542:5: Warning: missing </span> before <p>
    r_session.html:542:9: Warning: inserting implicit <span>
    r_session.html:545:1: Warning: inserting implicit <span>
    r_session.html:550:1: Warning: inserting implicit <span>
    r_session.html:550:1: Warning: missing </span> before <h4>
    r_session.html:554:5: Warning: inserting implicit <span>
    r_session.html:556:4: Warning: inserting implicit <span>
    r_session.html:561:1: Warning: inserting implicit <span>
    r_session.html:561:1: Warning: missing </span> before <h5>
    r_session.html:561:5: Warning: inserting implicit <span>
    r_session.html:563:16: Warning: inserting implicit <span>
    r_session.html:563:16: Warning: missing </span> before <pre>
    r_session.html:567:5: Warning: inserting implicit <span>
    r_session.html:570:1: Warning: inserting implicit <span>
    r_session.html:570:1: Warning: missing </span> before <dl>
    r_session.html:572:5: Warning: inserting implicit <span>
    r_session.html:572:32: Warning: inserting implicit <span>
    r_session.html:572:32: Warning: missing </span> before <p>
    r_session.html:572:35: Warning: inserting implicit <span>
    r_session.html:583:1: Warning: inserting implicit <span>
    r_session.html:583:1: Warning: missing </span> before <h4>
    r_session.html:587:5: Warning: inserting implicit <span>
    r_session.html:589:4: Warning: inserting implicit <span>
    r_session.html:593:1: Warning: inserting implicit <span>
    r_session.html:593:1: Warning: missing </span> before <p>
    r_session.html:593:4: Warning: inserting implicit <span>
    r_session.html:600:1: Warning: inserting implicit <span>
    r_session.html:600:1: Warning: missing </span> before <h5>
    r_session.html:600:5: Warning: inserting implicit <span>
    r_session.html:602:16: Warning: inserting implicit <span>
    r_session.html:602:16: Warning: missing </span> before <pre>
    r_session.html:606:5: Warning: inserting implicit <span>
    r_session.html:608:4: Warning: inserting implicit <span>
    r_session.html:612:1: Warning: inserting implicit <span>
    r_session.html:612:1: Warning: missing </span> before <hr>
    r_session.html:613:1: Warning: inserting implicit <span>
    r_session.html:613:1: Warning: missing </span> before <h4>
    r_session.html:617:5: Warning: inserting implicit <span>
    r_session.html:619:4: Warning: inserting implicit <span>
    r_session.html:622:1: Warning: inserting implicit <span>
    r_session.html:622:1: Warning: missing </span> before <p>
    r_session.html:622:4: Warning: inserting implicit <span>
    r_session.html:629:1: Warning: inserting implicit <span>
    r_session.html:629:1: Warning: missing </span> before <h5>
    r_session.html:629:5: Warning: inserting implicit <span>
    r_session.html:631:16: Warning: inserting implicit <span>
    r_session.html:631:16: Warning: missing </span> before <pre>
    r_session.html:635:1: Warning: inserting implicit <span>
    r_session.html:635:1: Warning: missing </span> before <h4>
    r_session.html:639:5: Warning: inserting implicit <span>
    r_session.html:641:4: Warning: inserting implicit <span>
    r_session.html:646:1: Warning: inserting implicit <span>
    r_session.html:646:1: Warning: missing </span> before <h5>
    r_session.html:646:5: Warning: inserting implicit <span>
    r_session.html:648:16: Warning: inserting implicit <span>
    r_session.html:648:16: Warning: missing </span> before <pre>
    r_session.html:652:1: Warning: inserting implicit <span>
    r_session.html:652:1: Warning: missing </span> before <h4>
    r_session.html:656:5: Warning: inserting implicit <span>
    r_session.html:658:4: Warning: inserting implicit <span>
    r_session.html:663:1: Warning: inserting implicit <span>
    r_session.html:663:1: Warning: missing </span> before <h5>
    r_session.html:663:5: Warning: inserting implicit <span>
    r_session.html:665:16: Warning: inserting implicit <span>
    r_session.html:665:16: Warning: missing </span> before <pre>
    r_session.html:669:1: Warning: inserting implicit <span>
    r_session.html:669:1: Warning: missing </span> before <h4>
    r_session.html:673:5: Warning: inserting implicit <span>
    r_session.html:675:4: Warning: inserting implicit <span>
    r_session.html:679:1: Warning: inserting implicit <span>
    r_session.html:679:1: Warning: missing </span> before <h5>
    r_session.html:679:5: Warning: inserting implicit <span>
    r_session.html:681:16: Warning: inserting implicit <span>
    r_session.html:681:16: Warning: missing </span> before <pre>
    r_session.html:685:5: Warning: inserting implicit <span>
    r_session.html:688:1: Warning: inserting implicit <span>
    r_session.html:688:1: Warning: missing </span> before <dl>
    r_session.html:690:5: Warning: inserting implicit <span>
    r_session.html:690:30: Warning: inserting implicit <span>
    r_session.html:690:30: Warning: missing </span> before <p>
    r_session.html:690:33: Warning: inserting implicit <span>
    r_session.html:698:1: Warning: inserting implicit <span>
    r_session.html:698:1: Warning: missing </span> before <h4>
    r_session.html:702:5: Warning: inserting implicit <span>
    r_session.html:704:4: Warning: inserting implicit <span>
    r_session.html:708:1: Warning: inserting implicit <span>
    r_session.html:708:1: Warning: missing </span> before <h5>
    r_session.html:708:5: Warning: inserting implicit <span>
    r_session.html:710:16: Warning: inserting implicit <span>
    r_session.html:710:16: Warning: missing </span> before <pre>
    r_session.html:714:5: Warning: inserting implicit <span>
    r_session.html:717:1: Warning: inserting implicit <span>
    r_session.html:717:1: Warning: missing </span> before <dl>
    r_session.html:719:5: Warning: inserting implicit <span>
    r_session.html:719:31: Warning: inserting implicit <span>
    r_session.html:719:31: Warning: missing </span> before <p>
    r_session.html:719:34: Warning: inserting implicit <span>
    r_session.html:728:5: Warning: inserting implicit <span>
    rcmd_process.html:56:5: Warning: missing </span> before </li>
    rcmd_process.html:57:5: Warning: inserting implicit <span>
    rcmd_process.html:57:5: Warning: missing </span> before </li>
    rcmd_process.html:58:5: Warning: inserting implicit <span>
    rcmd_process.html:58:5: Warning: missing </span> before </li>
    rcmd_process.html:59:5: Warning: inserting implicit <span>
    rcmd_process.html:59:5: Warning: missing </span> before </li>
    rcmd_process.html:60:5: Warning: inserting implicit <span>
    rcmd_process.html:60:5: Warning: missing </span> before </li>
    rcmd_process.html:61:5: Warning: inserting implicit <span>
    rcmd_process.html:61:5: Warning: missing </span> before </li>
    rcmd_process.html:62:5: Warning: inserting implicit <span>
    rcmd_process.html:62:5: Warning: missing </span> before </li>
    rcmd_process.html:63:5: Warning: inserting implicit <span>
    rcmd_process.html:63:5: Warning: missing </span> before </li>
    rcmd_process.html:64:5: Warning: inserting implicit <span>
    rcmd_process.html:64:5: Warning: missing </span> before </li>
    rcmd_process.html:65:5: Warning: inserting implicit <span>
    rcmd_process.html:65:5: Warning: missing </span> before </li>
    rcmd_process.html:66:5: Warning: inserting implicit <span>
    rcmd_process.html:66:5: Warning: missing </span> before </li>
    rcmd_process.html:67:5: Warning: inserting implicit <span>
    rcmd_process.html:67:5: Warning: missing </span> before </li>
    rcmd_process.html:68:5: Warning: inserting implicit <span>
    rcmd_process.html:68:5: Warning: missing </span> before </li>
    rcmd_process.html:69:5: Warning: inserting implicit <span>
    rcmd_process.html:69:5: Warning: missing </span> before </li>
    rcmd_process.html:70:5: Warning: inserting implicit <span>
    rcmd_process.html:70:5: Warning: missing </span> before </li>
    rcmd_process.html:71:5: Warning: inserting implicit <span>
    rcmd_process.html:71:5: Warning: missing </span> before </li>
    rcmd_process.html:72:5: Warning: inserting implicit <span>
    rcmd_process.html:72:5: Warning: missing </span> before </li>
    rcmd_process.html:73:5: Warning: inserting implicit <span>
    rcmd_process.html:73:5: Warning: missing </span> before </li>
    rcmd_process.html:74:5: Warning: inserting implicit <span>
    rcmd_process.html:74:5: Warning: missing </span> before </li>
    rcmd_process.html:75:5: Warning: inserting implicit <span>
    rcmd_process.html:75:5: Warning: missing </span> before </li>
    rcmd_process.html:76:5: Warning: inserting implicit <span>
    rcmd_process.html:76:5: Warning: missing </span> before </li>
    rcmd_process.html:77:5: Warning: inserting implicit <span>
    rcmd_process.html:77:5: Warning: missing </span> before </li>
    rcmd_process.html:78:5: Warning: inserting implicit <span>
    rcmd_process.html:78:5: Warning: missing </span> before </li>
    rcmd_process.html:79:5: Warning: inserting implicit <span>
    rcmd_process.html:79:5: Warning: missing </span> before </li>
    rcmd_process.html:80:5: Warning: inserting implicit <span>
    rcmd_process.html:80:5: Warning: missing </span> before </li>
    rcmd_process.html:81:5: Warning: inserting implicit <span>
    rcmd_process.html:81:5: Warning: missing </span> before </li>
    rcmd_process.html:82:5: Warning: inserting implicit <span>
    rcmd_process.html:82:5: Warning: missing </span> before </li>
    rcmd_process.html:83:5: Warning: inserting implicit <span>
    rcmd_process.html:83:5: Warning: missing </span> before </li>
    rcmd_process.html:84:5: Warning: inserting implicit <span>
    rcmd_process.html:84:5: Warning: missing </span> before </li>
    rcmd_process.html:85:5: Warning: inserting implicit <span>
    rcmd_process.html:85:5: Warning: missing </span> before </li>
    rcmd_process.html:86:5: Warning: inserting implicit <span>
    rcmd_process.html:86:5: Warning: missing </span> before </li>
    rcmd_process.html:87:5: Warning: inserting implicit <span>
    rcmd_process.html:87:5: Warning: missing </span> before </li>
    rcmd_process.html:88:5: Warning: inserting implicit <span>
    rcmd_process.html:88:5: Warning: missing </span> before </li>
    rcmd_process.html:89:5: Warning: inserting implicit <span>
    rcmd_process.html:89:5: Warning: missing </span> before </li>
    rcmd_process.html:90:5: Warning: inserting implicit <span>
    rcmd_process.html:90:5: Warning: missing </span> before </li>
    rcmd_process.html:91:5: Warning: inserting implicit <span>
    rcmd_process.html:91:5: Warning: missing </span> before </li>
    rcmd_process.html:92:5: Warning: inserting implicit <span>
    rcmd_process.html:92:5: Warning: missing </span> before </li>
    rcmd_process.html:93:5: Warning: inserting implicit <span>
    rcmd_process.html:93:5: Warning: missing </span> before </li>
    rcmd_process.html:94:5: Warning: inserting implicit <span>
    rcmd_process.html:94:5: Warning: missing </span> before </li>
    rcmd_process.html:95:5: Warning: inserting implicit <span>
    rcmd_process.html:95:5: Warning: missing </span> before </li>
    rcmd_process.html:96:5: Warning: inserting implicit <span>
    rcmd_process.html:96:5: Warning: missing </span> before </li>
    rcmd_process.html:97:5: Warning: inserting implicit <span>
    rcmd_process.html:97:5: Warning: missing </span> before </li>
    rcmd_process.html:98:5: Warning: inserting implicit <span>
    rcmd_process.html:98:5: Warning: missing </span> before </li>
    rcmd_process.html:99:5: Warning: inserting implicit <span>
    rcmd_process.html:99:5: Warning: missing </span> before </li>
    rcmd_process.html:100:5: Warning: inserting implicit <span>
    rcmd_process.html:100:5: Warning: missing </span> before </li>
    rcmd_process.html:101:5: Warning: inserting implicit <span>
    rcmd_process.html:101:5: Warning: missing </span> before </li>
    rcmd_process.html:102:5: Warning: inserting implicit <span>
    rcmd_process.html:102:5: Warning: missing </span> before </li>
    rcmd_process.html:103:5: Warning: inserting implicit <span>
    rcmd_process.html:103:5: Warning: missing </span> before </li>
    rcmd_process.html:108:1: Warning: inserting implicit <span>
    rcmd_process.html:108:1: Warning: missing </span> before <h4>
    rcmd_process.html:112:5: Warning: inserting implicit <span>
    rcmd_process.html:114:4: Warning: inserting implicit <span>
    rcmd_process.html:118:1: Warning: inserting implicit <span>
    rcmd_process.html:118:1: Warning: missing </span> before <h5>
    rcmd_process.html:118:5: Warning: inserting implicit <span>
    rcmd_process.html:120:16: Warning: inserting implicit <span>
    rcmd_process.html:120:16: Warning: missing </span> before <pre>
    rcmd_process.html:124:5: Warning: inserting implicit <span>
    rcmd_process.html:127:1: Warning: inserting implicit <span>
    rcmd_process.html:127:1: Warning: missing </span> before <dl>
    rcmd_process.html:129:5: Warning: inserting implicit <span>
    rcmd_process.html:129:34: Warning: inserting implicit <span>
    rcmd_process.html:129:34: Warning: missing </span> before <p>
    rcmd_process.html:129:37: Warning: inserting implicit <span>
    rcmd_process.html:138:5: Warning: inserting implicit <span>
    rcmd_process.html:140:4: Warning: inserting implicit <span>
    rcmd_process.html:144:1: Warning: inserting implicit <span>
    rcmd_process.html:144:1: Warning: missing </span> before <hr>
    rcmd_process.html:145:1: Warning: inserting implicit <span>
    rcmd_process.html:145:1: Warning: missing </span> before <h4>
    rcmd_process.html:149:5: Warning: inserting implicit <span>
    rcmd_process.html:151:4: Warning: inserting implicit <span>
    rcmd_process.html:155:1: Warning: inserting implicit <span>
    rcmd_process.html:155:1: Warning: missing </span> before <h5>
    rcmd_process.html:155:5: Warning: inserting implicit <span>
    rcmd_process.html:157:16: Warning: inserting implicit <span>
    rcmd_process.html:157:16: Warning: missing </span> before <pre>
    rcmd_process.html:161:1: Warning: inserting implicit <span>
    rcmd_process.html:161:1: Warning: missing </span> before <h4>
    rcmd_process.html:165:5: Warning: inserting implicit <span>
    rcmd_process.html:167:4: Warning: inserting implicit <span>
    rcmd_process.html:171:1: Warning: inserting implicit <span>
    rcmd_process.html:171:1: Warning: missing </span> before <h5>
    rcmd_process.html:171:5: Warning: inserting implicit <span>
    rcmd_process.html:173:16: Warning: inserting implicit <span>
    rcmd_process.html:173:16: Warning: missing </span> before <pre>
    rcmd_process.html:177:5: Warning: inserting implicit <span>
    rcmd_process.html:180:1: Warning: inserting implicit <span>
    rcmd_process.html:180:1: Warning: missing </span> before <dl>
    rcmd_process.html:182:5: Warning: inserting implicit <span>
    rcmd_process.html:182:31: Warning: inserting implicit <span>
    rcmd_process.html:182:31: Warning: missing </span> before <p>
    rcmd_process.html:182:34: Warning: inserting implicit <span>
    rcmd_process.html:191:5: Warning: inserting implicit <span>
    rscript_process.html:56:5: Warning: missing </span> before </li>
    rscript_process.html:57:5: Warning: inserting implicit <span>
    rscript_process.html:57:5: Warning: missing </span> before </li>
    rscript_process.html:58:5: Warning: inserting implicit <span>
    rscript_process.html:58:5: Warning: missing </span> before </li>
    rscript_process.html:59:5: Warning: inserting implicit <span>
    rscript_process.html:59:5: Warning: missing </span> before </li>
    rscript_process.html:60:5: Warning: inserting implicit <span>
    rscript_process.html:60:5: Warning: missing </span> before </li>
    rscript_process.html:61:5: Warning: inserting implicit <span>
    rscript_process.html:61:5: Warning: missing </span> before </li>
    rscript_process.html:62:5: Warning: inserting implicit <span>
    rscript_process.html:62:5: Warning: missing </span> before </li>
    rscript_process.html:63:5: Warning: inserting implicit <span>
    rscript_process.html:63:5: Warning: missing </span> before </li>
    rscript_process.html:64:5: Warning: inserting implicit <span>
    rscript_process.html:64:5: Warning: missing </span> before </li>
    rscript_process.html:65:5: Warning: inserting implicit <span>
    rscript_process.html:65:5: Warning: missing </span> before </li>
    rscript_process.html:66:5: Warning: inserting implicit <span>
    rscript_process.html:66:5: Warning: missing </span> before </li>
    rscript_process.html:67:5: Warning: inserting implicit <span>
    rscript_process.html:67:5: Warning: missing </span> before </li>
    rscript_process.html:68:5: Warning: inserting implicit <span>
    rscript_process.html:68:5: Warning: missing </span> before </li>
    rscript_process.html:69:5: Warning: inserting implicit <span>
    rscript_process.html:69:5: Warning: missing </span> before </li>
    rscript_process.html:70:5: Warning: inserting implicit <span>
    rscript_process.html:70:5: Warning: missing </span> before </li>
    rscript_process.html:71:5: Warning: inserting implicit <span>
    rscript_process.html:71:5: Warning: missing </span> before </li>
    rscript_process.html:72:5: Warning: inserting implicit <span>
    rscript_process.html:72:5: Warning: missing </span> before </li>
    rscript_process.html:73:5: Warning: inserting implicit <span>
    rscript_process.html:73:5: Warning: missing </span> before </li>
    rscript_process.html:74:5: Warning: inserting implicit <span>
    rscript_process.html:74:5: Warning: missing </span> before </li>
    rscript_process.html:75:5: Warning: inserting implicit <span>
    rscript_process.html:75:5: Warning: missing </span> before </li>
    rscript_process.html:76:5: Warning: inserting implicit <span>
    rscript_process.html:76:5: Warning: missing </span> before </li>
    rscript_process.html:77:5: Warning: inserting implicit <span>
    rscript_process.html:77:5: Warning: missing </span> before </li>
    rscript_process.html:78:5: Warning: inserting implicit <span>
    rscript_process.html:78:5: Warning: missing </span> before </li>
    rscript_process.html:79:5: Warning: inserting implicit <span>
    rscript_process.html:79:5: Warning: missing </span> before </li>
    rscript_process.html:80:5: Warning: inserting implicit <span>
    rscript_process.html:80:5: Warning: missing </span> before </li>
    rscript_process.html:81:5: Warning: inserting implicit <span>
    rscript_process.html:81:5: Warning: missing </span> before </li>
    rscript_process.html:82:5: Warning: inserting implicit <span>
    rscript_process.html:82:5: Warning: missing </span> before </li>
    rscript_process.html:83:5: Warning: inserting implicit <span>
    rscript_process.html:83:5: Warning: missing </span> before </li>
    rscript_process.html:84:5: Warning: inserting implicit <span>
    rscript_process.html:84:5: Warning: missing </span> before </li>
    rscript_process.html:85:5: Warning: inserting implicit <span>
    rscript_process.html:85:5: Warning: missing </span> before </li>
    rscript_process.html:86:5: Warning: inserting implicit <span>
    rscript_process.html:86:5: Warning: missing </span> before </li>
    rscript_process.html:87:5: Warning: inserting implicit <span>
    rscript_process.html:87:5: Warning: missing </span> before </li>
    rscript_process.html:88:5: Warning: inserting implicit <span>
    rscript_process.html:88:5: Warning: missing </span> before </li>
    rscript_process.html:89:5: Warning: inserting implicit <span>
    rscript_process.html:89:5: Warning: missing </span> before </li>
    rscript_process.html:90:5: Warning: inserting implicit <span>
    rscript_process.html:90:5: Warning: missing </span> before </li>
    rscript_process.html:91:5: Warning: inserting implicit <span>
    rscript_process.html:91:5: Warning: missing </span> before </li>
    rscript_process.html:92:5: Warning: inserting implicit <span>
    rscript_process.html:92:5: Warning: missing </span> before </li>
    rscript_process.html:93:5: Warning: inserting implicit <span>
    rscript_process.html:93:5: Warning: missing </span> before </li>
    rscript_process.html:94:5: Warning: inserting implicit <span>
    rscript_process.html:94:5: Warning: missing </span> before </li>
    rscript_process.html:95:5: Warning: inserting implicit <span>
    rscript_process.html:95:5: Warning: missing </span> before </li>
    rscript_process.html:96:5: Warning: inserting implicit <span>
    rscript_process.html:96:5: Warning: missing </span> before </li>
    rscript_process.html:97:5: Warning: inserting implicit <span>
    rscript_process.html:97:5: Warning: missing </span> before </li>
    rscript_process.html:98:5: Warning: inserting implicit <span>
    rscript_process.html:98:5: Warning: missing </span> before </li>
    rscript_process.html:99:5: Warning: inserting implicit <span>
    rscript_process.html:99:5: Warning: missing </span> before </li>
    rscript_process.html:100:5: Warning: inserting implicit <span>
    rscript_process.html:100:5: Warning: missing </span> before </li>
    rscript_process.html:101:5: Warning: inserting implicit <span>
    rscript_process.html:101:5: Warning: missing </span> before </li>
    rscript_process.html:102:5: Warning: inserting implicit <span>
    rscript_process.html:102:5: Warning: missing </span> before </li>
    rscript_process.html:103:5: Warning: inserting implicit <span>
    rscript_process.html:103:5: Warning: missing </span> before </li>
    rscript_process.html:108:1: Warning: inserting implicit <span>
    rscript_process.html:108:1: Warning: missing </span> before <h4>
    rscript_process.html:112:5: Warning: inserting implicit <span>
    rscript_process.html:114:4: Warning: inserting implicit <span>
    rscript_process.html:118:1: Warning: inserting implicit <span>
    rscript_process.html:118:1: Warning: missing </span> before <h5>
    rscript_process.html:118:5: Warning: inserting implicit <span>
    rscript_process.html:120:16: Warning: inserting implicit <span>
    rscript_process.html:120:16: Warning: missing </span> before <pre>
    rscript_process.html:124:5: Warning: inserting implicit <span>
    rscript_process.html:127:1: Warning: inserting implicit <span>
    rscript_process.html:127:1: Warning: missing </span> before <dl>
    rscript_process.html:129:5: Warning: inserting implicit <span>
    rscript_process.html:129:34: Warning: inserting implicit <span>
    rscript_process.html:129:34: Warning: missing </span> before <p>
    rscript_process.html:129:37: Warning: inserting implicit <span>
    rscript_process.html:138:1: Warning: inserting implicit <span>
    rscript_process.html:138:1: Warning: missing </span> before <h4>
    rscript_process.html:142:5: Warning: inserting implicit <span>
    rscript_process.html:144:4: Warning: inserting implicit <span>
    rscript_process.html:149:1: Warning: inserting implicit <span>
    rscript_process.html:149:1: Warning: missing </span> before <h5>
    rscript_process.html:149:5: Warning: inserting implicit <span>
    rscript_process.html:151:16: Warning: inserting implicit <span>
    rscript_process.html:151:16: Warning: missing </span> before <pre>
    rscript_process.html:155:1: Warning: inserting implicit <span>
    rscript_process.html:155:1: Warning: missing </span> before <h4>
    rscript_process.html:159:5: Warning: inserting implicit <span>
    rscript_process.html:161:4: Warning: inserting implicit <span>
    rscript_process.html:165:1: Warning: inserting implicit <span>
    rscript_process.html:165:1: Warning: missing </span> before <h5>
    rscript_process.html:165:5: Warning: inserting implicit <span>
    rscript_process.html:167:16: Warning: inserting implicit <span>
    rscript_process.html:167:16: Warning: missing </span> before <pre>
    rscript_process.html:171:5: Warning: inserting implicit <span>
    rscript_process.html:174:1: Warning: inserting implicit <span>
    rscript_process.html:174:1: Warning: missing </span> before <dl>
    rscript_process.html:176:5: Warning: inserting implicit <span>
    rscript_process.html:176:31: Warning: inserting implicit <span>
    rscript_process.html:176:31: Warning: missing </span> before <p>
    rscript_process.html:176:34: Warning: inserting implicit <span>
    rscript_process.html:185:5: Warning: inserting implicit <span>
Flavors: r-devel-linux-x86_64-debian-clang, r-devel-linux-x86_64-debian-gcc, r-devel-linux-x86_64-fedora-clang, r-devel-linux-x86_64-fedora-gcc

Version: 3.7.1
Check: for non-standard things in the check directory
Result: NOTE
    Found the following files/directories:
     'callr-manual.tex'
Flavors: r-devel-linux-x86_64-debian-clang, r-devel-linux-x86_64-debian-gcc, r-devel-linux-x86_64-fedora-clang, r-devel-linux-x86_64-fedora-gcc

Version: 3.7.1
Check: HTML version of manual
Result: NOTE
    Found the following HTML validation problems:
    r_process.html:60:5: Warning: missing </span> before </li>
    
    
    r_process.html:61:5: Warning: inserting implicit <span>
    
    
    r_process.html:61:5: Warning: missing </span> before </li>
    
    
    r_process.html:62:5: Warning: inserting implicit <span>
    
    
    r_process.html:62:5: Warning: missing </span> before </li>
    
    
    r_process.html:63:5: Warning: inserting implicit <span>
    
    
    r_process.html:63:5: Warning: missing </span> before </li>
    
    
    r_process.html:64:5: Warning: inserting implicit <span>
    
    
    r_process.html:64:5: Warning: missing </span> before </li>
    
    
    r_process.html:65:5: Warning: inserting implicit <span>
    
    
    r_process.html:65:5: Warning: missing </span> before </li>
    
    
    r_process.html:66:5: Warning: inserting implicit <span>
    
    
    r_process.html:66:5: Warning: missing </span> before </li>
    
    
    r_process.html:67:5: Warning: inserting implicit <span>
    
    
    r_process.html:67:5: Warning: missing </span> before </li>
    
    
    r_process.html:68:5: Warning: inserting implicit <span>
    
    
    r_process.html:68:5: Warning: missing </span> before </li>
    
    
    r_process.html:69:5: Warning: inserting implicit <span>
    
    
    r_process.html:69:5: Warning: missing </span> before </li>
    
    
    r_process.html:70:5: Warning: inserting implicit <span>
    
    
    r_process.html:70:5: Warning: missing </span> before </li>
    
    
    r_process.html:71:5: Warning: inserting implicit <span>
    
    
    r_process.html:71:5: Warning: missing </span> before </li>
    
    
    r_process.html:72:5: Warning: inserting implicit <span>
    
    
    r_process.html:72:5: Warning: missing </span> before </li>
    
    
    r_process.html:73:5: Warning: inserting implicit <span>
    
    
    r_process.html:73:5: Warning: missing </span> before </li>
    
    
    r_process.html:74:5: Warning: inserting implicit <span>
    
    
    r_process.html:74:5: Warning: missing </span> before </li>
    
    
    r_process.html:75:5: Warning: inserting implicit <span>
    
    
    r_process.html:75:5: Warning: missing </span> before </li>
    
    
    r_process.html:76:5: Warning: inserting implicit <span>
    
    
    r_process.html:76:5: Warning: missing </span> before </li>
    
    
    r_process.html:77:5: Warning: inserting implicit <span>
    
    
    r_process.html:77:5: Warning: missing </span> before </li>
    
    
    r_process.html:78:5: Warning: inserting implicit <span>
    
    
    r_process.html:78:5: Warning: missing </span> before </li>
    
    
    r_process.html:79:5: Warning: inserting implicit <span>
    
    
    r_process.html:79:5: Warning: missing </span> before </li>
    
    
    r_process.html:80:5: Warning: inserting implicit <span>
    
    
    r_process.html:80:5: Warning: missing </span> before </li>
    
    
    r_process.html:81:5: Warning: inserting implicit <span>
    
    
    r_process.html:81:5: Warning: missing </span> before </li>
    
    
    r_process.html:82:5: Warning: inserting implicit <span>
    
    
    r_process.html:82:5: Warning: missing </span> before </li>
    
    
    r_process.html:83:5: Warning: inserting implicit <span>
    
    
    r_process.html:83:5: Warning: missing </span> before </li>
    
    
    r_process.html:84:5: Warning: inserting implicit <span>
    
    
    r_process.html:84:5: Warning: missing </span> before </li>
    
    
    r_process.html:85:5: Warning: inserting implicit <span>
    
    
    r_process.html:85:5: Warning: missing </span> before </li>
    
    
    r_process.html:86:5: Warning: inserting implicit <span>
    
    
    r_process.html:86:5: Warning: missing </span> before </li>
    
    
    r_process.html:87:5: Warning: inserting implicit <span>
    
    
    r_process.html:87:5: Warning: missing </span> before </li>
    
    
    r_process.html:88:5: Warning: inserting implicit <span>
    
    
    r_process.html:88:5: Warning: missing </span> before </li>
    
    
    r_process.html:89:5: Warning: inserting implicit <span>
    
    
    r_process.html:89:5: Warning: missing </span> before </li>
    
    
    r_process.html:90:5: Warning: inserting implicit <span>
    
    
    r_process.html:90:5: Warning: missing </span> before </li>
    
    
    r_process.html:91:5: Warning: inserting implicit <span>
    
    
    r_process.html:91:5: Warning: missing </span> before </li>
    
    
    r_process.html:92:5: Warning: inserting implicit <span>
    
    
    r_process.html:92:5: Warning: missing </span> before </li>
    
    
    r_process.html:93:5: Warning: inserting implicit <span>
    
    
    r_process.html:93:5: Warning: missing </span> before </li>
    
    
    r_process.html:94:5: Warning: inserting implicit <span>
    
    
    r_process.html:94:5: Warning: missing </span> before </li>
    
    
    r_process.html:95:5: Warning: inserting implicit <span>
    
    
    r_process.html:95:5: Warning: missing </span> before </li>
    
    
    r_process.html:96:5: Warning: inserting implicit <span>
    
    
    r_process.html:96:5: Warning: missing </span> before </li>
    
    
    r_process.html:97:5: Warning: inserting implicit <span>
    
    
    r_process.html:97:5: Warning: missing </span> before </li>
    
    
    r_process.html:98:5: Warning: inserting implicit <span>
    
    
    r_process.html:98:5: Warning: missing </span> before </li>
    
    
    r_process.html:99:5: Warning: inserting implicit <span>
    
    
    r_process.html:99:5: Warning: missing </span> before </li>
    
    
    r_process.html:100:5: Warning: inserting implicit <span>
    
    
    r_process.html:100:5: Warning: missing </span> before </li>
    
    
    r_process.html:101:5: Warning: inserting implicit <span>
    
    
    r_process.html:101:5: Warning: missing </span> before </li>
    
    
    r_process.html:102:5: Warning: inserting implicit <span>
    
    
    r_process.html:102:5: Warning: missing </span> before </li>
    
    
    r_process.html:103:5: Warning: inserting implicit <span>
    
    
    r_process.html:103:5: Warning: missing </span> before </li>
    
    
    r_process.html:104:5: Warning: inserting implicit <span>
    
    
    r_process.html:104:5: Warning: missing </span> before </li>
    
    
    r_process.html:105:5: Warning: inserting implicit <span>
    
    
    r_process.html:105:5: Warning: missing </span> before </li>
    
    
    r_process.html:106:5: Warning: inserting implicit <span>
    
    
    r_process.html:106:5: Warning: missing </span> before </li>
    
    
    r_process.html:111:1: Warning: inserting implicit <span>
    
    
    r_process.html:111:1: Warning: missing </span> before <h4>
    
    
    r_process.html:115:5: Warning: inserting implicit <span>
    
    
    r_process.html:117:4: Warning: inserting implicit <span>
    
    
    r_process.html:121:1: Warning: inserting implicit <span>
    
    
    r_process.html:121:1: Warning: missing </span> before <h5>
    
    
    r_process.html:121:5: Warning: inserting implicit <span>
    
    
    r_process.html:123:16: Warning: inserting implicit <span>
    
    
    r_process.html:123:16: Warning: missing </span> before <pre>
    
    
    r_process.html:127:5: Warning: inserting implicit <span>
    
    
    r_process.html:130:1: Warning: inserting implicit <span>
    
    
    r_process.html:130:1: Warning: missing </span> before <dl>
    
    
    r_process.html:132:5: Warning: inserting implicit <span>
    
    
    r_process.html:132:34: Warning: inserting implicit <span>
    
    
    r_process.html:132:34: Warning: missing </span> before <p>
    
    
    r_process.html:132:37: Warning: inserting implicit <span>
    
    
    r_process.html:140:5: Warning: inserting implicit <span>
    
    
    r_process.html:142:4: Warning: inserting implicit <span>
    
    
    r_process.html:146:1: Warning: inserting implicit <span>
    
    
    r_process.html:146:1: Warning: missing </span> before <hr>
    
    
    r_process.html:147:1: Warning: inserting implicit <span>
    
    
    r_process.html:147:1: Warning: missing </span> before <h4>
    
    
    r_process.html:151:5: Warning: inserting implicit <span>
    
    
    r_process.html:153:4: Warning: inserting implicit <span>
    
    
    r_process.html:162:1: Warning: inserting implicit <span>
    
    
    r_process.html:162:1: Warning: missing </span> before <h5>
    
    
    r_process.html:162:5: Warning: inserting implicit <span>
    
    
    r_process.html:164:16: Warning: inserting implicit <span>
    
    
    r_process.html:164:16: Warning: missing </span> before <pre>
    
    
    r_process.html:168:5: Warning: inserting implicit <span>
    
    
    r_process.html:170:4: Warning: inserting implicit <span>
    
    
    r_process.html:175:1: Warning: inserting implicit <span>
    
    
    r_process.html:175:1: Warning: missing </span> before <hr>
    
    
    r_process.html:176:1: Warning: inserting implicit <span>
    
    
    r_process.html:176:1: Warning: missing </span> before <h4>
    
    
    r_process.html:180:5: Warning: inserting implicit <span>
    
    
    r_process.html:182:4: Warning: inserting implicit <span>
    
    
    r_process.html:187:1: Warning: inserting implicit <span>
    
    
    r_process.html:187:1: Warning: missing </span> before <h5>
    
    
    r_process.html:187:5: Warning: inserting implicit <span>
    
    
    r_process.html:189:16: Warning: inserting implicit <span>
    
    
    r_process.html:189:16: Warning: missing </span> before <pre>
    
    
    r_process.html:193:1: Warning: inserting implicit <span>
    
    
    r_process.html:193:1: Warning: missing </span> before <h4>
    
    
    r_process.html:197:5: Warning: inserting implicit <span>
    
    
    r_process.html:199:4: Warning: inserting implicit <span>
    
    
    r_process.html:203:1: Warning: inserting implicit <span>
    
    
    r_process.html:203:1: Warning: missing </span> before <h5>
    
    
    r_process.html:203:5: Warning: inserting implicit <span>
    
    
    r_process.html:205:16: Warning: inserting implicit <span>
    
    
    r_process.html:205:16: Warning: missing </span> before <pre>
    
    
    r_process.html:209:5: Warning: inserting implicit <span>
    
    
    r_process.html:212:1: Warning: inserting implicit <span>
    
    
    r_process.html:212:1: Warning: missing </span> before <dl>
    
    
    r_process.html:214:5: Warning: inserting implicit <span>
    
    
    r_process.html:214:31: Warning: inserting implicit <span>
    
    
    r_process.html:214:31: Warning: missing </span> before <p>
    
    
    r_process.html:214:34: Warning: inserting implicit <span>
    
    
    r_process.html:223:5: Warning: inserting implicit <span>
    
    
    r_process.html:121:1: Warning: trimming empty <span>
    
    
    r_process.html:123:16: Warning: trimming empty <span>
    
    
    r_process.html:130:1: Warning: trimming empty <span>
    
    
    r_process.html:132:34: Warning: trimming empty <span>
    
    
    r_process.html:146:1: Warning: trimming empty <span>
    
    
    r_process.html:162:1: Warning: trimming empty <span>
    
    
    r_process.html:164:16: Warning: trimming empty <span>
    
    
    r_process.html:175:1: Warning: trimming empty <span>
    
    
    r_process.html:187:1: Warning: trimming empty <span>
    
    
    r_process.html:189:16: Warning: trimming empty <span>
    
    
    r_process.html:203:1: Warning: trimming empty <span>
    
    
    r_process.html:205:16: Warning: trimming empty <span>
    
    
    r_process.html:212:1: Warning: trimming empty <span>
    
    
    r_process.html:214:31: Warning: trimming empty <span>
    
    
    r_session.html:107:5: Warning: missing </span> before </li>
    
    
    r_session.html:108:5: Warning: inserting implicit <span>
    
    
    r_session.html:108:5: Warning: missing </span> before </li>
    
    
    r_session.html:109:5: Warning: inserting implicit <span>
    
    
    r_session.html:109:5: Warning: missing </span> before </li>
    
    
    r_session.html:110:5: Warning: inserting implicit <span>
    
    
    r_session.html:110:5: Warning: missing </span> before </li>
    
    
    r_session.html:111:5: Warning: inserting implicit <span>
    
    
    r_session.html:111:5: Warning: missing </span> before </li>
    
    
    r_session.html:112:5: Warning: inserting implicit <span>
    
    
    r_session.html:112:5: Warning: missing </span> before </li>
    
    
    r_session.html:113:5: Warning: inserting implicit <span>
    
    
    r_session.html:113:5: Warning: missing </span> before </li>
    
    
    r_session.html:114:5: Warning: inserting implicit <span>
    
    
    r_session.html:114:5: Warning: missing </span> before </li>
    
    
    r_session.html:115:5: Warning: inserting implicit <span>
    
    
    r_session.html:115:5: Warning: missing </span> before </li>
    
    
    r_session.html:116:5: Warning: inserting implicit <span>
    
    
    r_session.html:116:5: Warning: missing </span> before </li>
    
    
    r_session.html:117:5: Warning: inserting implicit <span>
    
    
    r_session.html:117:5: Warning: missing </span> before </li>
    
    
    r_session.html:118:5: Warning: inserting implicit <span>
    
    
    r_session.html:118:5: Warning: missing </span> before </li>
    
    
    r_session.html:119:5: Warning: inserting implicit <span>
    
    
    r_session.html:119:5: Warning: missing </span> before </li>
    
    
    r_session.html:120:5: Warning: inserting implicit <span>
    
    
    r_session.html:120:5: Warning: missing </span> before </li>
    
    
    r_session.html:121:5: Warning: inserting implicit <span>
    
    
    r_session.html:121:5: Warning: missing </span> before </li>
    
    
    r_session.html:122:5: Warning: inserting implicit <span>
    
    
    r_session.html:122:5: Warning: missing </span> before </li>
    
    
    r_session.html:123:5: Warning: inserting implicit <span>
    
    
    r_session.html:123:5: Warning: missing </span> before </li>
    
    
    r_session.html:124:5: Warning: inserting implicit <span>
    
    
    r_session.html:124:5: Warning: missing </span> before </li>
    
    
    r_session.html:125:5: Warning: inserting implicit <span>
    
    
    r_session.html:125:5: Warning: missing </span> before </li>
    
    
    r_session.html:126:5: Warning: inserting implicit <span>
    
    
    r_session.html:126:5: Warning: missing </span> before </li>
    
    
    r_session.html:127:5: Warning: inserting implicit <span>
    
    
    r_session.html:127:5: Warning: missing </span> before </li>
    
    
    r_session.html:128:5: Warning: inserting implicit <span>
    
    
    r_session.html:128:5: Warning: missing </span> before </li>
    
    
    r_session.html:129:5: Warning: inserting implicit <span>
    
    
    r_session.html:129:5: Warning: missing </span> before </li>
    
    
    r_session.html:130:5: Warning: inserting implicit <span>
    
    
    r_session.html:130:5: Warning: missing </span> before </li>
    
    
    r_session.html:131:5: Warning: inserting implicit <span>
    
    
    r_session.html:131:5: Warning: missing </span> before </li>
    
    
    r_session.html:132:5: Warning: inserting implicit <span>
    
    
    r_session.html:132:5: Warning: missing </span> before </li>
    
    
    r_session.html:133:5: Warning: inserting implicit <span>
    
    
    r_session.html:133:5: Warning: missing </span> before </li>
    
    
    r_session.html:134:5: Warning: inserting implicit <span>
    
    
    r_session.html:134:5: Warning: missing </span> before </li>
    
    
    r_session.html:135:5: Warning: inserting implicit <span>
    
    
    r_session.html:135:5: Warning: missing </span> before </li>
    
    
    r_session.html:136:5: Warning: inserting implicit <span>
    
    
    r_session.html:136:5: Warning: missing </span> before </li>
    
    
    r_session.html:137:5: Warning: inserting implicit <span>
    
    
    r_session.html:137:5: Warning: missing </span> before </li>
    
    
    r_session.html:138:5: Warning: inserting implicit <span>
    
    
    r_session.html:138:5: Warning: missing </span> before </li>
    
    
    r_session.html:139:5: Warning: inserting implicit <span>
    
    
    r_session.html:139:5: Warning: missing </span> before </li>
    
    
    r_session.html:140:5: Warning: inserting implicit <span>
    
    
    r_session.html:140:5: Warning: missing </span> before </li>
    
    
    r_session.html:141:5: Warning: inserting implicit <span>
    
    
    r_session.html:141:5: Warning: missing </span> before </li>
    
    
    r_session.html:142:5: Warning: inserting implicit <span>
    
    
    r_session.html:142:5: Warning: missing </span> before </li>
    
    
    r_session.html:143:5: Warning: inserting implicit <span>
    
    
    r_session.html:143:5: Warning: missing </span> before </li>
    
    
    r_session.html:144:5: Warning: inserting implicit <span>
    
    
    r_session.html:144:5: Warning: missing </span> before </li>
    
    
    r_session.html:145:5: Warning: inserting implicit <span>
    
    
    r_session.html:145:5: Warning: missing </span> before </li>
    
    
    r_session.html:146:5: Warning: inserting implicit <span>
    
    
    r_session.html:146:5: Warning: missing </span> before </li>
    
    
    r_session.html:147:5: Warning: inserting implicit <span>
    
    
    r_session.html:147:5: Warning: missing </span> before </li>
    
    
    r_session.html:148:5: Warning: inserting implicit <span>
    
    
    r_session.html:148:5: Warning: missing </span> before </li>
    
    
    r_session.html:149:5: Warning: inserting implicit <span>
    
    
    r_session.html:149:5: Warning: missing </span> before </li>
    
    
    r_session.html:150:5: Warning: inserting implicit <span>
    
    
    r_session.html:150:5: Warning: missing </span> before </li>
    
    
    r_session.html:151:5: Warning: inserting implicit <span>
    
    
    r_session.html:151:5: Warning: missing </span> before </li>
    
    
    r_session.html:152:5: Warning: inserting implicit <span>
    
    
    r_session.html:152:5: Warning: missing </span> before </li>
    
    
    r_session.html:153:5: Warning: inserting implicit <span>
    
    
    r_session.html:153:5: Warning: missing </span> before </li>
    
    
    r_session.html:158:1: Warning: inserting implicit <span>
    
    
    r_session.html:158:1: Warning: missing </span> before <h4>
    
    
    r_session.html:162:5: Warning: inserting implicit <span>
    
    
    r_session.html:164:4: Warning: inserting implicit <span>
    
    
    r_session.html:171:1: Warning: inserting implicit <span>
    
    
    r_session.html:171:1: Warning: missing </span> before <h5>
    
    
    r_session.html:171:5: Warning: inserting implicit <span>
    
    
    r_session.html:173:16: Warning: inserting implicit <span>
    
    
    r_session.html:173:16: Warning: missing </span> before <pre>
    
    
    r_session.html:177:5: Warning: inserting implicit <span>
    
    
    r_session.html:180:1: Warning: inserting implicit <span>
    
    
    r_session.html:180:1: Warning: missing </span> before <dl>
    
    
    r_session.html:182:5: Warning: inserting implicit <span>
    
    
    r_session.html:182:34: Warning: inserting implicit <span>
    
    
    r_session.html:182:34: Warning: missing </span> before <p>
    
    
    r_session.html:182:37: Warning: inserting implicit <span>
    
    
    r_session.html:184:5: Warning: inserting implicit <span>
    
    
    r_session.html:184:31: Warning: inserting implicit <span>
    
    
    r_session.html:184:31: Warning: missing </span> before <p>
    
    
    r_session.html:184:34: Warning: inserting implicit <span>
    
    
    r_session.html:187:5: Warning: inserting implicit <span>
    
    
    r_session.html:187:39: Warning: inserting implicit <span>
    
    
    r_session.html:187:39: Warning: missing </span> before <p>
    
    
    r_session.html:187:42: Warning: inserting implicit <span>
    
    
    r_session.html:196:5: Warning: inserting implicit <span>
    
    
    r_session.html:198:4: Warning: inserting implicit <span>
    
    
    r_session.html:202:1: Warning: inserting implicit <span>
    
    
    r_session.html:202:1: Warning: missing </span> before <hr>
    
    
    r_session.html:203:1: Warning: inserting implicit <span>
    
    
    r_session.html:203:1: Warning: missing </span> before <h4>
    
    
    r_session.html:207:5: Warning: inserting implicit <span>
    
    
    r_session.html:209:4: Warning: inserting implicit <span>
    
    
    r_session.html:215:1: Warning: inserting implicit <span>
    
    
    r_session.html:215:1: Warning: missing </span> before <h5>
    
    
    r_session.html:215:5: Warning: inserting implicit <span>
    
    
    r_session.html:217:16: Warning: inserting implicit <span>
    
    
    r_session.html:217:16: Warning: missing </span> before <pre>
    
    
    r_session.html:221:5: Warning: inserting implicit <span>
    
    
    r_session.html:224:1: Warning: inserting implicit <span>
    
    
    r_session.html:224:1: Warning: missing </span> before <dl>
    
    
    r_session.html:226:5: Warning: inserting implicit <span>
    
    
    r_session.html:226:31: Warning: inserting implicit <span>
    
    
    r_session.html:226:31: Warning: missing </span> before <p>
    
    
    r_session.html:226:34: Warning: inserting implicit <span>
    
    
    r_session.html:229:5: Warning: inserting implicit <span>
    
    
    r_session.html:229:31: Warning: inserting implicit <span>
    
    
    r_session.html:229:31: Warning: missing </span> before <p>
    
    
    r_session.html:229:34: Warning: inserting implicit <span>
    
    
    r_session.html:231:5: Warning: inserting implicit <span>
    
    
    r_session.html:231:34: Warning: inserting implicit <span>
    
    
    r_session.html:231:34: Warning: missing </span> before <p>
    
    
    r_session.html:231:37: Warning: inserting implicit <span>
    
    
    r_session.html:235:1: Warning: inserting implicit <span>
    
    
    r_session.html:235:1: Warning: missing </span> before <ul>
    
    
    r_session.html:236:5: Warning: inserting implicit <span>
    
    
    r_session.html:236:5: Warning: missing </span> before <p>
    
    
    r_session.html:236:9: Warning: inserting implicit <span>
    
    
    r_session.html:238:1: Warning: inserting implicit <span>
    
    
    r_session.html:239:5: Warning: inserting implicit <span>
    
    
    r_session.html:239:5: Warning: missing </span> before <p>
    
    
    r_session.html:239:9: Warning: inserting implicit <span>
    
    
    r_session.html:241:1: Warning: inserting implicit <span>
    
    
    r_session.html:242:5: Warning: inserting implicit <span>
    
    
    r_session.html:242:5: Warning: missing </span> before <p>
    
    
    r_session.html:242:9: Warning: inserting implicit <span>
    
    
    r_session.html:244:1: Warning: inserting implicit <span>
    
    
    r_session.html:252:5: Warning: inserting implicit <span>
    
    
    r_session.html:254:4: Warning: inserting implicit <span>
    
    
    r_session.html:258:1: Warning: inserting implicit <span>
    
    
    r_session.html:258:1: Warning: missing </span> before <hr>
    
    
    r_session.html:259:1: Warning: inserting implicit <span>
    
    
    r_session.html:259:1: Warning: missing </span> before <h4>
    
    
    r_session.html:263:5: Warning: inserting implicit <span>
    
    
    r_session.html:265:4: Warning: inserting implicit <span>
    
    
    r_session.html:271:1: Warning: inserting implicit <span>
    
    
    r_session.html:271:1: Warning: missing </span> before <h5>
    
    
    r_session.html:271:5: Warning: inserting implicit <span>
    
    
    r_session.html:273:16: Warning: inserting implicit <span>
    
    
    r_session.html:273:16: Warning: missing </span> before <pre>
    
    
    r_session.html:277:5: Warning: inserting implicit <span>
    
    
    r_session.html:280:1: Warning: inserting implicit <span>
    
    
    r_session.html:280:1: Warning: missing </span> before <dl>
    
    
    r_session.html:282:5: Warning: inserting implicit <span>
    
    
    r_session.html:282:31: Warning: inserting implicit <span>
    
    
    r_session.html:282:31: Warning: missing </span> before <p>
    
    
    r_session.html:282:34: Warning: inserting implicit <span>
    
    
    r_session.html:285:5: Warning: inserting implicit <span>
    
    
    r_session.html:285:31: Warning: inserting implicit <span>
    
    
    r_session.html:285:31: Warning: missing </span> before <p>
    
    
    r_session.html:285:34: Warning: inserting implicit <span>
    
    
    r_session.html:287:5: Warning: inserting implicit <span>
    
    
    r_session.html:287:34: Warning: inserting implicit <span>
    
    
    r_session.html:287:34: Warning: missing </span> before <p>
    
    
    r_session.html:287:37: Warning: inserting implicit <span>
    
    
    r_session.html:291:1: Warning: inserting implicit <span>
    
    
    r_session.html:291:1: Warning: missing </span> before <ul>
    
    
    r_session.html:292:5: Warning: inserting implicit <span>
    
    
    r_session.html:292:5: Warning: missing </span> before <p>
    
    
    r_session.html:292:9: Warning: inserting implicit <span>
    
    
    r_session.html:294:1: Warning: inserting implicit <span>
    
    
    r_session.html:295:5: Warning: inserting implicit <span>
    
    
    r_session.html:295:5: Warning: missing </span> before <p>
    
    
    r_session.html:295:9: Warning: inserting implicit <span>
    
    
    r_session.html:297:1: Warning: inserting implicit <span>
    
    
    r_session.html:298:5: Warning: inserting implicit <span>
    
    
    r_session.html:298:5: Warning: missing </span> before <p>
    
    
    r_session.html:298:9: Warning: inserting implicit <span>
    
    
    r_session.html:300:1: Warning: inserting implicit <span>
    
    
    r_session.html:308:5: Warning: inserting implicit <span>
    
    
    r_session.html:310:4: Warning: inserting implicit <span>
    
    
    r_session.html:313:1: Warning: inserting implicit <span>
    
    
    r_session.html:313:1: Warning: missing </span> before <ul>
    
    
    r_session.html:314:5: Warning: inserting implicit <span>
    
    
    r_session.html:314:5: Warning: missing </span> before <p>
    
    
    r_session.html:314:9: Warning: inserting implicit <span>
    
    
    r_session.html:316:1: Warning: inserting implicit <span>
    
    
    r_session.html:317:5: Warning: inserting implicit <span>
    
    
    r_session.html:317:5: Warning: missing </span> before <p>
    
    
    r_session.html:317:9: Warning: inserting implicit <span>
    
    
    r_session.html:319:1: Warning: inserting implicit <span>
    
    
    r_session.html:320:5: Warning: inserting implicit <span>
    
    
    r_session.html:320:5: Warning: missing </span> before <p>
    
    
    r_session.html:320:9: Warning: inserting implicit <span>
    
    
    r_session.html:323:1: Warning: inserting implicit <span>
    
    
    r_session.html:324:5: Warning: inserting implicit <span>
    
    
    r_session.html:324:5: Warning: missing </span> before <p>
    
    
    r_session.html:324:9: Warning: inserting implicit <span>
    
    
    r_session.html:327:1: Warning: inserting implicit <span>
    
    
    r_session.html:328:5: Warning: inserting implicit <span>
    
    
    r_session.html:328:5: Warning: missing </span> before <p>
    
    
    r_session.html:328:9: Warning: inserting implicit <span>
    
    
    r_session.html:331:1: Warning: inserting implicit <span>
    
    
    r_session.html:336:1: Warning: inserting implicit <span>
    
    
    r_session.html:336:1: Warning: missing </span> before <h4>
    
    
    r_session.html:340:5: Warning: inserting implicit <span>
    
    
    r_session.html:342:4: Warning: inserting implicit <span>
    
    
    r_session.html:348:1: Warning: inserting implicit <span>
    
    
    r_session.html:348:1: Warning: missing </span> before <h5>
    
    
    r_session.html:348:5: Warning: inserting implicit <span>
    
    
    r_session.html:350:16: Warning: inserting implicit <span>
    
    
    r_session.html:350:16: Warning: missing </span> before <pre>
    
    
    r_session.html:354:5: Warning: inserting implicit <span>
    
    
    r_session.html:357:1: Warning: inserting implicit <span>
    
    
    r_session.html:357:1: Warning: missing </span> before <dl>
    
    
    r_session.html:359:5: Warning: inserting implicit <span>
    
    
    r_session.html:359:31: Warning: inserting implicit <span>
    
    
    r_session.html:359:31: Warning: missing </span> before <p>
    
    
    r_session.html:359:34: Warning: inserting implicit <span>
    
    
    r_session.html:362:5: Warning: inserting implicit <span>
    
    
    r_session.html:362:31: Warning: inserting implicit <span>
    
    
    r_session.html:362:31: Warning: missing </span> before <p>
    
    
    r_session.html:362:34: Warning: inserting implicit <span>
    
    
    r_session.html:364:5: Warning: inserting implicit <span>
    
    
    r_session.html:364:34: Warning: inserting implicit <span>
    
    
    r_session.html:364:34: Warning: missing </span> before <p>
    
    
    r_session.html:364:37: Warning: inserting implicit <span>
    
    
    r_session.html:368:1: Warning: inserting implicit <span>
    
    
    r_session.html:368:1: Warning: missing </span> before <ul>
    
    
    r_session.html:369:5: Warning: inserting implicit <span>
    
    
    r_session.html:369:5: Warning: missing </span> before <p>
    
    
    r_session.html:369:9: Warning: inserting implicit <span>
    
    
    r_session.html:371:1: Warning: inserting implicit <span>
    
    
    r_session.html:372:5: Warning: inserting implicit <span>
    
    
    r_session.html:372:5: Warning: missing </span> before <p>
    
    
    r_session.html:372:9: Warning: inserting implicit <span>
    
    
    r_session.html:374:1: Warning: inserting implicit <span>
    
    
    r_session.html:375:5: Warning: inserting implicit <span>
    
    
    r_session.html:375:5: Warning: missing </span> before <p>
    
    
    r_session.html:375:9: Warning: inserting implicit <span>
    
    
    r_session.html:377:1: Warning: inserting implicit <span>
    
    
    r_session.html:385:1: Warning: inserting implicit <span>
    
    
    r_session.html:385:1: Warning: missing </span> before <h4>
    
    
    r_session.html:389:5: Warning: inserting implicit <span>
    
    
    r_session.html:391:4: Warning: inserting implicit <span>
    
    
    r_session.html:397:1: Warning: inserting implicit <span>
    
    
    r_session.html:397:1: Warning: missing </span> before <h5>
    
    
    r_session.html:397:5: Warning: inserting implicit <span>
    
    
    r_session.html:399:16: Warning: inserting implicit <span>
    
    
    r_session.html:399:16: Warning: missing </span> before <pre>
    
    
    r_session.html:403:5: Warning: inserting implicit <span>
    
    
    r_session.html:406:1: Warning: inserting implicit <span>
    
    
    r_session.html:406:1: Warning: missing </span> before <dl>
    
    
    r_session.html:408:5: Warning: inserting implicit <span>
    
    
    r_session.html:408:34: Warning: inserting implicit <span>
    
    
    r_session.html:408:34: Warning: missing </span> before <p>
    
    
    r_session.html:408:37: Warning: inserting implicit <span>
    
    
    r_session.html:416:5: Warning: inserting implicit <span>
    
    
    r_session.html:418:4: Warning: inserting implicit <span>
    
    
    r_session.html:422:1: Warning: inserting implicit <span>
    
    
    r_session.html:422:1: Warning: missing </span> before <hr>
    
    
    r_session.html:423:1: Warning: inserting implicit <span>
    
    
    r_session.html:423:1: Warning: missing </span> before <h4>
    
    
    r_session.html:427:5: Warning: inserting implicit <span>
    
    
    r_session.html:429:4: Warning: inserting implicit <span>
    
    
    r_session.html:433:1: Warning: inserting implicit <span>
    
    
    r_session.html:433:1: Warning: missing </span> before <h5>
    
    
    r_session.html:433:5: Warning: inserting implicit <span>
    
    
    r_session.html:435:16: Warning: inserting implicit <span>
    
    
    r_session.html:435:16: Warning: missing </span> before <pre>
    
    
    r_session.html:439:5: Warning: inserting implicit <span>
    
    
    r_session.html:441:4: Warning: inserting implicit <span>
    
    
    r_session.html:444:1: Warning: inserting implicit <span>
    
    
    r_session.html:444:1: Warning: missing </span> before <ul>
    
    
    r_session.html:445:5: Warning: inserting implicit <span>
    
    
    r_session.html:445:5: Warning: missing </span> before <p>
    
    
    r_session.html:445:9: Warning: inserting implicit <span>
    
    
    r_session.html:447:1: Warning: inserting implicit <span>
    
    
    r_session.html:448:5: Warning: inserting implicit <span>
    
    
    r_session.html:448:5: Warning: missing </span> before <p>
    
    
    r_session.html:448:9: Warning: inserting implicit <span>
    
    
    r_session.html:450:1: Warning: inserting implicit <span>
    
    
    r_session.html:451:5: Warning: inserting implicit <span>
    
    
    r_session.html:451:5: Warning: missing </span> before <p>
    
    
    r_session.html:451:9: Warning: inserting implicit <span>
    
    
    r_session.html:453:1: Warning: inserting implicit <span>
    
    
    r_session.html:454:5: Warning: inserting implicit <span>
    
    
    r_session.html:454:5: Warning: missing </span> before <p>
    
    
    r_session.html:454:9: Warning: inserting implicit <span>
    
    
    r_session.html:456:1: Warning: inserting implicit <span>
    
    
    r_session.html:461:1: Warning: inserting implicit <span>
    
    
    r_session.html:461:1: Warning: missing </span> before <h4>
    
    
    r_session.html:465:5: Warning: inserting implicit <span>
    
    
    r_session.html:467:4: Warning: inserting implicit <span>
    
    
    r_session.html:473:1: Warning: inserting implicit <span>
    
    
    r_session.html:473:1: Warning: missing </span> before <h5>
    
    
    r_session.html:473:5: Warning: inserting implicit <span>
    
    
    r_session.html:475:16: Warning: inserting implicit <span>
    
    
    r_session.html:475:16: Warning: missing </span> before <pre>
    
    
    r_session.html:479:5: Warning: inserting implicit <span>
    
    
    r_session.html:481:4: Warning: inserting implicit <span>
    
    
    r_session.html:486:1: Warning: inserting implicit <span>
    
    
    r_session.html:486:1: Warning: missing </span> before <hr>
    
    
    r_session.html:487:1: Warning: inserting implicit <span>
    
    
    r_session.html:487:1: Warning: missing </span> before <h4>
    
    
    r_session.html:491:5: Warning: inserting implicit <span>
    
    
    r_session.html:493:4: Warning: inserting implicit <span>
    
    
    r_session.html:497:1: Warning: inserting implicit <span>
    
    
    r_session.html:497:1: Warning: missing </span> before <p>
    
    
    r_session.html:497:4: Warning: inserting implicit <span>
    
    
    r_session.html:502:1: Warning: inserting implicit <span>
    
    
    r_session.html:502:1: Warning: missing </span> before <h5>
    
    
    r_session.html:502:5: Warning: inserting implicit <span>
    
    
    r_session.html:504:16: Warning: inserting implicit <span>
    
    
    r_session.html:504:16: Warning: missing </span> before <pre>
    
    
    r_session.html:508:5: Warning: inserting implicit <span>
    
    
    r_session.html:510:4: Warning: inserting implicit <span>
    
    
    r_session.html:517:1: Warning: inserting implicit <span>
    
    
    r_session.html:517:1: Warning: missing </span> before <ul>
    
    
    r_session.html:518:5: Warning: inserting implicit <span>
    
    
    r_session.html:518:5: Warning: missing </span> before <p>
    
    
    r_session.html:518:9: Warning: inserting implicit <span>
    
    
    r_session.html:521:1: Warning: inserting implicit <span>
    
    
    r_session.html:522:5: Warning: inserting implicit <span>
    
    
    r_session.html:522:5: Warning: missing </span> before <p>
    
    
    r_session.html:522:9: Warning: inserting implicit <span>
    
    
    r_session.html:525:1: Warning: inserting implicit <span>
    
    
    r_session.html:526:5: Warning: inserting implicit <span>
    
    
    r_session.html:526:5: Warning: missing </span> before <p>
    
    
    r_session.html:526:9: Warning: inserting implicit <span>
    
    
    r_session.html:528:1: Warning: inserting implicit <span>
    
    
    r_session.html:529:5: Warning: inserting implicit <span>
    
    
    r_session.html:529:5: Warning: missing </span> before <p>
    
    
    r_session.html:529:9: Warning: inserting implicit <span>
    
    
    r_session.html:534:1: Warning: inserting implicit <span>
    
    
    r_session.html:535:5: Warning: inserting implicit <span>
    
    
    r_session.html:535:5: Warning: missing </span> before <p>
    
    
    r_session.html:535:9: Warning: inserting implicit <span>
    
    
    r_session.html:538:1: Warning: inserting implicit <span>
    
    
    r_session.html:539:5: Warning: inserting implicit <span>
    
    
    r_session.html:539:5: Warning: missing </span> before <p>
    
    
    r_session.html:539:9: Warning: inserting implicit <span>
    
    
    r_session.html:541:1: Warning: inserting implicit <span>
    
    
    r_session.html:542:5: Warning: inserting implicit <span>
    
    
    r_session.html:542:5: Warning: missing </span> before <p>
    
    
    r_session.html:542:9: Warning: inserting implicit <span>
    
    
    r_session.html:545:1: Warning: inserting implicit <span>
    
    
    r_session.html:550:1: Warning: inserting implicit <span>
    
    
    r_session.html:550:1: Warning: missing </span> before <h4>
    
    
    r_session.html:554:5: Warning: inserting implicit <span>
    
    
    r_session.html:556:4: Warning: inserting implicit <span>
    
    
    r_session.html:561:1: Warning: inserting implicit <span>
    
    
    r_session.html:561:1: Warning: missing </span> before <h5>
    
    
    r_session.html:561:5: Warning: inserting implicit <span>
    
    
    r_session.html:563:16: Warning: inserting implicit <span>
    
    
    r_session.html:563:16: Warning: missing </span> before <pre>
    
    
    r_session.html:567:5: Warning: inserting implicit <span>
    
    
    r_session.html:570:1: Warning: inserting implicit <span>
    
    
    r_session.html:570:1: Warning: missing </span> before <dl>
    
    
    r_session.html:572:5: Warning: inserting implicit <span>
    
    
    r_session.html:572:32: Warning: inserting implicit <span>
    
    
    r_session.html:572:32: Warning: missing </span> before <p>
    
    
    r_session.html:572:35: Warning: inserting implicit <span>
    
    
    r_session.html:583:1: Warning: inserting implicit <span>
    
    
    r_session.html:583:1: Warning: missing </span> before <h4>
    
    
    r_session.html:587:5: Warning: inserting implicit <span>
    
    
    r_session.html:589:4: Warning: inserting implicit <span>
    
    
    r_session.html:593:1: Warning: inserting implicit <span>
    
    
    r_session.html:593:1: Warning: missing </span> before <p>
    
    
    r_session.html:593:4: Warning: inserting implicit <span>
    
    
    r_session.html:600:1: Warning: inserting implicit <span>
    
    
    r_session.html:600:1: Warning: missing </span> before <h5>
    
    
    r_session.html:600:5: Warning: inserting implicit <span>
    
    
    r_session.html:602:16: Warning: inserting implicit <span>
    
    
    r_session.html:602:16: Warning: missing </span> before <pre>
    
    
    r_session.html:606:5: Warning: inserting implicit <span>
    
    
    r_session.html:608:4: Warning: inserting implicit <span>
    
    
    r_session.html:612:1: Warning: inserting implicit <span>
    
    
    r_session.html:612:1: Warning: missing </span> before <hr>
    
    
    r_session.html:613:1: Warning: inserting implicit <span>
    
    
    r_session.html:613:1: Warning: missing </span> before <h4>
    
    
    r_session.html:617:5: Warning: inserting implicit <span>
    
    
    r_session.html:619:4: Warning: inserting implicit <span>
    
    
    r_session.html:622:1: Warning: inserting implicit <span>
    
    
    r_session.html:622:1: Warning: missing </span> before <p>
    
    
    r_session.html:622:4: Warning: inserting implicit <span>
    
    
    r_session.html:629:1: Warning: inserting implicit <span>
    
    
    r_session.html:629:1: Warning: missing </span> before <h5>
    
    
    r_session.html:629:5: Warning: inserting implicit <span>
    
    
    r_session.html:631:16: Warning: inserting implicit <span>
    
    
    r_session.html:631:16: Warning: missing </span> before <pre>
    
    
    r_session.html:635:1: Warning: inserting implicit <span>
    
    
    r_session.html:635:1: Warning: missing </span> before <h4>
    
    
    r_session.html:639:5: Warning: inserting implicit <span>
    
    
    r_session.html:641:4: Warning: inserting implicit <span>
    
    
    r_session.html:646:1: Warning: inserting implicit <span>
    
    
    r_session.html:646:1: Warning: missing </span> before <h5>
    
    
    r_session.html:646:5: Warning: inserting implicit <span>
    
    
    r_session.html:648:16: Warning: inserting implicit <span>
    
    
    r_session.html:648:16: Warning: missing </span> before <pre>
    
    
    r_session.html:652:1: Warning: inserting implicit <span>
    
    
    r_session.html:652:1: Warning: missing </span> before <h4>
    
    
    r_session.html:656:5: Warning: inserting implicit <span>
    
    
    r_session.html:658:4: Warning: inserting implicit <span>
    
    
    r_session.html:663:1: Warning: inserting implicit <span>
    
    
    r_session.html:663:1: Warning: missing </span> before <h5>
    
    
    r_session.html:663:5: Warning: inserting implicit <span>
    
    
    r_session.html:665:16: Warning: inserting implicit <span>
    
    
    r_session.html:665:16: Warning: missing </span> before <pre>
    
    
    r_session.html:669:1: Warning: inserting implicit <span>
    
    
    r_session.html:669:1: Warning: missing </span> before <h4>
    
    
    r_session.html:673:5: Warning: inserting implicit <span>
    
    
    r_session.html:675:4: Warning: inserting implicit <span>
    
    
    r_session.html:679:1: Warning: inserting implicit <span>
    
    
    r_session.html:679:1: Warning: missing </span> before <h5>
    
    
    r_session.html:679:5: Warning: inserting implicit <span>
    
    
    r_session.html:681:16: Warning: inserting implicit <span>
    
    
    r_session.html:681:16: Warning: missing </span> before <pre>
    
    
    r_session.html:685:5: Warning: inserting implicit <span>
    
    
    r_session.html:688:1: Warning: inserting implicit <span>
    
    
    r_session.html:688:1: Warning: missing </span> before <dl>
    
    
    r_session.html:690:5: Warning: inserting implicit <span>
    
    
    r_session.html:690:30: Warning: inserting implicit <span>
    
    
    r_session.html:690:30: Warning: missing </span> before <p>
    
    
    r_session.html:690:33: Warning: inserting implicit <span>
    
    
    r_session.html:698:1: Warning: inserting implicit <span>
    
    
    r_session.html:698:1: Warning: missing </span> before <h4>
    
    
    r_session.html:702:5: Warning: inserting implicit <span>
    
    
    r_session.html:704:4: Warning: inserting implicit <span>
    
    
    r_session.html:708:1: Warning: inserting implicit <span>
    
    
    r_session.html:708:1: Warning: missing </span> before <h5>
    
    
    r_session.html:708:5: Warning: inserting implicit <span>
    
    
    r_session.html:710:16: Warning: inserting implicit <span>
    
    
    r_session.html:710:16: Warning: missing </span> before <pre>
    
    
    r_session.html:714:5: Warning: inserting implicit <span>
    
    
    r_session.html:717:1: Warning: inserting implicit <span>
    
    
    r_session.html:717:1: Warning: missing </span> before <dl>
    
    
    r_session.html:719:5: Warning: inserting implicit <span>
    
    
    r_session.html:719:31: Warning: inserting implicit <span>
    
    
    r_session.html:719:31: Warning: missing </span> before <p>
    
    
    r_session.html:719:34: Warning: inserting implicit <span>
    
    
    r_session.html:728:5: Warning: inserting implicit <span>
    
    
    r_session.html:171:1: Warning: trimming empty <span>
    
    
    r_session.html:173:16: Warning: trimming empty <span>
    
    
    r_session.html:180:1: Warning: trimming empty <span>
    
    
    r_session.html:182:34: Warning: trimming empty <span>
    
    
    r_session.html:184:31: Warning: trimming empty <span>
    
    
    r_session.html:187:39: Warning: trimming empty <span>
    
    
    r_session.html:202:1: Warning: trimming empty <span>
    
    
    r_session.html:215:1: Warning: trimming empty <span>
    
    
    r_session.html:217:16: Warning: trimming empty <span>
    
    
    r_session.html:224:1: Warning: trimming empty <span>
    
    
    r_session.html:226:31: Warning: trimming empty <span>
    
    
    r_session.html:229:31: Warning: trimming empty <span>
    
    
    r_session.html:231:34: Warning: trimming empty <span>
    
    
    r_session.html:235:1: Warning: trimming empty <span>
    
    
    r_session.html:236:5: Warning: trimming empty <span>
    
    
    r_session.html:238:1: Warning: trimming empty <span>
    
    
    r_session.html:239:5: Warning: trimming empty <span>
    
    
    r_session.html:241:1: Warning: trimming empty <span>
    
    
    r_session.html:242:5: Warning: trimming empty <span>
    
    
    r_session.html:244:1: Warning: trimming empty <span>
    
    
    r_session.html:258:1: Warning: trimming empty <span>
    
    
    r_session.html:271:1: Warning: trimming empty <span>
    
    
    r_session.html:273:16: Warning: trimming empty <span>
    
    
    r_session.html:280:1: Warning: trimming empty <span>
    
    
    r_session.html:282:31: Warning: trimming empty <span>
    
    
    r_session.html:285:31: Warning: trimming empty <span>
    
    
    r_session.html:287:34: Warning: trimming empty <span>
    
    
    r_session.html:291:1: Warning: trimming empty <span>
    
    
    r_session.html:292:5: Warning: trimming empty <span>
    
    
    r_session.html:294:1: Warning: trimming empty <span>
    
    
    r_session.html:295:5: Warning: trimming empty <span>
    
    
    r_session.html:297:1: Warning: trimming empty <span>
    
    
    r_session.html:298:5: Warning: trimming empty <span>
    
    
    r_session.html:300:1: Warning: trimming empty <span>
    
    
    r_session.html:313:1: Warning: trimming empty <span>
    
    
    r_session.html:314:5: Warning: trimming empty <span>
    
    
    r_session.html:316:1: Warning: trimming empty <span>
    
    
    r_session.html:317:5: Warning: trimming empty <span>
    
    
    r_session.html:319:1: Warning: trimming empty <span>
    
    
    r_session.html:320:5: Warning: trimming empty <span>
    
    
    r_session.html:323:1: Warning: trimming empty <span>
    
    
    r_session.html:324:5: Warning: trimming empty <span>
    
    
    r_session.html:327:1: Warning: trimming empty <span>
    
    
    r_session.html:328:5: Warning: trimming empty <span>
    
    
    r_session.html:331:1: Warning: trimming empty <span>
    
    
    r_session.html:348:1: Warning: trimming empty <span>
    
    
    r_session.html:350:16: Warning: trimming empty <span>
    
    
    r_session.html:357:1: Warning: trimming empty <span>
    
    
    r_session.html:359:31: Warning: trimming empty <span>
    
    
    r_session.html:362:31: Warning: trimming empty <span>
    
    
    r_session.html:364:34: Warning: trimming empty <span>
    
    
    r_session.html:368:1: Warning: trimming empty <span>
    
    
    r_session.html:369:5: Warning: trimming empty <span>
    
    
    r_session.html:371:1: Warning: trimming empty <span>
    
    
    r_session.html:372:5: Warning: trimming empty <span>
    
    
    r_session.html:374:1: Warning: trimming empty <span>
    
    
    r_session.html:375:5: Warning: trimming empty <span>
    
    
    r_session.html:377:1: Warning: trimming empty <span>
    
    
    r_session.html:397:1: Warning: trimming empty <span>
    
    
    r_session.html:399:16: Warning: trimming empty <span>
    
    
    r_session.html:406:1: Warning: trimming empty <span>
    
    
    r_session.html:408:34: Warning: trimming empty <span>
    
    
    r_session.html:422:1: Warning: trimming empty <span>
    
    
    r_session.html:433:1: Warning: trimming empty <span>
    
    
    r_session.html:435:16: Warning: trimming empty <span>
    
    
    r_session.html:444:1: Warning: trimming empty <span>
    
    
    r_session.html:445:5: Warning: trimming empty <span>
    
    
    r_session.html:447:1: Warning: trimming empty <span>
    
    
    r_session.html:448:5: Warning: trimming empty <span>
    
    
    r_session.html:450:1: Warning: trimming empty <span>
    
    
    r_session.html:451:5: Warning: trimming empty <span>
    
    
    r_session.html:453:1: Warning: trimming empty <span>
    
    
    r_session.html:454:5: Warning: trimming empty <span>
    
    
    r_session.html:456:1: Warning: trimming empty <span>
    
    
    r_session.html:473:1: Warning: trimming empty <span>
    
    
    r_session.html:475:16: Warning: trimming empty <span>
    
    
    r_session.html:486:1: Warning: trimming empty <span>
    
    
    r_session.html:497:1: Warning: trimming empty <span>
    
    
    r_session.html:502:1: Warning: trimming empty <span>
    
    
    r_session.html:504:16: Warning: trimming empty <span>
    
    
    r_session.html:517:1: Warning: trimming empty <span>
    
    
    r_session.html:518:5: Warning: trimming empty <span>
    
    
    r_session.html:521:1: Warning: trimming empty <span>
    
    
    r_session.html:522:5: Warning: trimming empty <span>
    
    
    r_session.html:525:1: Warning: trimming empty <span>
    
    
    r_session.html:526:5: Warning: trimming empty <span>
    
    
    r_session.html:528:1: Warning: trimming empty <span>
    
    
    r_session.html:529:5: Warning: trimming empty <span>
    
    
    r_session.html:534:1: Warning: trimming empty <span>
    
    
    r_session.html:535:5: Warning: trimming empty <span>
    
    
    r_session.html:538:1: Warning: trimming empty <span>
    
    
    r_session.html:539:5: Warning: trimming empty <span>
    
    
    r_session.html:541:1: Warning: trimming empty <span>
    
    
    r_session.html:542:5: Warning: trimming empty <span>
    
    
    r_session.html:545:1: Warning: trimming empty <span>
    
    
    r_session.html:561:1: Warning: trimming empty <span>
    
    
    r_session.html:563:16: Warning: trimming empty <span>
    
    
    r_session.html:570:1: Warning: trimming empty <span>
    
    
    r_session.html:572:32: Warning: trimming empty <span>
    
    
    r_session.html:593:1: Warning: trimming empty <span>
    
    
    r_session.html:600:1: Warning: trimming empty <span>
    
    
    r_session.html:602:16: Warning: trimming empty <span>
    
    
    r_session.html:612:1: Warning: trimming empty <span>
    
    
    r_session.html:622:1: Warning: trimming empty <span>
    
    
    r_session.html:629:1: Warning: trimming empty <span>
    
    
    r_session.html:631:16: Warning: trimming empty <span>
    
    
    r_session.html:646:1: Warning: trimming empty <span>
    
    
    r_session.html:648:16: Warning: trimming empty <span>
    
    
    r_session.html:663:1: Warning: trimming empty <span>
    
    
    r_session.html:665:16: Warning: trimming empty <span>
    
    
    r_session.html:679:1: Warning: trimming empty <span>
    
    
    r_session.html:681:16: Warning: trimming empty <span>
    
    
    r_session.html:688:1: Warning: trimming empty <span>
    
    
    r_session.html:690:30: Warning: trimming empty <span>
    
    
    r_session.html:708:1: Warning: trimming empty <span>
    
    
    r_session.html:710:16: Warning: trimming empty <span>
    
    
    r_session.html:717:1: Warning: trimming empty <span>
    
    
    r_session.html:719:31: Warning: trimming empty <span>
    
    
    rcmd_process.html:56:5: Warning: missing </span> before </li>
    
    
    rcmd_process.html:57:5: Warning: inserting implicit <span>
    
    
    rcmd_process.html:57:5: Warning: missing </span> before </li>
    
    
    rcmd_process.html:58:5: Warning: inserting implicit <span>
    
    
    rcmd_process.html:58:5: Warning: missing </span> before </li>
    
    
    rcmd_process.html:59:5: Warning: inserting implicit <span>
    
    
    rcmd_process.html:59:5: Warning: missing </span> before </li>
    
    
    rcmd_process.html:60:5: Warning: inserting implicit <span>
    
    
    rcmd_process.html:60:5: Warning: missing </span> before </li>
    
    
    rcmd_process.html:61:5: Warning: inserting implicit <span>
    
    
    rcmd_process.html:61:5: Warning: missing </span> before </li>
    
    
    rcmd_process.html:62:5: Warning: inserting implicit <span>
    
    
    rcmd_process.html:62:5: Warning: missing </span> before </li>
    
    
    rcmd_process.html:63:5: Warning: inserting implicit <span>
    
    
    rcmd_process.html:63:5: Warning: missing </span> before </li>
    
    
    rcmd_process.html:64:5: Warning: inserting implicit <span>
    
    
    rcmd_process.html:64:5: Warning: missing </span> before </li>
    
    
    rcmd_process.html:65:5: Warning: inserting implicit <span>
    
    
    rcmd_process.html:65:5: Warning: missing </span> before </li>
    
    
    rcmd_process.html:66:5: Warning: inserting implicit <span>
    
    
    rcmd_process.html:66:5: Warning: missing </span> before </li>
    
    
    rcmd_process.html:67:5: Warning: inserting implicit <span>
    
    
    rcmd_process.html:67:5: Warning: missing </span> before </li>
    
    
    rcmd_process.html:68:5: Warning: inserting implicit <span>
    
    
    rcmd_process.html:68:5: Warning: missing </span> before </li>
    
    
    rcmd_process.html:69:5: Warning: inserting implicit <span>
    
    
    rcmd_process.html:69:5: Warning: missing </span> before </li>
    
    
    rcmd_process.html:70:5: Warning: inserting implicit <span>
    
    
    rcmd_process.html:70:5: Warning: missing </span> before </li>
    
    
    rcmd_process.html:71:5: Warning: inserting implicit <span>
    
    
    rcmd_process.html:71:5: Warning: missing </span> before </li>
    
    
    rcmd_process.html:72:5: Warning: inserting implicit <span>
    
    
    rcmd_process.html:72:5: Warning: missing </span> before </li>
    
    
    rcmd_process.html:73:5: Warning: inserting implicit <span>
    
    
    rcmd_process.html:73:5: Warning: missing </span> before </li>
    
    
    rcmd_process.html:74:5: Warning: inserting implicit <span>
    
    
    rcmd_process.html:74:5: Warning: missing </span> before </li>
    
    
    rcmd_process.html:75:5: Warning: inserting implicit <span>
    
    
    rcmd_process.html:75:5: Warning: missing </span> before </li>
    
    
    rcmd_process.html:76:5: Warning: inserting implicit <span>
    
    
    rcmd_process.html:76:5: Warning: missing </span> before </li>
    
    
    rcmd_process.html:77:5: Warning: inserting implicit <span>
    
    
    rcmd_process.html:77:5: Warning: missing </span> before </li>
    
    
    rcmd_process.html:78:5: Warning: inserting implicit <span>
    
    
    rcmd_process.html:78:5: Warning: missing </span> before </li>
    
    
    rcmd_process.html:79:5: Warning: inserting implicit <span>
    
    
    rcmd_process.html:79:5: Warning: missing </span> before </li>
    
    
    rcmd_process.html:80:5: Warning: inserting implicit <span>
    
    
    rcmd_process.html:80:5: Warning: missing </span> before </li>
    
    
    rcmd_process.html:81:5: Warning: inserting implicit <span>
    
    
    rcmd_process.html:81:5: Warning: missing </span> before </li>
    
    
    rcmd_process.html:82:5: Warning: inserting implicit <span>
    
    
    rcmd_process.html:82:5: Warning: missing </span> before </li>
    
    
    rcmd_process.html:83:5: Warning: inserting implicit <span>
    
    
    rcmd_process.html:83:5: Warning: missing </span> before </li>
    
    
    rcmd_process.html:84:5: Warning: inserting implicit <span>
    
    
    rcmd_process.html:84:5: Warning: missing </span> before </li>
    
    
    rcmd_process.html:85:5: Warning: inserting implicit <span>
    
    
    rcmd_process.html:85:5: Warning: missing </span> before </li>
    
    
    rcmd_process.html:86:5: Warning: inserting implicit <span>
    
    
    rcmd_process.html:86:5: Warning: missing </span> before </li>
    
    
    rcmd_process.html:87:5: Warning: inserting implicit <span>
    
    
    rcmd_process.html:87:5: Warning: missing </span> before </li>
    
    
    rcmd_process.html:88:5: Warning: inserting implicit <span>
    
    
    rcmd_process.html:88:5: Warning: missing </span> before </li>
    
    
    rcmd_process.html:89:5: Warning: inserting implicit <span>
    
    
    rcmd_process.html:89:5: Warning: missing </span> before </li>
    
    
    rcmd_process.html:90:5: Warning: inserting implicit <span>
    
    
    rcmd_process.html:90:5: Warning: missing </span> before </li>
    
    
    rcmd_process.html:91:5: Warning: inserting implicit <span>
    
    
    rcmd_process.html:91:5: Warning: missing </span> before </li>
    
    
    rcmd_process.html:92:5: Warning: inserting implicit <span>
    
    
    rcmd_process.html:92:5: Warning: missing </span> before </li>
    
    
    rcmd_process.html:93:5: Warning: inserting implicit <span>
    
    
    rcmd_process.html:93:5: Warning: missing </span> before </li>
    
    
    rcmd_process.html:94:5: Warning: inserting implicit <span>
    
    
    rcmd_process.html:94:5: Warning: missing </span> before </li>
    
    
    rcmd_process.html:95:5: Warning: inserting implicit <span>
    
    
    rcmd_process.html:95:5: Warning: missing </span> before </li>
    
    
    rcmd_process.html:96:5: Warning: inserting implicit <span>
    
    
    rcmd_process.html:96:5: Warning: missing </span> before </li>
    
    
    rcmd_process.html:97:5: Warning: inserting implicit <span>
    
    
    rcmd_process.html:97:5: Warning: missing </span> before </li>
    
    
    rcmd_process.html:98:5: Warning: inserting implicit <span>
    
    
    rcmd_process.html:98:5: Warning: missing </span> before </li>
    
    
    rcmd_process.html:99:5: Warning: inserting implicit <span>
    
    
    rcmd_process.html:99:5: Warning: missing </span> before </li>
    
    
    rcmd_process.html:100:5: Warning: inserting implicit <span>
    
    
    rcmd_process.html:100:5: Warning: missing </span> before </li>
    
    
    rcmd_process.html:101:5: Warning: inserting implicit <span>
    
    
    rcmd_process.html:101:5: Warning: missing </span> before </li>
    
    
    rcmd_process.html:102:5: Warning: inserting implicit <span>
    
    
    rcmd_process.html:102:5: Warning: missing </span> before </li>
    
    
    rcmd_process.html:103:5: Warning: inserting implicit <span>
    
    
    rcmd_process.html:103:5: Warning: missing </span> before </li>
    
    
    rcmd_process.html:108:1: Warning: inserting implicit <span>
    
    
    rcmd_process.html:108:1: Warning: missing </span> before <h4>
    
    
    rcmd_process.html:112:5: Warning: inserting implicit <span>
    
    
    rcmd_process.html:114:4: Warning: inserting implicit <span>
    
    
    rcmd_process.html:118:1: Warning: inserting implicit <span>
    
    
    rcmd_process.html:118:1: Warning: missing </span> before <h5>
    
    
    rcmd_process.html:118:5: Warning: inserting implicit <span>
    
    
    rcmd_process.html:120:16: Warning: inserting implicit <span>
    
    
    rcmd_process.html:120:16: Warning: missing </span> before <pre>
    
    
    rcmd_process.html:124:5: Warning: inserting implicit <span>
    
    
    rcmd_process.html:127:1: Warning: inserting implicit <span>
    
    
    rcmd_process.html:127:1: Warning: missing </span> before <dl>
    
    
    rcmd_process.html:129:5: Warning: inserting implicit <span>
    
    
    rcmd_process.html:129:34: Warning: inserting implicit <span>
    
    
    rcmd_process.html:129:34: Warning: missing </span> before <p>
    
    
    rcmd_process.html:129:37: Warning: inserting implicit <span>
    
    
    rcmd_process.html:138:5: Warning: inserting implicit <span>
    
    
    rcmd_process.html:140:4: Warning: inserting implicit <span>
    
    
    rcmd_process.html:144:1: Warning: inserting implicit <span>
    
    
    rcmd_process.html:144:1: Warning: missing </span> before <hr>
    
    
    rcmd_process.html:145:1: Warning: inserting implicit <span>
    
    
    rcmd_process.html:145:1: Warning: missing </span> before <h4>
    
    
    rcmd_process.html:149:5: Warning: inserting implicit <span>
    
    
    rcmd_process.html:151:4: Warning: inserting implicit <span>
    
    
    rcmd_process.html:155:1: Warning: inserting implicit <span>
    
    
    rcmd_process.html:155:1: Warning: missing </span> before <h5>
    
    
    rcmd_process.html:155:5: Warning: inserting implicit <span>
    
    
    rcmd_process.html:157:16: Warning: inserting implicit <span>
    
    
    rcmd_process.html:157:16: Warning: missing </span> before <pre>
    
    
    rcmd_process.html:161:1: Warning: inserting implicit <span>
    
    
    rcmd_process.html:161:1: Warning: missing </span> before <h4>
    
    
    rcmd_process.html:165:5: Warning: inserting implicit <span>
    
    
    rcmd_process.html:167:4: Warning: inserting implicit <span>
    
    
    rcmd_process.html:171:1: Warning: inserting implicit <span>
    
    
    rcmd_process.html:171:1: Warning: missing </span> before <h5>
    
    
    rcmd_process.html:171:5: Warning: inserting implicit <span>
    
    
    rcmd_process.html:173:16: Warning: inserting implicit <span>
    
    
    rcmd_process.html:173:16: Warning: missing </span> before <pre>
    
    
    rcmd_process.html:177:5: Warning: inserting implicit <span>
    
    
    rcmd_process.html:180:1: Warning: inserting implicit <span>
    
    
    rcmd_process.html:180:1: Warning: missing </span> before <dl>
    
    
    rcmd_process.html:182:5: Warning: inserting implicit <span>
    
    
    rcmd_process.html:182:31: Warning: inserting implicit <span>
    
    
    rcmd_process.html:182:31: Warning: missing </span> before <p>
    
    
    rcmd_process.html:182:34: Warning: inserting implicit <span>
    
    
    rcmd_process.html:191:5: Warning: inserting implicit <span>
    
    
    rcmd_process.html:118:1: Warning: trimming empty <span>
    
    
    rcmd_process.html:120:16: Warning: trimming empty <span>
    
    
    rcmd_process.html:127:1: Warning: trimming empty <span>
    
    
    rcmd_process.html:129:34: Warning: trimming empty <span>
    
    
    rcmd_process.html:144:1: Warning: trimming empty <span>
    
    
    rcmd_process.html:155:1: Warning: trimming empty <span>
    
    
    rcmd_process.html:157:16: Warning: trimming empty <span>
    
    
    rcmd_process.html:171:1: Warning: trimming empty <span>
    
    
    rcmd_process.html:173:16: Warning: trimming empty <span>
    
    
    rcmd_process.html:180:1: Warning: trimming empty <span>
    
    
    rcmd_process.html:182:31: Warning: trimming empty <span>
    
    
    rscript_process.html:56:5: Warning: missing </span> before </li>
    
    
    rscript_process.html:57:5: Warning: inserting implicit <span>
    
    
    rscript_process.html:57:5: Warning: missing </span> before </li>
    
    
    rscript_process.html:58:5: Warning: inserting implicit <span>
    
    
    rscript_process.html:58:5: Warning: missing </span> before </li>
    
    
    rscript_process.html:59:5: Warning: inserting implicit <span>
    
    
    rscript_process.html:59:5: Warning: missing </span> before </li>
    
    
    rscript_process.html:60:5: Warning: inserting implicit <span>
    
    
    rscript_process.html:60:5: Warning: missing </span> before </li>
    
    
    rscript_process.html:61:5: Warning: inserting implicit <span>
    
    
    rscript_process.html:61:5: Warning: missing </span> before </li>
    
    
    rscript_process.html:62:5: Warning: inserting implicit <span>
    
    
    rscript_process.html:62:5: Warning: missing </span> before </li>
    
    
    rscript_process.html:63:5: Warning: inserting implicit <span>
    
    
    rscript_process.html:63:5: Warning: missing </span> before </li>
    
    
    rscript_process.html:64:5: Warning: inserting implicit <span>
    
    
    rscript_process.html:64:5: Warning: missing </span> before </li>
    
    
    rscript_process.html:65:5: Warning: inserting implicit <span>
    
    
    rscript_process.html:65:5: Warning: missing </span> before </li>
    
    
    rscript_process.html:66:5: Warning: inserting implicit <span>
    
    
    rscript_process.html:66:5: Warning: missing </span> before </li>
    
    
    rscript_process.html:67:5: Warning: inserting implicit <span>
    
    
    rscript_process.html:67:5: Warning: missing </span> before </li>
    
    
    rscript_process.html:68:5: Warning: inserting implicit <span>
    
    
    rscript_process.html:68:5: Warning: missing </span> before </li>
    
    
    rscript_process.html:69:5: Warning: inserting implicit <span>
    
    
    rscript_process.html:69:5: Warning: missing </span> before </li>
    
    
    rscript_process.html:70:5: Warning: inserting implicit <span>
    
    
    rscript_process.html:70:5: Warning: missing </span> before </li>
    
    
    rscript_process.html:71:5: Warning: inserting implicit <span>
    
    
    rscript_process.html:71:5: Warning: missing </span> before </li>
    
    
    rscript_process.html:72:5: Warning: inserting implicit <span>
    
    
    rscript_process.html:72:5: Warning: missing </span> before </li>
    
    
    rscript_process.html:73:5: Warning: inserting implicit <span>
    
    
    rscript_process.html:73:5: Warning: missing </span> before </li>
    
    
    rscript_process.html:74:5: Warning: inserting implicit <span>
    
    
    rscript_process.html:74:5: Warning: missing </span> before </li>
    
    
    rscript_process.html:75:5: Warning: inserting implicit <span>
    
    
    rscript_process.html:75:5: Warning: missing </span> before </li>
    
    
    rscript_process.html:76:5: Warning: inserting implicit <span>
    
    
    rscript_process.html:76:5: Warning: missing </span> before </li>
    
    
    rscript_process.html:77:5: Warning: inserting implicit <span>
    
    
    rscript_process.html:77:5: Warning: missing </span> before </li>
    
    
    rscript_process.html:78:5: Warning: inserting implicit <span>
    
    
    rscript_process.html:78:5: Warning: missing </span> before </li>
    
    
    rscript_process.html:79:5: Warning: inserting implicit <span>
    
    
    rscript_process.html:79:5: Warning: missing </span> before </li>
    
    
    rscript_process.html:80:5: Warning: inserting implicit <span>
    
    
    rscript_process.html:80:5: Warning: missing </span> before </li>
    
    
    rscript_process.html:81:5: Warning: inserting implicit <span>
    
    
    rscript_process.html:81:5: Warning: missing </span> before </li>
    
    
    rscript_process.html:82:5: Warning: inserting implicit <span>
    
    
    rscript_process.html:82:5: Warning: missing </span> before </li>
    
    
    rscript_process.html:83:5: Warning: inserting implicit <span>
    
    
    rscript_process.html:83:5: Warning: missing </span> before </li>
    
    
    rscript_process.html:84:5: Warning: inserting implicit <span>
    
    
    rscript_process.html:84:5: Warning: missing </span> before </li>
    
    
    rscript_process.html:85:5: Warning: inserting implicit <span>
    
    
    rscript_process.html:85:5: Warning: missing </span> before </li>
    
    
    rscript_process.html:86:5: Warning: inserting implicit <span>
    
    
    rscript_process.html:86:5: Warning: missing </span> before </li>
    
    
    rscript_process.html:87:5: Warning: inserting implicit <span>
    
    
    rscript_process.html:87:5: Warning: missing </span> before </li>
    
    
    rscript_process.html:88:5: Warning: inserting implicit <span>
    
    
    rscript_process.html:88:5: Warning: missing </span> before </li>
    
    
    rscript_process.html:89:5: Warning: inserting implicit <span>
    
    
    rscript_process.html:89:5: Warning: missing </span> before </li>
    
    
    rscript_process.html:90:5: Warning: inserting implicit <span>
    
    
    rscript_process.html:90:5: Warning: missing </span> before </li>
    
    
    rscript_process.html:91:5: Warning: inserting implicit <span>
    
    
    rscript_process.html:91:5: Warning: missing </span> before </li>
    
    
    rscript_process.html:92:5: Warning: inserting implicit <span>
    
    
    rscript_process.html:92:5: Warning: missing </span> before </li>
    
    
    rscript_process.html:93:5: Warning: inserting implicit <span>
    
    
    rscript_process.html:93:5: Warning: missing </span> before </li>
    
    
    rscript_process.html:94:5: Warning: inserting implicit <span>
    
    
    rscript_process.html:94:5: Warning: missing </span> before </li>
    
    
    rscript_process.html:95:5: Warning: inserting implicit <span>
    
    
    rscript_process.html:95:5: Warning: missing </span> before </li>
    
    
    rscript_process.html:96:5: Warning: inserting implicit <span>
    
    
    rscript_process.html:96:5: Warning: missing </span> before </li>
    
    
    rscript_process.html:97:5: Warning: inserting implicit <span>
    
    
    rscript_process.html:97:5: Warning: missing </span> before </li>
    
    
    rscript_process.html:98:5: Warning: inserting implicit <span>
    
    
    rscript_process.html:98:5: Warning: missing </span> before </li>
    
    
    rscript_process.html:99:5: Warning: inserting implicit <span>
    
    
    rscript_process.html:99:5: Warning: missing </span> before </li>
    
    
    rscript_process.html:100:5: Warning: inserting implicit <span>
    
    
    rscript_process.html:100:5: Warning: missing </span> before </li>
    
    
    rscript_process.html:101:5: Warning: inserting implicit <span>
    
    
    rscript_process.html:101:5: Warning: missing </span> before </li>
    
    
    rscript_process.html:102:5: Warning: inserting implicit <span>
    
    
    rscript_process.html:102:5: Warning: missing </span> before </li>
    
    
    rscript_process.html:103:5: Warning: inserting implicit <span>
    
    
    rscript_process.html:103:5: Warning: missing </span> before </li>
    
    
    rscript_process.html:108:1: Warning: inserting implicit <span>
    
    
    rscript_process.html:108:1: Warning: missing </span> before <h4>
    
    
    rscript_process.html:112:5: Warning: inserting implicit <span>
    
    
    rscript_process.html:114:4: Warning: inserting implicit <span>
    
    
    rscript_process.html:118:1: Warning: inserting implicit <span>
    
    
    rscript_process.html:118:1: Warning: missing </span> before <h5>
    
    
    rscript_process.html:118:5: Warning: inserting implicit <span>
    
    
    rscript_process.html:120:16: Warning: inserting implicit <span>
    
    
    rscript_process.html:120:16: Warning: missing </span> before <pre>
    
    
    rscript_process.html:124:5: Warning: inserting implicit <span>
    
    
    rscript_process.html:127:1: Warning: inserting implicit <span>
    
    
    rscript_process.html:127:1: Warning: missing </span> before <dl>
    
    
    rscript_process.html:129:5: Warning: inserting implicit <span>
    
    
    rscript_process.html:129:34: Warning: inserting implicit <span>
    
    
    rscript_process.html:129:34: Warning: missing </span> before <p>
    
    
    rscript_process.html:129:37: Warning: inserting implicit <span>
    
    
    rscript_process.html:138:1: Warning: inserting implicit <span>
    
    
    rscript_process.html:138:1: Warning: missing </span> before <h4>
    
    
    rscript_process.html:142:5: Warning: inserting implicit <span>
    
    
    rscript_process.html:144:4: Warning: inserting implicit <span>
    
    
    rscript_process.html:149:1: Warning: inserting implicit <span>
    
    
    rscript_process.html:149:1: Warning: missing </span> before <h5>
    
    
    rscript_process.html:149:5: Warning: inserting implicit <span>
    
    
    rscript_process.html:151:16: Warning: inserting implicit <span>
    
    
    rscript_process.html:151:16: Warning: missing </span> before <pre>
    
    
    rscript_process.html:155:1: Warning: inserting implicit <span>
    
    
    rscript_process.html:155:1: Warning: missing </span> before <h4>
    
    
    rscript_process.html:159:5: Warning: inserting implicit <span>
    
    
    rscript_process.html:161:4: Warning: inserting implicit <span>
    
    
    rscript_process.html:165:1: Warning: inserting implicit <span>
    
    
    rscript_process.html:165:1: Warning: missing </span> before <h5>
    
    
    rscript_process.html:165:5: Warning: inserting implicit <span>
    
    
    rscript_process.html:167:16: Warning: inserting implicit <span>
    
    
    rscript_process.html:167:16: Warning: missing </span> before <pre>
    
    
    rscript_process.html:171:5: Warning: inserting implicit <span>
    
    
    rscript_process.html:174:1: Warning: inserting implicit <span>
    
    
    rscript_process.html:174:1: Warning: missing </span> before <dl>
    
    
    rscript_process.html:176:5: Warning: inserting implicit <span>
    
    
    rscript_process.html:176:31: Warning: inserting implicit <span>
    
    
    rscript_process.html:176:31: Warning: missing </span> before <p>
    
    
    rscript_process.html:176:34: Warning: inserting implicit <span>
    
    
    rscript_process.html:185:5: Warning: inserting implicit <span>
    
    
    rscript_process.html:118:1: Warning: trimming empty <span>
    
    
    rscript_process.html:120:16: Warning: trimming empty <span>
    
    
    rscript_process.html:127:1: Warning: trimming empty <span>
    
    
    rscript_process.html:129:34: Warning: trimming empty <span>
    
    
    rscript_process.html:149:1: Warning: trimming empty <span>
    
    
    rscript_process.html:151:16: Warning: trimming empty <span>
    
    
    rscript_process.html:165:1: Warning: trimming empty <span>
    
    
    rscript_process.html:167:16: Warning: trimming empty <span>
    
    
    rscript_process.html:174:1: Warning: trimming empty <span>
    
    
    rscript_process.html:176:31: Warning: trimming empty <span>
Flavor: r-devel-windows-x86_64