CRAN Package Check Results for Package campfin

Last updated on 2021-10-24 22:50:15 CEST.

Flavor Version Tinstall Tcheck Ttotal Status Flags
r-devel-linux-x86_64-debian-clang 1.0.8 9.63 81.79 91.42 OK
r-devel-linux-x86_64-debian-gcc 1.0.8 7.11 62.17 69.28 OK
r-devel-linux-x86_64-fedora-clang 1.0.8 117.83 OK
r-devel-linux-x86_64-fedora-gcc 1.0.8 107.30 OK
r-devel-windows-x86_64 1.0.8 15.00 126.00 141.00 OK
r-devel-windows-x86_64-gcc10-UCRT 1.0.8 OK
r-patched-linux-x86_64 1.0.8 9.80 76.55 86.35 OK
r-patched-solaris-x86 1.0.8 145.30 OK
r-release-linux-x86_64 1.0.8 5.92 76.18 82.10 ERROR
r-release-macos-arm64 1.0.8 OK
r-release-macos-x86_64 1.0.8 OK
r-release-windows-ix86+x86_64 1.0.8 16.00 98.00 114.00 OK
r-oldrel-macos-x86_64 1.0.8 OK
r-oldrel-windows-ix86+x86_64 1.0.8 24.00 114.00 138.00 OK

Check Details

Version: 1.0.8
Check: examples
Result: ERROR
    Running examples in ‘campfin-Ex.R’ failed
    The error most likely occurred in:
    
    > base::assign(".ptime", proc.time(), pos = "CheckExEnv")
    > ### Name: url_file_size
    > ### Title: Check a URL file size
    > ### Aliases: url_file_size
    >
    > ### ** Examples
    >
    > url_file_size("https://cran.r-project.org/bin/macosx/old/R-2.0.1.dmg")
    Error in curl::curl_fetch_memory(url, handle = handle) :
     Timeout was reached: [cran.r-project.org] Connection timed out after 10001 milliseconds
    Calls: url_file_size ... request_fetch -> request_fetch.write_memory -> <Anonymous>
    Execution halted
Flavor: r-release-linux-x86_64