CRAN Package Check Results for Package camtrapR

Last updated on 2021-10-23 22:57:42 CEST.

Flavor Version Tinstall Tcheck Ttotal Status Flags
r-devel-linux-x86_64-debian-clang 2.0.3 39.33 351.74 391.07 OK
r-devel-linux-x86_64-debian-gcc 2.0.3 29.90 263.71 293.61 OK
r-devel-linux-x86_64-fedora-clang 2.0.3 389.84 NOTE
r-devel-linux-x86_64-fedora-gcc 2.0.3 365.64 OK
r-devel-windows-x86_64 2.0.3 54.00 467.00 521.00 NOTE
r-devel-windows-x86_64-gcc10-UCRT 2.0.3 OK
r-patched-linux-x86_64 2.0.3 37.26 363.58 400.84 OK
r-patched-solaris-x86 2.0.3 429.60 NOTE --no-vignettes
r-release-linux-x86_64 2.0.3 34.13 367.03 401.16 OK
r-release-macos-arm64 2.0.3 NOTE
r-release-macos-x86_64 2.0.3 NOTE
r-release-windows-ix86+x86_64 2.0.3 4.00 8.00 12.00 ERROR
r-oldrel-macos-x86_64 2.0.3 NOTE
r-oldrel-windows-ix86+x86_64 2.0.3 47.00 286.00 333.00 NOTE

Check Details

Version: 2.0.3
Check: installed package size
Result: NOTE
     installed size is 8.6Mb
     sub-directories of 1Mb or more:
     doc 4.0Mb
     pictures 4.0Mb
Flavors: r-devel-linux-x86_64-fedora-clang, r-devel-windows-x86_64, r-release-macos-arm64, r-release-macos-x86_64, r-oldrel-macos-x86_64, r-oldrel-windows-ix86+x86_64

Version: 2.0.3
Check: Rd cross-references
Result: NOTE
    Undeclared package ‘plotrix’ in Rd xrefs
Flavor: r-devel-linux-x86_64-fedora-clang

Version: 2.0.3
Flags: --no-vignettes
Check: installed package size
Result: NOTE
     installed size is 8.7Mb
     sub-directories of 1Mb or more:
     doc 4.2Mb
     pictures 3.7Mb
Flavor: r-patched-solaris-x86

Version: 2.0.3
Check: whether package can be installed
Result: ERROR
    Installation failed.
Flavor: r-release-windows-ix86+x86_64