CRAN Package Check Results for Package camtrapR

Last updated on 2021-07-27 01:50:35 CEST.

Flavor Version Tinstall Tcheck Ttotal Status Flags
r-devel-linux-x86_64-debian-clang 2.0.3 20.94 220.60 241.54 NOTE
r-devel-linux-x86_64-debian-gcc 2.0.3 16.84 164.77 181.61 OK
r-devel-linux-x86_64-fedora-clang 2.0.3 293.86 NOTE
r-devel-linux-x86_64-fedora-gcc 2.0.3 289.89 OK
r-devel-windows-x86_64 2.0.3 30.00 286.00 316.00 NOTE
r-devel-windows-x86_64-gcc10-UCRT 2.0.3 OK
r-patched-linux-x86_64 2.0.3 17.37 209.27 226.64 OK
r-patched-solaris-x86 2.0.3 278.20 NOTE --no-vignettes
r-release-linux-x86_64 2.0.3 19.51 211.32 230.83 OK
r-release-macos-arm64 2.0.3 NOTE
r-release-macos-x86_64 2.0.3 NOTE
r-release-windows-ix86+x86_64 2.0.3 43.00 290.00 333.00 NOTE
r-oldrel-macos-x86_64 2.0.3 NOTE
r-oldrel-windows-ix86+x86_64 2.0.3 31.00 285.00 316.00 NOTE

Check Details

Version: 2.0.3
Check: package dependencies
Result: NOTE
    Package suggested but not available for checking: 'taxize'
Flavor: r-devel-linux-x86_64-debian-clang

Version: 2.0.3
Check: installed package size
Result: NOTE
     installed size is 8.6Mb
     sub-directories of 1Mb or more:
     doc 4.0Mb
     pictures 4.0Mb
Flavors: r-devel-linux-x86_64-fedora-clang, r-devel-windows-x86_64, r-release-macos-arm64, r-release-macos-x86_64, r-release-windows-ix86+x86_64, r-oldrel-macos-x86_64, r-oldrel-windows-ix86+x86_64

Version: 2.0.3
Check: Rd cross-references
Result: NOTE
    Undeclared package ‘plotrix’ in Rd xrefs
Flavor: r-devel-linux-x86_64-fedora-clang

Version: 2.0.3
Flags: --no-vignettes
Check: installed package size
Result: NOTE
     installed size is 8.7Mb
     sub-directories of 1Mb or more:
     doc 4.2Mb
     pictures 3.7Mb
Flavor: r-patched-solaris-x86