Last updated on 2024-04-19 22:55:40 CEST.
Flavor | Version | Tinstall | Tcheck | Ttotal | Status | Flags |
---|---|---|---|---|---|---|
r-devel-linux-x86_64-debian-clang | 0.1 | 9.85 | 77.18 | 87.03 | OK | |
r-devel-linux-x86_64-debian-gcc | 0.1 | OK | ||||
r-devel-linux-x86_64-fedora-clang | 0.1 | 109.71 | NOTE | |||
r-devel-linux-x86_64-fedora-gcc | 0.1 | 99.43 | NOTE | |||
r-prerel-macos-arm64 | 0.1 | 38.00 | OK | |||
r-prerel-windows-x86_64 | 0.1 | 10.00 | 70.00 | 80.00 | OK | |
r-patched-linux-x86_64 | 0.1 | 7.81 | 72.64 | 80.45 | OK | |
r-release-linux-x86_64 | 0.1 | 8.93 | 75.37 | 84.30 | OK | |
r-release-macos-arm64 | 0.1 | 32.00 | OK | |||
r-release-macos-x86_64 | 0.1 | 50.00 | OK | |||
r-release-windows-x86_64 | 0.1 | 11.00 | 83.00 | 94.00 | OK | |
r-oldrel-macos-arm64 | 0.1 | 31.00 | NOTE | |||
r-oldrel-windows-x86_64 | 0.1 | 12.00 | 89.00 | 101.00 | OK |
Version: 0.1
Check: data for non-ASCII characters
Result: NOTE
Note: found 287 marked UTF-8 strings
Flavors: r-devel-linux-x86_64-fedora-clang, r-devel-linux-x86_64-fedora-gcc, r-oldrel-macos-arm64