Last updated on 2023-09-20 21:52:45 CEST.
Flavor | Version | Tinstall | Tcheck | Ttotal | Status | Flags |
---|---|---|---|---|---|---|
r-devel-linux-x86_64-debian-clang | 1.3.0 | 11.25 | 33.82 | 45.07 | OK | |
r-devel-linux-x86_64-debian-gcc | 1.3.0 | 10.16 | 26.04 | 36.20 | OK | |
r-devel-linux-x86_64-fedora-clang | 1.3.0 | 57.33 | NOTE | |||
r-devel-linux-x86_64-fedora-gcc | 1.3.0 | 56.42 | NOTE | |||
r-devel-windows-x86_64 | 1.3.0 | 14.00 | 49.00 | 63.00 | OK | |
r-patched-linux-x86_64 | 1.3.0 | 10.58 | 32.34 | 42.92 | OK | |
r-release-linux-x86_64 | 1.3.0 | 12.81 | 31.99 | 44.80 | OK | |
r-release-macos-arm64 | 1.3.0 | 25.00 | OK | |||
r-release-macos-x86_64 | 1.3.0 | 50.00 | OK | |||
r-release-windows-x86_64 | 1.3.0 | 19.00 | 51.00 | 70.00 | OK | |
r-oldrel-macos-arm64 | 1.3.0 | 30.00 | OK | |||
r-oldrel-macos-x86_64 | 1.3.0 | 37.00 | OK | |||
r-oldrel-windows-x86_64 | 1.3.0 | 17.00 | 53.00 | 70.00 | OK |
Version: 1.3.0
Check: dependencies in R code
Result: NOTE
Namespace in Imports field not imported from: ‘sf’
All declared Imports should be used.
Flavors: r-devel-linux-x86_64-fedora-clang, r-devel-linux-x86_64-fedora-gcc
Version: 1.3.0
Check: data for non-ASCII characters
Result: NOTE
Note: found 2992 marked UTF-8 strings
Flavors: r-devel-linux-x86_64-fedora-clang, r-devel-linux-x86_64-fedora-gcc