CRAN Package Check Results for Package cancensus

Last updated on 2021-05-13 22:50:52 CEST.

Flavor Version Tinstall Tcheck Ttotal Status Flags
r-devel-linux-x86_64-debian-clang 0.4.2 5.45 67.97 73.42 OK
r-devel-linux-x86_64-debian-gcc 0.4.2 4.15 51.00 55.15 OK
r-devel-linux-x86_64-fedora-clang 0.4.2 95.41 NOTE
r-devel-linux-x86_64-fedora-gcc 0.4.2 83.70 NOTE
r-devel-windows-ix86+x86_64 0.4.2 14.00 78.00 92.00 OK
r-devel-windows-x86_64-gcc10-UCRT 0.4.2 NOTE
r-patched-linux-x86_64 0.4.2 4.42 64.11 68.53 OK
r-patched-solaris-x86 0.4.2 118.40 NOTE
r-release-linux-x86_64 0.4.2 4.44 63.51 67.95 OK
r-release-macos-x86_64 0.4.2 NOTE
r-release-windows-ix86+x86_64 0.4.2 11.00 93.00 104.00 OK
r-oldrel-macos-x86_64 0.4.2 NOTE
r-oldrel-windows-ix86+x86_64 0.4.2 11.00 108.00 119.00 OK

Check Details

Version: 0.4.2
Check: data for non-ASCII characters
Result: NOTE
     Note: found 23 marked UTF-8 strings
Flavors: r-devel-linux-x86_64-fedora-clang, r-devel-linux-x86_64-fedora-gcc, r-devel-windows-x86_64-gcc10-UCRT, r-patched-solaris-x86, r-release-macos-x86_64, r-oldrel-macos-x86_64