CRAN Package Check Results for Package care

Last updated on 2021-06-19 22:56:23 CEST.

Flavor Version Tinstall Tcheck Ttotal Status Flags
r-devel-linux-x86_64-debian-clang 1.1.10 2.14 24.24 26.38 OK
r-devel-linux-x86_64-debian-gcc 1.1.10 1.52 19.16 20.68 OK
r-devel-linux-x86_64-fedora-clang 1.1.10 40.73 NOTE
r-devel-linux-x86_64-fedora-gcc 1.1.10 30.49 OK
r-devel-windows-x86_64 1.1.10 4.00 36.00 40.00 OK
r-devel-windows-x86_64-gcc10-UCRT 1.1.10 OK
r-patched-linux-x86_64 1.1.10 2.31 23.40 25.71 OK
r-patched-solaris-x86 1.1.10 47.00 OK
r-release-linux-x86_64 1.1.10 2.13 23.36 25.49 OK
r-release-macos-arm64 1.1.10 OK
r-release-macos-x86_64 1.1.10 OK
r-release-windows-ix86+x86_64 1.1.10 5.00 33.00 38.00 OK
r-oldrel-macos-x86_64 1.1.10 OK
r-oldrel-windows-ix86+x86_64 1.1.10 4.00 38.00 42.00 OK

Check Details

Version: 1.1.10
Check: Rd cross-references
Result: NOTE
    Undeclared package ‘sda’ in Rd xrefs
Flavor: r-devel-linux-x86_64-fedora-clang