CRAN Package Check Results for Package cascadess

Last updated on 2021-12-03 22:57:35 CET.

Flavor Version Tinstall Tcheck Ttotal Status Flags
r-devel-linux-x86_64-debian-clang 0.1.0 3.40 39.01 42.41 NOTE
r-devel-linux-x86_64-debian-gcc 0.1.0 2.57 30.51 33.08 NOTE
r-devel-linux-x86_64-fedora-clang 0.1.0 60.86 NOTE
r-devel-linux-x86_64-fedora-gcc 0.1.0 50.07 NOTE
r-devel-windows-x86_64-new-UL 0.1.0 13.00 78.00 91.00 NOTE
r-devel-windows-x86_64-new-TK 0.1.0 NOTE
r-devel-windows-x86_64-old 0.1.0 8.00 45.00 53.00 NOTE
r-patched-linux-x86_64 0.1.0 3.64 37.00 40.64 NOTE
r-release-linux-x86_64 0.1.0 2.97 37.66 40.63 NOTE
r-release-macos-arm64 0.1.0 NOTE
r-release-macos-x86_64 0.1.0 NOTE
r-release-windows-ix86+x86_64 0.1.0 10.00 61.00 71.00 NOTE
r-oldrel-macos-x86_64 0.1.0 OK
r-oldrel-windows-ix86+x86_64 0.1.0 9.00 63.00 72.00 OK

Check Details

Version: 0.1.0
Check: LazyData
Result: NOTE
     'LazyData' is specified without a 'data' directory
Flavors: r-devel-linux-x86_64-debian-clang, r-devel-linux-x86_64-debian-gcc, r-devel-linux-x86_64-fedora-clang, r-devel-linux-x86_64-fedora-gcc, r-devel-windows-x86_64-new-UL, r-devel-windows-x86_64-new-TK, r-devel-windows-x86_64-old, r-patched-linux-x86_64, r-release-linux-x86_64, r-release-macos-arm64, r-release-macos-x86_64, r-release-windows-ix86+x86_64