CRAN Package Check Results for Package casebase

Last updated on 2021-12-08 22:57:31 CET.

Flavor Version Tinstall Tcheck Ttotal Status Flags
r-devel-linux-x86_64-debian-clang 0.10.1 13.12 361.26 374.38 OK
r-devel-linux-x86_64-debian-gcc 0.10.1 11.28 258.83 270.11 OK
r-devel-linux-x86_64-fedora-clang 0.10.1 424.52 NOTE
r-devel-linux-x86_64-fedora-gcc 0.10.1 421.23 OK
r-devel-windows-x86_64-new-UL 0.10.1 28.00 422.00 450.00 NOTE
r-devel-windows-x86_64-new-TK 0.10.1 OK
r-devel-windows-x86_64-old 0.10.1 21.00 412.00 433.00 NOTE
r-patched-linux-x86_64 0.10.1 16.95 347.67 364.62 OK
r-release-linux-x86_64 0.10.1 13.30 349.49 362.79 OK
r-release-macos-arm64 0.10.1 NOTE
r-release-macos-x86_64 0.10.1 NOTE
r-release-windows-ix86+x86_64 0.10.1 20.00 402.00 422.00 NOTE
r-oldrel-macos-x86_64 0.10.1 NOTE
r-oldrel-windows-ix86+x86_64 0.10.1 30.00 403.00 433.00 NOTE

Check Details

Version: 0.10.1
Check: installed package size
Result: NOTE
     installed size is 6.5Mb
     sub-directories of 1Mb or more:
     doc 5.2Mb
Flavors: r-devel-linux-x86_64-fedora-clang, r-devel-windows-x86_64-new-UL, r-devel-windows-x86_64-old, r-release-macos-arm64, r-release-macos-x86_64, r-release-windows-ix86+x86_64, r-oldrel-macos-x86_64, r-oldrel-windows-ix86+x86_64